{"id":2919,"date":"2023-04-24T07:59:24","date_gmt":"2023-04-24T09:59:24","guid":{"rendered":"https:\/\/apotekar-online.rs\/?post_type=product&#038;p=2919"},"modified":"2026-03-05T08:20:23","modified_gmt":"2026-03-05T10:20:23","slug":"curaprox-kids-cetkica","status":"publish","type":"product","link":"https:\/\/apotekar-online.rs\/en\/p\/curaprox-kids-cetkica\/","title":{"rendered":"Curaprox kids brush"},"content":{"rendered":"","protected":false},"excerpt":{"rendered":"<p>Mala glava \u010detkice sa vi\u0161e od 5.500 vlakana.<\/p>\n<p>Kada mali\u0161anima izrastu svi mle\u010dni zubi, to je obi\u010dno znak da im je potrebna malo vec\u0301a, ali jo\u0161 uvek dovoljno mala \u010detkica sa izuzetno mekanim i gustim vlaknima.<br \/>\nCuraprox kids \u010detkice imaju malu glavu koja dose\u017ee do te\u017ee dostupnih mesta u ustima. Vi\u0161e od 5.000 ultra mekanih Curen\u00ae vlakana je pri\u010dvr\u0161c\u0301eno za glavu \u010detkice kako bi omogu\u0107ilo ne\u017eno i efikasno \u010di\u0161c\u0301enje zuba, \u010dak i na ivici izme\u0111u zuba i desni, gde plak izaziva najvi\u0161e problema.<\/p>\n<p>Curaprox kids \u010detkice namenjene su mali\u0161anima uzrasta od 4 do 12 godina.<\/p>\n<p>Osmougaona dr\u0161ka omogu\u0107ava jednostavnije dr\u017eanje i poma\u017ee pri \u010di\u0161c\u0301enju pod pravim uglom.<\/p>\n<p>Curaprox kids \u010detkica za zube ima:<\/p>\n<ul>\n<li>\u00a0 Malu glava koja dopire i do te\u017ee dostupnih mesta<\/li>\n<li>\u00a0 5.500 izuzetno mekih Curen\u00ae vlakana pre\u010dnika 0,08 mm<\/li>\n<li>\u00a0 Osmougaona dr\u0161ka za dr\u017eanje i \u010detkanje<\/li>\n<\/ul>\n<p>Manufacturer: Curaden International AG, Switzerland.<\/p>\n<p><strong>Note:<\/strong>\u00a0We strive to be as accurate as possible in the description of all products, but we cannot guarantee that all descriptions are complete and error-free. Thank you for your understanding.<br \/>\nAll items shown on the site are part of our offer, but it does not imply that they are available at all times.<\/p>","protected":false},"featured_media":2923,"template":"","meta":[],"product_brand":[],"product_cat":[340,224],"product_tag":[462,379,409,411],"class_list":{"0":"post-2919","1":"product","2":"type-product","3":"status-publish","4":"has-post-thumbnail","6":"product_cat-deciji-program","7":"product_cat-kozmetika-za-decu","8":"product_tag-cetkice-za-zube","9":"product_tag-higijena-zuba","10":"product_tag-kozmetika-za-decu","11":"product_tag-nega-dece","12":"pa_brend-curaprox","14":"first","15":"instock","16":"shipping-taxable","17":"purchasable","18":"product-type-simple"},"ams_default_variation_id":0,"ams_product_points_reward":[],"ams_product_discount_percentage":0,"ams_price_to_display":640,"ams_acf":[],"jetpack_sharing_enabled":true,"_links":{"self":[{"href":"https:\/\/apotekar-online.rs\/en\/wp-json\/wp\/v2\/product\/2919","targetHints":{"allow":["GET"]}}],"collection":[{"href":"https:\/\/apotekar-online.rs\/en\/wp-json\/wp\/v2\/product"}],"about":[{"href":"https:\/\/apotekar-online.rs\/en\/wp-json\/wp\/v2\/types\/product"}],"wp:featuredmedia":[{"embeddable":true,"href":"https:\/\/apotekar-online.rs\/en\/wp-json\/wp\/v2\/media\/2923"}],"wp:attachment":[{"href":"https:\/\/apotekar-online.rs\/en\/wp-json\/wp\/v2\/media?parent=2919"}],"wp:term":[{"taxonomy":"product_brand","embeddable":true,"href":"https:\/\/apotekar-online.rs\/en\/wp-json\/wp\/v2\/product_brand?post=2919"},{"taxonomy":"product_cat","embeddable":true,"href":"https:\/\/apotekar-online.rs\/en\/wp-json\/wp\/v2\/product_cat?post=2919"},{"taxonomy":"product_tag","embeddable":true,"href":"https:\/\/apotekar-online.rs\/en\/wp-json\/wp\/v2\/product_tag?post=2919"}],"curies":[{"name":"wp","href":"https:\/\/api.w.org\/{rel}","templated":true}]}}

<p>Mala glava četkice sa više od 5.500 vlakana.</p>
<p>Kada mališanima izrastu svi mlečni zubi, to je obično znak da im je potrebna malo veća, ali još uvek dovoljno mala četkica sa izuzetno mekanim i gustim vlaknima.<br />
Curaprox kids četkice imaju malu glavu koja doseže do teže dostupnih mesta u ustima. Više od 5.000 ultra mekanih Curen® vlakana je pričvršćeno za glavu četkice kako bi omogućilo nežno i efikasno čišćenje zuba, čak i na ivici između zuba i desni, gde plak izaziva najviše problema.</p>
<p>Curaprox kids četkice namenjene su mališanima uzrasta od 4 do 12 godina.</p>
<p>Osmougaona drška omogućava jednostavnije držanje i pomaže pri čišćenju pod pravim uglom.</p>
<p>Curaprox kids četkica za zube ima:</p>
<ul>
<li>  Malu glava koja dopire i do teže dostupnih mesta</li>
<li>  5.500 izuzetno mekih Curen® vlakana prečnika 0,08 mm</li>
<li>  Osmougaona drška za držanje i četkanje</li>
</ul>
<p>Manufacturer: Curaden International AG, Switzerland.</p>
<p><strong>Note:</strong> We strive to be as accurate as possible in the description of all products, but we cannot guarantee that all descriptions are complete and error-free. Thank you for your understanding.<br />
All items shown on the site are part of our offer, but it does not imply that they are available at all times.</p>
