{"id":1879,"date":"2022-09-27T13:44:51","date_gmt":"2022-09-27T13:44:51","guid":{"rendered":"https:\/\/apotekar-online.rs\/?page_id=1879"},"modified":"2022-09-29T10:31:51","modified_gmt":"2022-09-29T10:31:51","slug":"kilepesi-jog","status":"publish","type":"page","link":"https:\/\/apotekar-online.rs\/hu\/pravo-na-odustajanje\/","title":{"rendered":"El\u00e1ll\u00e1si jog"},"content":{"rendered":"<p><strong>A fogyaszt\u00f3v\u00e9delmi t\u00f6rv\u00e9nnyel (Sl.gl.RS no. 62\/2014) \u00f6sszhangban t\u00e1j\u00e9koztatjuk \u00d6nt, hogy \u00d6nnek jog\u00e1ban \u00e1ll indokl\u00e1s n\u00e9lk\u00fcl el\u00e1llni a szerz\u0151d\u00e9st\u0151l az \u00e1ru \u00e1tv\u00e9tel\u00e9nek napj\u00e1t\u00f3l sz\u00e1m\u00edtott 14 napon bel\u00fcl. fut\u00e1rszolg\u00e1lat.<\/strong><\/p>\n\n\n\n<p>Let\u00f6ltheti az el\u00e1ll\u00e1si nyilatkozatot\u00a0<a href=\"https:\/\/apotekar-online.rs\/wp-content\/uploads\/2022\/09\/LJUBICA-MOMCILOVIC-PR-KALITEA-reklamacioni-list.pdf\">ITT<\/a>\u00a0.<\/p>\n\n\n\n<p>E-mailben is felveheti vel\u00fcnk a kapcsolatot a c\u00edmen<em>kalitea.online@gmail.com&nbsp;<\/em>vagy h\u00edvja a sz\u00e1mot&nbsp;<em>023\/815-105&nbsp;<\/em>Rendelkez\u00e9sre kell \u00e1llnia a visszak\u00fcldeni k\u00edv\u00e1nt term\u00e9kekr\u0151l \u00e9s a rendel\u00e9si sz\u00e1mr\u00f3l, majd e-mailben kap egy el\u00e1ll\u00e1si nyilatkozatot, amelyet kit\u00f6ltve a term\u00e9kkel egy\u00fctt el kell k\u00fcldenie a k\u00f6vetkez\u0151 c\u00edmre:&nbsp;<em><u>Kalitea Gy\u00f3gyszert\u00e1r, Ko\u0161ut Lajo\u0161a 14a Nova Crnja.<\/u><\/em><\/p>\n\n\n\n<ul class=\"wp-block-list\"><li>A fogyaszt\u00f3nak jog\u00e1ban \u00e1ll el\u00e1llni a t\u00e1vollev\u0151kben, azaz \u00fczlethelyis\u00e9gen k\u00edv\u00fcl k\u00f6t\u00f6tt szerz\u0151d\u00e9st\u0151l a szerz\u0151d\u00e9st\u0151l val\u00f3 el\u00e1ll\u00e1si nyilatkozattal, ha azt az \u00e1ru orsz\u00e1g\u00e1ba val\u00f3 meg\u00e9rkez\u00e9s\u00e9t\u0151l sz\u00e1m\u00edtott 14 napon bel\u00fcl megk\u00fcldi a keresked\u0151nek. a fogyaszt\u00f3, azaz a fogyaszt\u00f3 \u00e1ltal kijel\u00f6lt harmadik f\u00e9l, aki nem a fuvaroz\u00f3.<\/li><li>A szerz\u0151d\u00e9st\u0151l val\u00f3 el\u00e1ll\u00e1si nyilatkozat a keresked\u0151 r\u00e9sz\u00e9re t\u00f6rt\u00e9n\u0151 megk\u00fcld\u00e9s\u00e9t\u0151l kezdve joghat\u00e1ssal j\u00e1r. Az el\u00e1ll\u00e1si nyilatkozat elk\u00fcld\u00e9s\u00e9nek napj\u00e1t\u00f3l sz\u00e1m\u00edtott 14 nap eltelt\u00e9vel a term\u00e9k m\u00e1r nem k\u00fcldhet\u0151 vissza.<\/li><li>A szerz\u0151d\u00e9st\u0151l val\u00f3 el\u00e1ll\u00e1ssal mentes\u00fcl minden k\u00f6telezetts\u00e9g al\u00f3l, kiv\u00e9ve&nbsp;<strong>az \u00e1ruk felad\u00e1s\u00e1val kapcsolatos k\u00f6lts\u00e9gek fizet\u00e9si k\u00f6telezetts\u00e9gei<\/strong>&nbsp;amely a szerz\u0151d\u00e9st\u0151l val\u00f3 el\u00e1ll\u00e1s miatt visszaker\u00fcl.&nbsp;<strong>A term\u00e9keknek fel nem haszn\u00e1ltnak, s\u00e9rtetlennek \u00e9s eredeti csomagol\u00e1sban kell lenni\u00fck, csatolni kell az eredeti sz\u00e1ml\u00e1t \u00e9s a nyomtatv\u00e1nyt - szerz\u0151d\u00e9st\u0151l val\u00f3 el\u00e1ll\u00e1si nyilatkozatot.<\/strong><\/li><li><em>A term\u00e9k \u00e1tv\u00e9telekor ker\u00fcl meg\u00e1llap\u00edt\u00e1sra, hogy a term\u00e9k megfelel\u0151-e \u00e9s s\u00e9rtetlen-e. A vev\u0151 felel\u0151s a term\u00e9k meghib\u00e1sod\u00e1s\u00e1\u00e9rt vagy k\u00e1rosod\u00e1s\u00e1\u00e9rt, amely a term\u00e9k nem megfelel\u0151 kezel\u00e9s\u00e9b\u0151l ered, pl. A vev\u0151 kiz\u00e1r\u00f3lagos felel\u0151ss\u00e9ggel tartozik a term\u00e9k \u00e9rt\u00e9kcs\u00f6kken\u00e9s\u00e9\u00e9rt, amely az \u00e1ru nem megfelel\u0151, azaz jelleg\u00e9nek, tulajdons\u00e1gainak \u00e9s m\u0171k\u00f6d\u0151k\u00e9pess\u00e9g\u00e9nek meg\u00e1llap\u00edt\u00e1s\u00e1hoz sz\u00fcks\u00e9ges m\u00e9rt\u00e9ket meghalad\u00f3 kezel\u00e9s\u00e9b\u0151l ad\u00f3dik. Amennyiben meg\u00e1llap\u00edt\u00e1st nyer, hogy a term\u00e9k hib\u00e1s vagy a v\u00e1s\u00e1rl\u00f3 hib\u00e1j\u00e1b\u00f3l s\u00e9r\u00fclt, az \u00e1r visszat\u00e9r\u00edt\u00e9s\u00e9t megtagadjuk, \u00e9s a term\u00e9ket az \u0151 k\u00f6lts\u00e9g\u00e9re visszak\u00fcldj\u00fck.<\/em><\/li><li>A fogyaszt\u00f3v\u00e9delmi t\u00f6rv\u00e9ny 33. cikke<\/li><li>Ha a fogyaszt\u00f3 \u00e9l a szerz\u0151d\u00e9st\u0151l val\u00f3 el\u00e1ll\u00e1si jog\u00e1val, akkor \u00fagy kell tekinteni, hogy a szerz\u0151d\u00e9s meg sem j\u00f6tt, \u00e9s a jelen t\u00f6rv\u00e9ny 34. \u00e9s 35. \u00a7-\u00e1ban foglalt k\u00f6telezetts\u00e9gek keletkeznek.<\/li><li><strong>A keresked\u0151 k\u00f6teles a fogyaszt\u00f3 \u00e1ltal a szerz\u0151d\u00e9s alapj\u00e1n kifizetett \u00f6sszeget halad\u00e9ktalanul, de legk\u00e9s\u0151bb az el\u00e1ll\u00e1si nyilatkozat k\u00e9zhezv\u00e9tel\u00e9t\u0151l, valamint a term\u00e9k \u00e1tv\u00e9tel\u00e9t\u0151l sz\u00e1m\u00edtott 14 napon bel\u00fcl visszak\u00fcldeni a fogyaszt\u00f3nak.<\/strong>&nbsp;Az \u00fczlethelyis\u00e9gen k\u00edv\u00fcl vagy t\u00e1volr\u00f3l k\u00f6t\u00f6tt \u00e1ru ad\u00e1sv\u00e9teli szerz\u0151d\u00e9se eset\u00e9n a keresked\u0151 k\u00f6teles visszaadni a fogyaszt\u00f3nak a szerz\u0151d\u00e9s alapj\u00e1n kifizetett p\u00e9nzeszk\u00f6zt, amikor \u00e1tveszi vagy \u00e1tveszi az \u00e1ltala \u00e1tadott \u00e1rut. a fogyaszt\u00f3 a szerz\u0151d\u00e9s alapj\u00e1n, azaz amikor igazol\u00e1st kap arr\u00f3l, hogy a fogyaszt\u00f3 elk\u00fcldte az \u00e1rut a keresked\u0151nek, f\u00fcggetlen\u00fcl att\u00f3l, hogy a fogyaszt\u00f3 ezek k\u00f6z\u00fcl melyiket tette meg el\u0151sz\u00f6r.<\/li><\/ul>","protected":false},"excerpt":{"rendered":"<p>U skladu sa Zakonom o za\u0161titi potro\u0161a\u010da (Sl.gl.RS br.62\/2014), obave\u0161tavamo vas da imate pravo da bez navo\u0111enja razloga odustanete od ugovora u roku od 14 dana od dana prijema robe od kurirske slu\u017ebe. Izjavu o odustanku mo\u017eete preuzeti\u00a0OVDE\u00a0. Mo\u017eete nas i kontaktirati putem e-maila nakalitea.online@gmail.com&nbsp;ili pozivom na broj&nbsp;023\/815-105&nbsp;Potrebno je imate spremne informacije o artiklima koje [&hellip;]<\/p>\n","protected":false},"author":1,"featured_media":0,"parent":0,"menu_order":0,"comment_status":"closed","ping_status":"closed","template":"","meta":{"footnotes":""},"class_list":["post-1879","page","type-page","status-publish","hentry"],"ams_acf":[],"jetpack_sharing_enabled":true,"_links":{"self":[{"href":"https:\/\/apotekar-online.rs\/hu\/wp-json\/wp\/v2\/pages\/1879","targetHints":{"allow":["GET"]}}],"collection":[{"href":"https:\/\/apotekar-online.rs\/hu\/wp-json\/wp\/v2\/pages"}],"about":[{"href":"https:\/\/apotekar-online.rs\/hu\/wp-json\/wp\/v2\/types\/page"}],"author":[{"embeddable":true,"href":"https:\/\/apotekar-online.rs\/hu\/wp-json\/wp\/v2\/users\/1"}],"replies":[{"embeddable":true,"href":"https:\/\/apotekar-online.rs\/hu\/wp-json\/wp\/v2\/comments?post=1879"}],"version-history":[{"count":2,"href":"https:\/\/apotekar-online.rs\/hu\/wp-json\/wp\/v2\/pages\/1879\/revisions"}],"predecessor-version":[{"id":1900,"href":"https:\/\/apotekar-online.rs\/hu\/wp-json\/wp\/v2\/pages\/1879\/revisions\/1900"}],"wp:attachment":[{"href":"https:\/\/apotekar-online.rs\/hu\/wp-json\/wp\/v2\/media?parent=1879"}],"curies":[{"name":"wp","href":"https:\/\/api.w.org\/{rel}","templated":true}]}}

Elállási jog

<p><strong>A fogyasztóvédelmi törvénnyel (Sl.gl.RS no. 62/2014) összhangban tájékoztatjuk Önt, hogy Önnek jogában áll indoklás nélkül elállni a szerződéstől az áru átvételének napjától számított 14 napon belül. futárszolgálat.</strong></p>



<p>Letöltheti az elállási nyilatkozatot <a href="https://apotekar-online.rs/wp-content/uploads/2022/09/LJUBICA-MOMCILOVIC-PR-KALITEA-reklamacioni-list.pdf">ITT</a> .</p>



<p>E-mailben is felveheti velünk a kapcsolatot a címen<em>kalitea.online@gmail.com&nbsp;</em>vagy hívja a számot&nbsp;<em>023/815-105&nbsp;</em>Rendelkezésre kell állnia a visszaküldeni kívánt termékekről és a rendelési számról, majd e-mailben kap egy elállási nyilatkozatot, amelyet kitöltve a termékkel együtt el kell küldenie a következő címre:&nbsp;<em><u>Kalitea Gyógyszertár, Košut Lajoša 14a Nova Crnja.</u></em></p>



<ul class="wp-block-list"><li>A fogyasztónak jogában áll elállni a távollevőkben, azaz üzlethelyiségen kívül kötött szerződéstől a szerződéstől való elállási nyilatkozattal, ha azt az áru országába való megérkezésétől számított 14 napon belül megküldi a kereskedőnek. a fogyasztó, azaz a fogyasztó által kijelölt harmadik fél, aki nem a fuvarozó.</li><li>A szerződéstől való elállási nyilatkozat a kereskedő részére történő megküldésétől kezdve joghatással jár. Az elállási nyilatkozat elküldésének napjától számított 14 nap elteltével a termék már nem küldhető vissza.</li><li>A szerződéstől való elállással mentesül minden kötelezettség alól, kivéve&nbsp;<strong>az áruk feladásával kapcsolatos költségek fizetési kötelezettségei</strong>&nbsp;amely a szerződéstől való elállás miatt visszakerül.&nbsp;<strong>A termékeknek fel nem használtnak, sértetlennek és eredeti csomagolásban kell lenniük, csatolni kell az eredeti számlát és a nyomtatványt - szerződéstől való elállási nyilatkozatot.</strong></li><li><em>A termék átvételekor kerül megállapításra, hogy a termék megfelelő-e és sértetlen-e. A vevő felelős a termék meghibásodásáért vagy károsodásáért, amely a termék nem megfelelő kezeléséből ered, pl. A vevő kizárólagos felelősséggel tartozik a termék értékcsökkenéséért, amely az áru nem megfelelő, azaz jellegének, tulajdonságainak és működőképességének megállapításához szükséges mértéket meghaladó kezeléséből adódik. Amennyiben megállapítást nyer, hogy a termék hibás vagy a vásárló hibájából sérült, az ár visszatérítését megtagadjuk, és a terméket az ő költségére visszaküldjük.</em></li><li>A fogyasztóvédelmi törvény 33. cikke</li><li>Ha a fogyasztó él a szerződéstől való elállási jogával, akkor úgy kell tekinteni, hogy a szerződés meg sem jött, és a jelen törvény 34. és 35. §-ában foglalt kötelezettségek keletkeznek.</li><li><strong>A kereskedő köteles a fogyasztó által a szerződés alapján kifizetett összeget haladéktalanul, de legkésőbb az elállási nyilatkozat kézhezvételétől, valamint a termék átvételétől számított 14 napon belül visszaküldeni a fogyasztónak.</strong>&nbsp;Az üzlethelyiségen kívül vagy távolról kötött áru adásvételi szerződése esetén a kereskedő köteles visszaadni a fogyasztónak a szerződés alapján kifizetett pénzeszközt, amikor átveszi vagy átveszi az általa átadott árut. a fogyasztó a szerződés alapján, azaz amikor igazolást kap arról, hogy a fogyasztó elküldte az árut a kereskedőnek, függetlenül attól, hogy a fogyasztó ezek közül melyiket tette meg először.</li></ul>

<p>U skladu sa Zakonom o zaštiti potrošača (Sl.gl.RS br.62/2014), obaveštavamo vas da imate pravo da bez navođenja razloga odustanete od ugovora u roku od 14 dana od dana prijema robe od kurirske službe. Izjavu o odustanku možete preuzeti OVDE . Možete nas i kontaktirati putem e-maila nakalitea.online@gmail.com&nbsp;ili pozivom na broj&nbsp;023/815-105&nbsp;Potrebno je imate spremne informacije o artiklima koje [&hellip;]</p>
