{"id":1046,"date":"2022-07-12T09:59:28","date_gmt":"2022-07-12T09:59:28","guid":{"rendered":"https:\/\/apotekar-online.rs\/product\/ferro-c-sirup-200ml\/"},"modified":"2026-03-05T08:23:27","modified_gmt":"2026-03-05T10:23:27","slug":"ferro-c-szirup-200-ml","status":"publish","type":"product","link":"https:\/\/apotekar-online.rs\/hu\/p\/ferro-c-sirup-200ml\/","title":{"rendered":"Ferro C szirup 200 ml"},"content":{"rendered":"","protected":false},"excerpt":{"rendered":"<p>\u00c9trend-kieg\u00e9sz\u00edt\u0151 gyermekeknek \u00e9s feln\u0151tteknek n\u00f6v\u00e9nyi kivonatokkal, \u00e1sv\u00e1nyi anyagokkal: vassal, cinkkel \u00e9s r\u00e9zzel, valamint vitaminokkal: C \u00e9s B12.<br \/>\nA vas \u00e9s a B12-vitamin hozz\u00e1j\u00e1rul a v\u00f6r\u00f6sv\u00e9rtestek norm\u00e1l k\u00e9pz\u0151d\u00e9s\u00e9hez. A vas hozz\u00e1j\u00e1rul a hemogoblin norm\u00e1l k\u00e9pz\u0151d\u00e9s\u00e9hez. A r\u00e9z hozz\u00e1j\u00e1rul a vas norm\u00e1l sz\u00e1ll\u00edt\u00e1s\u00e1hoz a szervezetben. A C-vitamin fokozza a vas felsz\u00edv\u00f3d\u00e1s\u00e1t.<\/p>\n<p><strong>Adagol\u00e1s \u00e9s felhaszn\u00e1l\u00e1si m\u00f3d<\/strong><br \/>\nGyermekek 1-3 \u00e9ves korig: 15 ml naponta csak orvos vagy gy\u00f3gyszer\u00e9sz javaslat\u00e1ra.<br \/>\n3-12 \u00e9ves gyermekek: 15 ml naponta 1-2 alkalommal.<br \/>\nM\u00e9rje meg az adagot a mell\u00e9kelt m\u0171anyag m\u00e9r\u0151poh\u00e1rral.<br \/>\nA k\u00e9sz\u00edtm\u00e9nyt a legjobb \u00e9tkez\u00e9s el\u0151tt haszn\u00e1lni.<br \/>\nHaszn\u00e1lat el\u0151tt r\u00e1zza fel. \u00fcled\u00e9k jelenhet meg a term\u00e9kben. A k\u00e9sz\u00edtm\u00e9nyt egy poh\u00e1r v\u00edzben, te\u00e1ban vagy gy\u00fcm\u00f6lcsl\u00e9ben feloldva haszn\u00e1lhatjuk.<\/p>\n<p><strong>Jegyzet:<\/strong>\u00a0Arra t\u00f6reksz\u00fcnk, hogy minden term\u00e9k le\u00edr\u00e1s\u00e1n\u00e1l a lehet\u0151 legpontosabbak legy\u00fcnk, de nem tudjuk garant\u00e1lni, hogy minden le\u00edr\u00e1s teljes \u00e9s hibamentes. K\u00f6sz\u00f6n\u00f6m a meg\u00e9rt\u00e9st.<br \/>\nAz oldalon felt\u00fcntetett \u00f6sszes elem k\u00edn\u00e1latunk r\u00e9sz\u00e9t k\u00e9pezi, de ez nem jelenti azt, hogy mindenkor el\u00e9rhet\u0151.<\/p>","protected":false},"featured_media":1047,"template":"","meta":[],"product_brand":[],"product_cat":[340,127],"product_tag":[],"class_list":{"0":"post-1046","1":"product","2":"type-product","3":"status-publish","4":"has-post-thumbnail","6":"product_cat-deciji-program","7":"product_cat-vitamini-i-minerali-za-decu","8":"pa_brend-pharmalife","10":"first","11":"instock","12":"purchasable","13":"product-type-simple"},"ams_default_variation_id":0,"ams_product_points_reward":[],"ams_product_discount_percentage":0,"ams_price_to_display":900,"ams_acf":[],"jetpack_sharing_enabled":true,"_links":{"self":[{"href":"https:\/\/apotekar-online.rs\/hu\/wp-json\/wp\/v2\/product\/1046","targetHints":{"allow":["GET"]}}],"collection":[{"href":"https:\/\/apotekar-online.rs\/hu\/wp-json\/wp\/v2\/product"}],"about":[{"href":"https:\/\/apotekar-online.rs\/hu\/wp-json\/wp\/v2\/types\/product"}],"wp:featuredmedia":[{"embeddable":true,"href":"https:\/\/apotekar-online.rs\/hu\/wp-json\/wp\/v2\/media\/1047"}],"wp:attachment":[{"href":"https:\/\/apotekar-online.rs\/hu\/wp-json\/wp\/v2\/media?parent=1046"}],"wp:term":[{"taxonomy":"product_brand","embeddable":true,"href":"https:\/\/apotekar-online.rs\/hu\/wp-json\/wp\/v2\/product_brand?post=1046"},{"taxonomy":"product_cat","embeddable":true,"href":"https:\/\/apotekar-online.rs\/hu\/wp-json\/wp\/v2\/product_cat?post=1046"},{"taxonomy":"product_tag","embeddable":true,"href":"https:\/\/apotekar-online.rs\/hu\/wp-json\/wp\/v2\/product_tag?post=1046"}],"curies":[{"name":"wp","href":"https:\/\/api.w.org\/{rel}","templated":true}]}}

<p>Étrend-kiegészítő gyermekeknek és felnőtteknek növényi kivonatokkal, ásványi anyagokkal: vassal, cinkkel és rézzel, valamint vitaminokkal: C és B12.<br />
A vas és a B12-vitamin hozzájárul a vörösvértestek normál képződéséhez. A vas hozzájárul a hemogoblin normál képződéséhez. A réz hozzájárul a vas normál szállításához a szervezetben. A C-vitamin fokozza a vas felszívódását.</p>
<p><strong>Adagolás és felhasználási mód</strong><br />
Gyermekek 1-3 éves korig: 15 ml naponta csak orvos vagy gyógyszerész javaslatára.<br />
3-12 éves gyermekek: 15 ml naponta 1-2 alkalommal.<br />
Mérje meg az adagot a mellékelt műanyag mérőpohárral.<br />
A készítményt a legjobb étkezés előtt használni.<br />
Használat előtt rázza fel. üledék jelenhet meg a termékben. A készítményt egy pohár vízben, teában vagy gyümölcslében feloldva használhatjuk.</p>
<p><strong>Jegyzet:</strong> Arra törekszünk, hogy minden termék leírásánál a lehető legpontosabbak legyünk, de nem tudjuk garantálni, hogy minden leírás teljes és hibamentes. Köszönöm a megértést.<br />
Az oldalon feltüntetett összes elem kínálatunk részét képezi, de ez nem jelenti azt, hogy mindenkor elérhető.</p>
