{"id":1217,"date":"2022-07-12T10:07:16","date_gmt":"2022-07-12T10:07:16","guid":{"rendered":"https:\/\/apotekar-online.rs\/product\/babytol-d3-k1-30-twist-off-kapsula\/"},"modified":"2026-03-05T08:22:44","modified_gmt":"2026-03-05T10:22:44","slug":"babytol-d3-k1-30-csavaros-kapszula","status":"publish","type":"product","link":"https:\/\/apotekar-online.rs\/hu\/p\/babytol-d3-k1-30-twist-off-kapsula\/","title":{"rendered":"Babytol D3 + K1 30 kicsavarhat\u00f3 kapszula"},"content":{"rendered":"","protected":false},"excerpt":{"rendered":"<p>A Babytol D3 + K1 vitaminok kombin\u00e1ci\u00f3ja, amelyek a baba sz\u00e1m\u00e1ra sz\u00fclet\u00e9s\u00fckt\u0151l sz\u00fcks\u00e9gesek.<br \/>\nEzeket a vitaminokat term\u00e9szetes \u00e9trenden \u00e9l\u0151 \u00fajsz\u00fcl\u00f6tteknek sz\u00e1nj\u00e1k, mivel az anyatej nem tartalmaz elegend\u0151 mennyis\u00e9get ezekb\u0151l a vitaminokb\u00f3l.<br \/>\nEzenk\u00edv\u00fcl a vegyes \u00e9trenden, naponta legfeljebb k\u00e9t \u00e9tkez\u00e9sre adapt\u00e1lt babatejb\u0151l t\u00e1pl\u00e1lkoz\u00f3 csecsem\u0151knek Babytol D3 + K1-et kell alkalmazniuk.<br \/>\nA D3-vitamin a &quot;napf\u00e9ny-vitamin&quot;. Napi 400 IJ adagban aj\u00e1nlott a 8. \u00e9letnapt\u00f3l, mert rendk\u00edv\u00fcl fontos a csontok \u00e9s a fogak megfelel\u0151 n\u00f6veked\u00e9s\u00e9hez. A D3-vitamin hi\u00e1nya a csontok t\u00f6r\u00e9kenys\u00e9g\u00e9t, demineraliz\u00e1ci\u00f3j\u00e1t \u00e9s t\u00f6r\u00e9keny csontokat, azaz angolk\u00f3r nev\u0171 betegs\u00e9get okozhat.<br \/>\nA K1-vitamint &quot;koagul\u00e1ci\u00f3s vitaminnak&quot; is nevezik. Napi 25 mcg fogyaszt\u00e1sa javasolt, a sz\u00fclet\u00e9st k\u00f6vet\u0151 8. napt\u00f3l a harmadik h\u00f3nap v\u00e9g\u00e9ig, mert rendk\u00edv\u00fcl fontos a v\u00e9ralvad\u00e1si faktorok szint\u00e9zis\u00e9hez \u00e9s a baba eg\u00e9szs\u00e9ges v\u00e9rrendszer\u00e9hez. Hi\u00e1nya v\u00e9rz\u00e9shez \u00e9s s\u00falyos betegs\u00e9gekhez vezethet, ami szerencs\u00e9re ritka.<br \/>\nAz \u00fajsz\u00fcl\u00f6ttek sz\u00e1m\u00e1ra k\u00e9sz\u00fclt adapt\u00e1lt tej K1-vitaminnal d\u00fas\u00edtott. Ha a csecsem\u0151 vegyes \u00e9trenden van, \u00e9s naponta legfeljebb k\u00e9t \u00e9tkez\u00e9shez igaz\u00edtott t\u00e1pszert fogyaszt, a sz\u00fclet\u00e9st k\u00f6vet\u0151 harmadik h\u00f3nap v\u00e9g\u00e9ig tov\u00e1bbi K1-vitamin-p\u00f3tl\u00e1s javasolt 25 mcg-os adagban, a Babytol D3+ term\u00e9kkel. K1.<\/p>\n<p><strong>Adagol\u00e1s \u00e9s felhaszn\u00e1l\u00e1si m\u00f3d<\/strong><br \/>\nNapi egy kapszula haszn\u00e1lat\u00e1val teljesen biztos lehet benne, hogy bab\u00e1ja megkapja az eg\u00e9szs\u00e9ges n\u00f6veked\u00e9shez \u00e9s fejl\u0151d\u00e9shez sz\u00fcks\u00e9ges vitaminokat. Egyszer\u0171en csavarja, majd h\u00fazza meg \u00e9s t\u00e1vol\u00edtsa el a kapszula tetej\u00e9t, \u00e9s nyomja a tartalm\u00e1t k\u00f6zvetlen\u00fcl a baba sz\u00e1j\u00e1ba.<\/p>\n<p><strong>Jegyzet:<\/strong>\u00a0Arra t\u00f6reksz\u00fcnk, hogy minden term\u00e9k le\u00edr\u00e1s\u00e1n\u00e1l a lehet\u0151 legpontosabbak legy\u00fcnk, de nem tudjuk garant\u00e1lni, hogy minden le\u00edr\u00e1s teljes \u00e9s hibamentes. K\u00f6sz\u00f6n\u00f6m a meg\u00e9rt\u00e9st.<br \/>\nAz oldalon felt\u00fcntetett \u00f6sszes elem k\u00edn\u00e1latunk r\u00e9sz\u00e9t k\u00e9pezi, de ez nem jelenti azt, hogy mindenkor el\u00e9rhet\u0151.<\/p>","protected":false},"featured_media":1218,"template":"","meta":[],"product_brand":[],"product_cat":[127,340],"product_tag":[],"class_list":{"0":"post-1217","1":"product","2":"type-product","3":"status-publish","4":"has-post-thumbnail","6":"product_cat-vitamini-i-minerali-za-decu","7":"product_cat-deciji-program","9":"first","10":"instock","11":"purchasable","12":"product-type-simple"},"ams_default_variation_id":0,"ams_product_points_reward":[],"ams_product_discount_percentage":0,"ams_price_to_display":737.51,"ams_acf":[],"jetpack_sharing_enabled":true,"_links":{"self":[{"href":"https:\/\/apotekar-online.rs\/hu\/wp-json\/wp\/v2\/product\/1217","targetHints":{"allow":["GET"]}}],"collection":[{"href":"https:\/\/apotekar-online.rs\/hu\/wp-json\/wp\/v2\/product"}],"about":[{"href":"https:\/\/apotekar-online.rs\/hu\/wp-json\/wp\/v2\/types\/product"}],"wp:featuredmedia":[{"embeddable":true,"href":"https:\/\/apotekar-online.rs\/hu\/wp-json\/wp\/v2\/media\/1218"}],"wp:attachment":[{"href":"https:\/\/apotekar-online.rs\/hu\/wp-json\/wp\/v2\/media?parent=1217"}],"wp:term":[{"taxonomy":"product_brand","embeddable":true,"href":"https:\/\/apotekar-online.rs\/hu\/wp-json\/wp\/v2\/product_brand?post=1217"},{"taxonomy":"product_cat","embeddable":true,"href":"https:\/\/apotekar-online.rs\/hu\/wp-json\/wp\/v2\/product_cat?post=1217"},{"taxonomy":"product_tag","embeddable":true,"href":"https:\/\/apotekar-online.rs\/hu\/wp-json\/wp\/v2\/product_tag?post=1217"}],"curies":[{"name":"wp","href":"https:\/\/api.w.org\/{rel}","templated":true}]}}

Babytol D3 + K1 30 kicsavarható kapszula

<p>A Babytol D3 + K1 vitaminok kombinációja, amelyek a baba számára születésüktől szükségesek.<br />
Ezeket a vitaminokat természetes étrenden élő újszülötteknek szánják, mivel az anyatej nem tartalmaz elegendő mennyiséget ezekből a vitaminokból.<br />
Ezenkívül a vegyes étrenden, naponta legfeljebb két étkezésre adaptált babatejből táplálkozó csecsemőknek Babytol D3 + K1-et kell alkalmazniuk.<br />
A D3-vitamin a &quot;napfény-vitamin&quot;. Napi 400 IJ adagban ajánlott a 8. életnaptól, mert rendkívül fontos a csontok és a fogak megfelelő növekedéséhez. A D3-vitamin hiánya a csontok törékenységét, demineralizációját és törékeny csontokat, azaz angolkór nevű betegséget okozhat.<br />
A K1-vitamint &quot;koagulációs vitaminnak&quot; is nevezik. Napi 25 mcg fogyasztása javasolt, a születést követő 8. naptól a harmadik hónap végéig, mert rendkívül fontos a véralvadási faktorok szintéziséhez és a baba egészséges vérrendszeréhez. Hiánya vérzéshez és súlyos betegségekhez vezethet, ami szerencsére ritka.<br />
Az újszülöttek számára készült adaptált tej K1-vitaminnal dúsított. Ha a csecsemő vegyes étrenden van, és naponta legfeljebb két étkezéshez igazított tápszert fogyaszt, a születést követő harmadik hónap végéig további K1-vitamin-pótlás javasolt 25 mcg-os adagban, a Babytol D3+ termékkel. K1.</p>
<p><strong>Adagolás és felhasználási mód</strong><br />
Napi egy kapszula használatával teljesen biztos lehet benne, hogy babája megkapja az egészséges növekedéshez és fejlődéshez szükséges vitaminokat. Egyszerűen csavarja, majd húzza meg és távolítsa el a kapszula tetejét, és nyomja a tartalmát közvetlenül a baba szájába.</p>
<p><strong>Jegyzet:</strong> Arra törekszünk, hogy minden termék leírásánál a lehető legpontosabbak legyünk, de nem tudjuk garantálni, hogy minden leírás teljes és hibamentes. Köszönöm a megértést.<br />
Az oldalon feltüntetett összes elem kínálatunk részét képezi, de ez nem jelenti azt, hogy mindenkor elérhető.</p>
