{"id":1983,"date":"2023-03-04T16:35:23","date_gmt":"2023-03-04T16:35:23","guid":{"rendered":"https:\/\/apotekar-online.rs\/?post_type=product&#038;p=1983"},"modified":"2026-03-05T08:21:54","modified_gmt":"2026-03-05T10:21:54","slug":"lizzy-tusol-csomag-30-db-nyaloka","status":"publish","type":"product","link":"https:\/\/apotekar-online.rs\/hu\/p\/lizzy-tusol-pakovanje-sa-30-lizalica\/","title":{"rendered":"LIZZY TUSOL nyal\u00f3ka"},"content":{"rendered":"","protected":false},"excerpt":{"rendered":"<p><strong>Lizzy Tusol nyal\u00f3ka<\/strong> egy \u00e9trend-kieg\u00e9sz\u00edt\u0151 m\u00e9zzel, m\u00e1lyvacukorral, zs\u00e1ly\u00e1val \u00e9s C-vitaminnal. A Lizzy Tusol nyal\u00f3k\u00e1k akut \u00e9s kr\u00f3nikus gyullad\u00e1sokra aj\u00e1nlottak.<br \/>\nfels\u0151 l\u00e9gutak k\u00f6h\u00f6g\u00e9ssel k\u00eds\u00e9rve.<\/p>\n<p><strong>Adagol\u00e1s \u00e9s felhaszn\u00e1l\u00e1si m\u00f3d:<\/strong><\/p>\n<p>4-10 \u00e9ves gyermekek: napi 2 nyal\u00f3ka<br \/>\n11 \u00e9vesn\u00e9l id\u0151sebb gyermekek: napi 3 nyal\u00f3ka.<\/p>\n<p><strong>Fogalmaz\u00e1s :<\/strong><\/p>\n<p>A Lizzy Tusol nyal\u00f3k\u00e1k \u00f6sszetev\u0151it a fels\u0151 l\u00e9g\u00fati k\u00f6h\u00f6g\u00e9ssel j\u00e1r\u00f3 akut \u00e9s kr\u00f3nikus gyullad\u00e1sok kezel\u00e9s\u00e9re aj\u00e1nljuk. 2 nyal\u00f3ka tartalmaz:<br \/>\n- 200 mg m\u00e9z<br \/>\n-120 mg m\u00e1lyvacukor gy\u00f6k\u00e9r foly\u00e9kony kivonata<br \/>\n-60 mg foly\u00e9kony zs\u00e1lyalev\u00e9l kivonat<br \/>\n- 25 mg C-vitamin<br \/>\n3 nyal\u00f3ka tartalmaz:<br \/>\n- 300 mg m\u00e9z<br \/>\n-180 mg m\u00e1lyvacukor gy\u00f6k\u00e9r foly\u00e9kony kivonata<br \/>\n-90 mg foly\u00e9kony zs\u00e1lyalev\u00e9l kivonat<br \/>\n-37,5 mg C-vitamin.<\/p>\n<p><strong>Jegyzet:<\/strong>\u00a0Arra t\u00f6reksz\u00fcnk, hogy minden term\u00e9k le\u00edr\u00e1s\u00e1n\u00e1l a lehet\u0151 legpontosabbak legy\u00fcnk, de nem tudjuk garant\u00e1lni, hogy minden le\u00edr\u00e1s teljes \u00e9s hibamentes. K\u00f6sz\u00f6n\u00f6m a meg\u00e9rt\u00e9st.<br \/>\nAz oldalon felt\u00fcntetett \u00f6sszes elem k\u00edn\u00e1latunk r\u00e9sz\u00e9t k\u00e9pezi, de ez nem jelenti azt, hogy mindenkor el\u00e9rhet\u0151.<\/p>","protected":false},"featured_media":1984,"template":"","meta":[],"product_brand":[],"product_cat":[148,127],"product_tag":[180,305,245],"class_list":{"0":"post-1983","1":"product","2":"type-product","3":"status-publish","4":"has-post-thumbnail","6":"product_cat-preparati-za-prehladu-i-kasalj-kod-dece","7":"product_cat-vitamini-i-minerali-za-decu","8":"product_tag-deca","9":"product_tag-kasalj","10":"product_tag-vitamin-c","12":"first","13":"instock","14":"shipping-taxable","15":"purchasable","16":"product-type-simple"},"ams_default_variation_id":0,"ams_product_points_reward":[],"ams_product_discount_percentage":0,"ams_price_to_display":130,"ams_acf":[],"jetpack_sharing_enabled":true,"_links":{"self":[{"href":"https:\/\/apotekar-online.rs\/hu\/wp-json\/wp\/v2\/product\/1983","targetHints":{"allow":["GET"]}}],"collection":[{"href":"https:\/\/apotekar-online.rs\/hu\/wp-json\/wp\/v2\/product"}],"about":[{"href":"https:\/\/apotekar-online.rs\/hu\/wp-json\/wp\/v2\/types\/product"}],"wp:featuredmedia":[{"embeddable":true,"href":"https:\/\/apotekar-online.rs\/hu\/wp-json\/wp\/v2\/media\/1984"}],"wp:attachment":[{"href":"https:\/\/apotekar-online.rs\/hu\/wp-json\/wp\/v2\/media?parent=1983"}],"wp:term":[{"taxonomy":"product_brand","embeddable":true,"href":"https:\/\/apotekar-online.rs\/hu\/wp-json\/wp\/v2\/product_brand?post=1983"},{"taxonomy":"product_cat","embeddable":true,"href":"https:\/\/apotekar-online.rs\/hu\/wp-json\/wp\/v2\/product_cat?post=1983"},{"taxonomy":"product_tag","embeddable":true,"href":"https:\/\/apotekar-online.rs\/hu\/wp-json\/wp\/v2\/product_tag?post=1983"}],"curies":[{"name":"wp","href":"https:\/\/api.w.org\/{rel}","templated":true}]}}

LIZZY TUSOL nyalóka

<p><strong>Lizzy Tusol nyalóka</strong> egy étrend-kiegészítő mézzel, mályvacukorral, zsályával és C-vitaminnal. A Lizzy Tusol nyalókák akut és krónikus gyulladásokra ajánlottak.<br />
felső légutak köhögéssel kísérve.</p>
<p><strong>Adagolás és felhasználási mód:</strong></p>
<p>4-10 éves gyermekek: napi 2 nyalóka<br />
11 évesnél idősebb gyermekek: napi 3 nyalóka.</p>
<p><strong>Fogalmazás :</strong></p>
<p>A Lizzy Tusol nyalókák összetevőit a felső légúti köhögéssel járó akut és krónikus gyulladások kezelésére ajánljuk. 2 nyalóka tartalmaz:<br />
- 200 mg méz<br />
-120 mg mályvacukor gyökér folyékony kivonata<br />
-60 mg folyékony zsályalevél kivonat<br />
- 25 mg C-vitamin<br />
3 nyalóka tartalmaz:<br />
- 300 mg méz<br />
-180 mg mályvacukor gyökér folyékony kivonata<br />
-90 mg folyékony zsályalevél kivonat<br />
-37,5 mg C-vitamin.</p>
<p><strong>Jegyzet:</strong> Arra törekszünk, hogy minden termék leírásánál a lehető legpontosabbak legyünk, de nem tudjuk garantálni, hogy minden leírás teljes és hibamentes. Köszönöm a megértést.<br />
Az oldalon feltüntetett összes elem kínálatunk részét képezi, de ez nem jelenti azt, hogy mindenkor elérhető.</p>
