{"id":2000,"date":"2023-03-05T12:32:16","date_gmt":"2023-03-05T12:32:16","guid":{"rendered":"https:\/\/apotekar-online.rs\/?post_type=product&#038;p=2000"},"modified":"2026-03-05T08:21:52","modified_gmt":"2026-03-05T10:21:52","slug":"makulin-teljes-apolo-380-ml-oldat-kontaktlencsehez","status":"publish","type":"product","link":"https:\/\/apotekar-online.rs\/hu\/p\/makulin-complete-care-380-ml-rastvor-za-kontaktna-sociva\/","title":{"rendered":"Dietpharm Makulin teljesk\u00f6r\u0171 \u00e1pol\u00f3 380 ml, oldat kontaktlencs\u00e9hez"},"content":{"rendered":"","protected":false},"excerpt":{"rendered":"<p><strong>Makulin teljes k\u00f6r\u0171 gondoz\u00e1s<\/strong> izot\u00f3ni\u00e1s puffer<br \/>\nAz oldat kontaktlencs\u00e9k tiszt\u00edt\u00e1s\u00e1ra \u00e9s fert\u0151tlen\u00edt\u00e9s\u00e9re szolg\u00e1l\u00f3 gy\u00f3gy\u00e1szati term\u00e9k. T\u00f6bbc\u00e9l\u00fa fert\u0151tlen\u00edt\u0151 oldat: tiszt\u00edt, \u00f6bl\u00edt,<br \/>\nfert\u0151tlen\u00edti, konzerv\u00e1lja \u00e9s elt\u00e1vol\u00edtja a lencs\u00e9k fel\u00fcleti lerak\u00f3d\u00e1sait.<br \/>\nAz impregn\u00e1lt lencsetok megakad\u00e1lyozza a szem fert\u0151z\u00e9s\u00e9t \u00e9s gyullad\u00e1s\u00e1t az ez\u00fcstionok antibakteri\u00e1lis hat\u00e1sa miatt.<\/p>\n<p><strong>Adagol\u00e1s \u00e9s felhaszn\u00e1l\u00e1si m\u00f3d:<\/strong><\/p>\n<p>Hagyja a kontaktlencs\u00e9ket a lencseoldattal megt\u00f6lt\u00f6tt dobozban legal\u00e1bb 4 \u00f3r\u00e1n \u00e1t, lehet\u0151leg egy \u00e9jszak\u00e1n \u00e1t.<\/p>\n<p><strong>Fogalmaz\u00e1s :<\/strong><\/p>\n<p>Lencseoldat \u2013 izot\u00f3ni\u00e1s pH 7,2 oldat<br \/>\nTartalmaz:<br \/>\nPolihexametil\u00e9n-biguanid (0,0001%)<br \/>\nMirapol A15<br \/>\nMegm\u00e9rgezem az edet\u00e1tot<br \/>\nMetilox\u00e1n polimer<br \/>\nN\u00e1trium-hialuron\u00e1t (0,025%)<\/p>\n<p>Lencsetok \u2014 ez\u00fcstionokkal bevonva.<\/p>\n<p><strong>Jegyzet:<\/strong>\u00a0Arra t\u00f6reksz\u00fcnk, hogy minden term\u00e9k le\u00edr\u00e1s\u00e1n\u00e1l a lehet\u0151 legpontosabbak legy\u00fcnk, de nem tudjuk garant\u00e1lni, hogy minden le\u00edr\u00e1s teljes \u00e9s hibamentes. K\u00f6sz\u00f6n\u00f6m a meg\u00e9rt\u00e9st.<br \/>\nAz oldalon felt\u00fcntetett \u00f6sszes elem k\u00edn\u00e1latunk r\u00e9sz\u00e9t k\u00e9pezi, de ez nem jelenti azt, hogy mindenkor el\u00e9rhet\u0151.<\/p>","protected":false},"featured_media":2001,"template":"","meta":[],"product_brand":[],"product_cat":[139],"product_tag":[312,309,314,313],"class_list":{"0":"post-2000","1":"product","2":"type-product","3":"status-publish","4":"has-post-thumbnail","6":"product_cat-vitamini-za-oci-i-vestacke-suze","7":"product_tag-dezinfekcija","8":"product_tag-oci","9":"product_tag-rastvor","10":"product_tag-sociva","12":"first","13":"instock","14":"shipping-taxable","15":"purchasable","16":"product-type-simple"},"ams_default_variation_id":0,"ams_product_points_reward":[],"ams_product_discount_percentage":0,"ams_price_to_display":930,"ams_acf":[],"jetpack_sharing_enabled":true,"_links":{"self":[{"href":"https:\/\/apotekar-online.rs\/hu\/wp-json\/wp\/v2\/product\/2000","targetHints":{"allow":["GET"]}}],"collection":[{"href":"https:\/\/apotekar-online.rs\/hu\/wp-json\/wp\/v2\/product"}],"about":[{"href":"https:\/\/apotekar-online.rs\/hu\/wp-json\/wp\/v2\/types\/product"}],"wp:featuredmedia":[{"embeddable":true,"href":"https:\/\/apotekar-online.rs\/hu\/wp-json\/wp\/v2\/media\/2001"}],"wp:attachment":[{"href":"https:\/\/apotekar-online.rs\/hu\/wp-json\/wp\/v2\/media?parent=2000"}],"wp:term":[{"taxonomy":"product_brand","embeddable":true,"href":"https:\/\/apotekar-online.rs\/hu\/wp-json\/wp\/v2\/product_brand?post=2000"},{"taxonomy":"product_cat","embeddable":true,"href":"https:\/\/apotekar-online.rs\/hu\/wp-json\/wp\/v2\/product_cat?post=2000"},{"taxonomy":"product_tag","embeddable":true,"href":"https:\/\/apotekar-online.rs\/hu\/wp-json\/wp\/v2\/product_tag?post=2000"}],"curies":[{"name":"wp","href":"https:\/\/api.w.org\/{rel}","templated":true}]}}

Dietpharm Makulin teljeskörű ápoló 380 ml, oldat kontaktlencséhez

<p><strong>Makulin teljes körű gondozás</strong> izotóniás puffer<br />
Az oldat kontaktlencsék tisztítására és fertőtlenítésére szolgáló gyógyászati termék. Többcélú fertőtlenítő oldat: tisztít, öblít,<br />
fertőtleníti, konzerválja és eltávolítja a lencsék felületi lerakódásait.<br />
Az impregnált lencsetok megakadályozza a szem fertőzését és gyulladását az ezüstionok antibakteriális hatása miatt.</p>
<p><strong>Adagolás és felhasználási mód:</strong></p>
<p>Hagyja a kontaktlencséket a lencseoldattal megtöltött dobozban legalább 4 órán át, lehetőleg egy éjszakán át.</p>
<p><strong>Fogalmazás :</strong></p>
<p>Lencseoldat – izotóniás pH 7,2 oldat<br />
Tartalmaz:<br />
Polihexametilén-biguanid (0,0001%)<br />
Mirapol A15<br />
Megmérgezem az edetátot<br />
Metiloxán polimer<br />
Nátrium-hialuronát (0,025%)</p>
<p>Lencsetok — ezüstionokkal bevonva.</p>
<p><strong>Jegyzet:</strong> Arra törekszünk, hogy minden termék leírásánál a lehető legpontosabbak legyünk, de nem tudjuk garantálni, hogy minden leírás teljes és hibamentes. Köszönöm a megértést.<br />
Az oldalon feltüntetett összes elem kínálatunk részét képezi, de ez nem jelenti azt, hogy mindenkor elérhető.</p>
