{"id":2305,"date":"2023-04-04T12:38:18","date_gmt":"2023-04-04T14:38:18","guid":{"rendered":"https:\/\/apotekar-online.rs\/?post_type=product&#038;p=2305"},"modified":"2026-03-05T08:21:15","modified_gmt":"2026-03-05T10:21:15","slug":"prizma-ye660e-egyeniranyitoval","status":"publish","type":"product","link":"https:\/\/apotekar-online.rs\/hu\/p\/prizma-ye660e-sa-ispravljacem\/","title":{"rendered":"PRIZMA YE660E \u2013 egyenir\u00e1ny\u00edt\u00f3val"},"content":{"rendered":"","protected":false},"excerpt":{"rendered":"<h1 class=\"h1\">PRIZMA YE660E egyenir\u00e1ny\u00edt\u00f3val - Digit\u00e1lis automata v\u00e9rnyom\u00e1sm\u00e9r\u0151.<\/h1>\n<p><strong>Orvostechnikai eszk\u00f6z\u00f6ket az eg\u00e9szs\u00e9g\u00fcgyi miniszt\u00e9rium orvostechnikai eszk\u00f6z\u00f6k nagy- \u00e9s kiskereskedelm\u00e9re vonatkoz\u00f3 enged\u00e9ly\u00e9ben meghat\u00e1rozott helyeken lehet kiadni, az orvostechnikai eszk\u00f6z\u00f6k \u00e9s az eg\u00e9szs\u00e9g\u00fcgy ter\u00fclet\u00e9re vonatkoz\u00f3 el\u0151\u00edr\u00e1sok alapj\u00e1n (gy\u00f3gyszert\u00e1rban \u00e9s szak\u00fczletben).<\/strong><\/p>\n<p>PRIZMA YE660E egyenir\u00e1ny\u00edt\u00f3val - foglalhat\u00f3 a Kalitea gy\u00f3gyszert\u00e1rban a 023\/815-105 telefonsz\u00e1mon vagy a kalitea.online@gmail.com c\u00edmen<\/p>\n<p>&nbsp;<\/p>\n<ul>\n<li>A k\u00e9sz\u00fcl\u00e9k szerb nyelven k\u00f6zli a v\u00e9rnyom\u00e1s- \u00e9s pulzus\u00e9rt\u00e9keket (k\u00fcl\u00f6nleges k\u00e9nyelem l\u00e1t\u00e1ss\u00e9r\u00fcltek sz\u00e1m\u00e1ra). Az opci\u00f3 ig\u00e9ny szerint kikapcsolhat\u00f3.<\/li>\n<li>A szab\u00e1lytalan pulzusjelz\u0151 szab\u00e1lytalan sz\u00edvver\u00e9st jelez.<\/li>\n<li>Az utols\u00f3 3 m\u00e9r\u00e9si eredm\u00e9ny \u00e1tlag\u00e9rt\u00e9ke (Sys, Dia \u00e9s impulzus).<\/li>\n<li>Univerz\u00e1lis mandzsetta a felkar 22-45 cm ker\u00fclet\u00e9hez.<\/li>\n<li>A mandzsetta illeszt\u00e9s\u00e9nek jelz\u0151je azt jelzi, hogy a mandzsetta megfelel\u0151en illeszkedik (nem t\u00fal szoros, nem t\u00fal laza).<\/li>\n<li>A mandzsetta automatikus felf\u00faj\u00e1sa - a mandzsetta optim\u00e1lis felf\u00faj\u00e1sa - a kar szor\u00edt\u00e1s\u00e1nak \u00e9rz\u00e9se n\u00e9lk\u00fcl.<\/li>\n<li>A mozg\u00e1s\u00e9rz\u00e9kel\u00e9s a m\u00e9r\u00e9s k\u00f6zbeni mozg\u00e1sokat jelzi.<\/li>\n<\/ul>\n<p><strong><br \/>\nBesz\u00e9dfunkci\u00f3s k\u00e9sz\u00fcl\u00e9k - l\u00e1t\u00e1ss\u00e9r\u00fcltek t\u00e1mogat\u00e1sa:<\/strong><\/p>\n<ul>\n<li>Kellemes szerb f\u00e9rfihang hirdeti a v\u00e9rnyom\u00e1s \u00e9s a pulzus \u00e9rt\u00e9keit.<\/li>\n<li>A hanger\u0151 \u00e1ll\u00edthat\u00f3 (5 fokozat) vagy kikapcsolhat\u00f3.<\/li>\n<li>A m\u00e9r\u00e9si eredm\u00e9nyek hanganal\u00edzise a m\u00e9r\u00e9s befejez\u00e9se ut\u00e1n.<\/li>\n<li>Mem\u00f3ria: 100 m\u00e9r\u00e9si eredm\u00e9ny.<\/li>\n<\/ul>\n<p><strong><br \/>\nA k\u00e9szlet tartalma:<\/strong><br \/>\nYE660E k\u00e9sz\u00fcl\u00e9k univerz\u00e1lis puha mandzsett\u00e1val (a felkar ker\u00fclete 22-45 cm), n\u00e9gy darab 1,5 V-os alk\u00e1li elemmel, AC\/DC egyenir\u00e1ny\u00edt\u00f3val a h\u00e1l\u00f3zati t\u00e1pell\u00e1t\u00e1shoz, tokkal \u00e9s haszn\u00e1lati \u00fatmutat\u00f3val.<\/p>\n<p><strong>Jegyzet:<\/strong>\u00a0Arra t\u00f6reksz\u00fcnk, hogy minden term\u00e9k le\u00edr\u00e1s\u00e1n\u00e1l a lehet\u0151 legpontosabbak legy\u00fcnk, de nem tudjuk garant\u00e1lni, hogy minden le\u00edr\u00e1s teljes \u00e9s hibamentes. K\u00f6sz\u00f6n\u00f6m a meg\u00e9rt\u00e9st.<br \/>\nAz oldalon felt\u00fcntetett \u00f6sszes elem k\u00edn\u00e1latunk r\u00e9sz\u00e9t k\u00e9pezi, de ez nem jelenti azt, hogy mindenkor el\u00e9rhet\u0151.<\/p>\n<h1 class=\"h1\"><\/h1>\n<h1 class=\"h1\"><\/h1>\n<p>&nbsp;<\/p>","protected":false},"featured_media":2307,"template":"","meta":[],"product_brand":[],"product_cat":[102],"product_tag":[365],"class_list":{"0":"post-2305","1":"product","2":"type-product","3":"status-publish","4":"has-post-thumbnail","6":"product_cat-medicinski-aparati","7":"product_tag-aparati-za-merenje-krvnog-pritiska","8":"pa_brend-prizma","10":"first","11":"instock","12":"shipping-taxable","13":"purchasable","14":"product-type-simple"},"ams_default_variation_id":0,"ams_product_points_reward":[],"ams_product_discount_percentage":0,"ams_price_to_display":5600,"ams_acf":[],"jetpack_sharing_enabled":true,"_links":{"self":[{"href":"https:\/\/apotekar-online.rs\/hu\/wp-json\/wp\/v2\/product\/2305","targetHints":{"allow":["GET"]}}],"collection":[{"href":"https:\/\/apotekar-online.rs\/hu\/wp-json\/wp\/v2\/product"}],"about":[{"href":"https:\/\/apotekar-online.rs\/hu\/wp-json\/wp\/v2\/types\/product"}],"wp:featuredmedia":[{"embeddable":true,"href":"https:\/\/apotekar-online.rs\/hu\/wp-json\/wp\/v2\/media\/2307"}],"wp:attachment":[{"href":"https:\/\/apotekar-online.rs\/hu\/wp-json\/wp\/v2\/media?parent=2305"}],"wp:term":[{"taxonomy":"product_brand","embeddable":true,"href":"https:\/\/apotekar-online.rs\/hu\/wp-json\/wp\/v2\/product_brand?post=2305"},{"taxonomy":"product_cat","embeddable":true,"href":"https:\/\/apotekar-online.rs\/hu\/wp-json\/wp\/v2\/product_cat?post=2305"},{"taxonomy":"product_tag","embeddable":true,"href":"https:\/\/apotekar-online.rs\/hu\/wp-json\/wp\/v2\/product_tag?post=2305"}],"curies":[{"name":"wp","href":"https:\/\/api.w.org\/{rel}","templated":true}]}}

PRIZMA YE660E – egyenirányítóval

<h1 class="h1">PRIZMA YE660E egyenirányítóval - Digitális automata vérnyomásmérő.</h1>
<p><strong>Orvostechnikai eszközöket az egészségügyi minisztérium orvostechnikai eszközök nagy- és kiskereskedelmére vonatkozó engedélyében meghatározott helyeken lehet kiadni, az orvostechnikai eszközök és az egészségügy területére vonatkozó előírások alapján (gyógyszertárban és szaküzletben).</strong></p>
<p>PRIZMA YE660E egyenirányítóval - foglalható a Kalitea gyógyszertárban a 023/815-105 telefonszámon vagy a kalitea.online@gmail.com címen</p>
<p>&nbsp;</p>
<ul>
<li>A készülék szerb nyelven közli a vérnyomás- és pulzusértékeket (különleges kényelem látássérültek számára). Az opció igény szerint kikapcsolható.</li>
<li>A szabálytalan pulzusjelző szabálytalan szívverést jelez.</li>
<li>Az utolsó 3 mérési eredmény átlagértéke (Sys, Dia és impulzus).</li>
<li>Univerzális mandzsetta a felkar 22-45 cm kerületéhez.</li>
<li>A mandzsetta illesztésének jelzője azt jelzi, hogy a mandzsetta megfelelően illeszkedik (nem túl szoros, nem túl laza).</li>
<li>A mandzsetta automatikus felfújása - a mandzsetta optimális felfújása - a kar szorításának érzése nélkül.</li>
<li>A mozgásérzékelés a mérés közbeni mozgásokat jelzi.</li>
</ul>
<p><strong><br />
Beszédfunkciós készülék - látássérültek támogatása:</strong></p>
<ul>
<li>Kellemes szerb férfihang hirdeti a vérnyomás és a pulzus értékeit.</li>
<li>A hangerő állítható (5 fokozat) vagy kikapcsolható.</li>
<li>A mérési eredmények hanganalízise a mérés befejezése után.</li>
<li>Memória: 100 mérési eredmény.</li>
</ul>
<p><strong><br />
A készlet tartalma:</strong><br />
YE660E készülék univerzális puha mandzsettával (a felkar kerülete 22-45 cm), négy darab 1,5 V-os alkáli elemmel, AC/DC egyenirányítóval a hálózati tápellátáshoz, tokkal és használati útmutatóval.</p>
<p><strong>Jegyzet:</strong> Arra törekszünk, hogy minden termék leírásánál a lehető legpontosabbak legyünk, de nem tudjuk garantálni, hogy minden leírás teljes és hibamentes. Köszönöm a megértést.<br />
Az oldalon feltüntetett összes elem kínálatunk részét képezi, de ez nem jelenti azt, hogy mindenkor elérhető.</p>
<h1 class="h1"></h1>
<h1 class="h1"></h1>
<p>&nbsp;</p>
