{"id":2334,"date":"2023-04-04T14:20:29","date_gmt":"2023-04-04T16:20:29","guid":{"rendered":"https:\/\/apotekar-online.rs\/?post_type=product&#038;p=2334"},"modified":"2026-03-05T08:21:14","modified_gmt":"2026-03-05T10:21:14","slug":"omron-nami-macska-inhalator-orr-zuhannyal","status":"publish","type":"product","link":"https:\/\/apotekar-online.rs\/hu\/p\/omron-nami-cat-inhalator-sa-nazalnim-tusem\/","title":{"rendered":"OMRON Nami Cat inhal\u00e1tor orrzuhannyal"},"content":{"rendered":"","protected":false},"excerpt":{"rendered":"<h2 class=\"h1\">OMRON Nami Cat inhal\u00e1tor orrzuhannyal \u2013 Kompresszoros inhal\u00e1tor \u00e9s orrzuhany.<\/h2>\n<p><strong>Orvostechnikai eszk\u00f6z\u00f6ket az eg\u00e9szs\u00e9g\u00fcgyi miniszt\u00e9rium orvostechnikai eszk\u00f6z\u00f6k nagy- \u00e9s kiskereskedelm\u00e9re vonatkoz\u00f3 enged\u00e9ly\u00e9ben meghat\u00e1rozott helyeken lehet kiadni, az orvostechnikai eszk\u00f6z\u00f6k \u00e9s az eg\u00e9szs\u00e9g\u00fcgy ter\u00fclet\u00e9re vonatkoz\u00f3 el\u0151\u00edr\u00e1sok alapj\u00e1n (gy\u00f3gyszert\u00e1rban \u00e9s szak\u00fczletben).<\/strong><\/p>\n<p>OMRON Nami Cat inhal\u00e1tor orrzuhannyal - foglalhat\u00f3 a Kalitea gy\u00f3gyszert\u00e1rban a 023\/815-105 telefonsz\u00e1mon vagy a kalitea.online@gmail.com email c\u00edmen.<\/p>\n<p>Nami egy bar\u00e1ts\u00e1gos h\u00e1zi macska, nagyon k\u00fcl\u00f6nleges k\u00e9pess\u00e9gekkel.<\/p>\n<ul>\n<li>Nami t\u00e1mogatja a gyerekeket, ha betegek.<\/li>\n<li>A csal\u00e1d igaz bar\u00e1tja, de hozz\u00e1\u00e1ll\u00e1sa van.<\/li>\n<\/ul>\n<p>Ennek az inhal\u00e1tornak a kialak\u00edt\u00e1sa seg\u00edt a gyerekeknek \u00e9s a sz\u00fcl\u0151knek is megszokni az inhal\u00e1tort \u00e9s annak haszn\u00e1lat\u00e1t \u2013 er\u0151s kompresszora pedig hat\u00e9kony inhal\u00e1ci\u00f3s kezel\u00e9st tesz lehet\u0151v\u00e9.<\/p>\n<p><strong>Inhal\u00e1l\u00f3k\u00e9sz\u00fcl\u00e9k\u00a0<\/strong>hat\u00e9kony inhal\u00e1ci\u00f3s ter\u00e1pi\u00e1kat biztos\u00edt az \u00e1ltala termelt aeroszol r\u00e9szecsk\u00e9k optim\u00e1lis m\u00e9ret\u00e9nek k\u00f6sz\u00f6nhet\u0151en. A gy\u00f3gyszer a l\u00e9gutak legkisebb r\u00e9szeit is el\u00e9ri, ez\u00e9rt a Nami Cat inhal\u00e1tor (porlaszt\u00f3) j\u00f3 v\u00e1laszt\u00e1s asztma, h\u00f6rghurut, allergia \u00e9s egy\u00e9b l\u00e9gz\u0151szervi megbeteged\u00e9sek kezel\u00e9s\u00e9re. Az inhal\u00e1tort feln\u0151ttek, gyermekek \u00e9s csecsem\u0151k is haszn\u00e1lhatj\u00e1k.<br \/>\n<strong>Orrzuhany<\/strong>\u00a0hat\u00e9konyan tiszt\u00edtja az orr\u00fcreget, seg\u00edt enyh\u00edteni a megf\u00e1z\u00e1s, allergi\u00e1s n\u00e1tha \u00e9s arc\u00fcreggyullad\u00e1s t\u00fcneteit. Az orrzuhanyoz\u00f3t feln\u0151ttek \u00e9s gyermekek haszn\u00e1lhatj\u00e1k, akik tudj\u00e1k, hogyan kell orrot f\u00fajni.<\/p>\n<ul>\n<li>Az inhal\u00e1tornak van egy kis, nagy maszkja \u00e9s egy sz\u00e1jr\u00e9sze (sz\u00e1jdarabja).<\/li>\n<li>Gy\u00f3gyszertart\u00e1ly t\u00e9rfogata: 2-12 ml.<\/li>\n<li>K\u00f6nnyen sz\u00e1ll\u00edthat\u00f3 \u2013 az inhal\u00e1tor kis m\u00e9retei.<\/li>\n<li>Bel\u00e9gz\u00e9si sebess\u00e9g: 0,35 ml\/perc.<\/li>\n<\/ul>\n<p><strong><br \/>\nA k\u00e9szlet tartalma:<br \/>\n<\/strong>Nami Cat inhal\u00e1tor h\u00e1z, PVC l\u00e9gt\u00f6ml\u0151 (hossza 100 cm), inhal\u00e1ci\u00f3s k\u00e9szlet (gy\u00f3gyszertart\u00e1ly), kis maszk, nagy maszk, sz\u00e1jr\u00e9sz (szop\u00f3ka), orrsuhany \u00e9s haszn\u00e1lati \u00fatmutat\u00f3.<\/p>\n<p><strong>Jegyzet:<\/strong>\u00a0Arra t\u00f6reksz\u00fcnk, hogy minden term\u00e9k le\u00edr\u00e1s\u00e1n\u00e1l a lehet\u0151 legpontosabbak legy\u00fcnk, de nem tudjuk garant\u00e1lni, hogy minden le\u00edr\u00e1s teljes \u00e9s hibamentes. K\u00f6sz\u00f6n\u00f6m a meg\u00e9rt\u00e9st.<br \/>\nAz oldalon felt\u00fcntetett \u00f6sszes elem k\u00edn\u00e1latunk r\u00e9sz\u00e9t k\u00e9pezi, de ez nem jelenti azt, hogy mindenkor el\u00e9rhet\u0151.<\/p>","protected":false},"featured_media":2337,"template":"","meta":[],"product_brand":[],"product_cat":[102,340],"product_tag":[180,366],"class_list":{"0":"post-2334","1":"product","2":"type-product","3":"status-publish","4":"has-post-thumbnail","6":"product_cat-medicinski-aparati","7":"product_cat-deciji-program","8":"product_tag-deca","9":"product_tag-kompresorski-inhalator","10":"pa_brend-prizma","12":"first","13":"instock","14":"shipping-taxable","15":"purchasable","16":"product-type-simple"},"ams_default_variation_id":0,"ams_product_points_reward":[],"ams_product_discount_percentage":0,"ams_price_to_display":10000,"ams_acf":[],"jetpack_sharing_enabled":true,"_links":{"self":[{"href":"https:\/\/apotekar-online.rs\/hu\/wp-json\/wp\/v2\/product\/2334","targetHints":{"allow":["GET"]}}],"collection":[{"href":"https:\/\/apotekar-online.rs\/hu\/wp-json\/wp\/v2\/product"}],"about":[{"href":"https:\/\/apotekar-online.rs\/hu\/wp-json\/wp\/v2\/types\/product"}],"wp:featuredmedia":[{"embeddable":true,"href":"https:\/\/apotekar-online.rs\/hu\/wp-json\/wp\/v2\/media\/2337"}],"wp:attachment":[{"href":"https:\/\/apotekar-online.rs\/hu\/wp-json\/wp\/v2\/media?parent=2334"}],"wp:term":[{"taxonomy":"product_brand","embeddable":true,"href":"https:\/\/apotekar-online.rs\/hu\/wp-json\/wp\/v2\/product_brand?post=2334"},{"taxonomy":"product_cat","embeddable":true,"href":"https:\/\/apotekar-online.rs\/hu\/wp-json\/wp\/v2\/product_cat?post=2334"},{"taxonomy":"product_tag","embeddable":true,"href":"https:\/\/apotekar-online.rs\/hu\/wp-json\/wp\/v2\/product_tag?post=2334"}],"curies":[{"name":"wp","href":"https:\/\/api.w.org\/{rel}","templated":true}]}}

OMRON Nami Cat inhalátor orrzuhannyal

<h2 class="h1">OMRON Nami Cat inhalátor orrzuhannyal – Kompresszoros inhalátor és orrzuhany.</h2>
<p><strong>Orvostechnikai eszközöket az egészségügyi minisztérium orvostechnikai eszközök nagy- és kiskereskedelmére vonatkozó engedélyében meghatározott helyeken lehet kiadni, az orvostechnikai eszközök és az egészségügy területére vonatkozó előírások alapján (gyógyszertárban és szaküzletben).</strong></p>
<p>OMRON Nami Cat inhalátor orrzuhannyal - foglalható a Kalitea gyógyszertárban a 023/815-105 telefonszámon vagy a kalitea.online@gmail.com email címen.</p>
<p>Nami egy barátságos házi macska, nagyon különleges képességekkel.</p>
<ul>
<li>Nami támogatja a gyerekeket, ha betegek.</li>
<li>A család igaz barátja, de hozzáállása van.</li>
</ul>
<p>Ennek az inhalátornak a kialakítása segít a gyerekeknek és a szülőknek is megszokni az inhalátort és annak használatát – erős kompresszora pedig hatékony inhalációs kezelést tesz lehetővé.</p>
<p><strong>Inhalálókészülék </strong>hatékony inhalációs terápiákat biztosít az általa termelt aeroszol részecskék optimális méretének köszönhetően. A gyógyszer a légutak legkisebb részeit is eléri, ezért a Nami Cat inhalátor (porlasztó) jó választás asztma, hörghurut, allergia és egyéb légzőszervi megbetegedések kezelésére. Az inhalátort felnőttek, gyermekek és csecsemők is használhatják.<br />
<strong>Orrzuhany</strong> hatékonyan tisztítja az orrüreget, segít enyhíteni a megfázás, allergiás nátha és arcüreggyulladás tüneteit. Az orrzuhanyozót felnőttek és gyermekek használhatják, akik tudják, hogyan kell orrot fújni.</p>
<ul>
<li>Az inhalátornak van egy kis, nagy maszkja és egy szájrésze (szájdarabja).</li>
<li>Gyógyszertartály térfogata: 2-12 ml.</li>
<li>Könnyen szállítható – az inhalátor kis méretei.</li>
<li>Belégzési sebesség: 0,35 ml/perc.</li>
</ul>
<p><strong><br />
A készlet tartalma:<br />
</strong>Nami Cat inhalátor ház, PVC légtömlő (hossza 100 cm), inhalációs készlet (gyógyszertartály), kis maszk, nagy maszk, szájrész (szopóka), orrsuhany és használati útmutató.</p>
<p><strong>Jegyzet:</strong> Arra törekszünk, hogy minden termék leírásánál a lehető legpontosabbak legyünk, de nem tudjuk garantálni, hogy minden leírás teljes és hibamentes. Köszönöm a megértést.<br />
Az oldalon feltüntetett összes elem kínálatunk részét képezi, de ez nem jelenti azt, hogy mindenkor elérhető.</p>
