{"id":2344,"date":"2023-04-04T14:42:25","date_gmt":"2023-04-04T16:42:25","guid":{"rendered":"https:\/\/apotekar-online.rs\/?post_type=product&#038;p=2344"},"modified":"2026-03-05T08:21:14","modified_gmt":"2026-03-05T10:21:14","slug":"omron-c28p-inhalator","status":"publish","type":"product","link":"https:\/\/apotekar-online.rs\/hu\/p\/omron-c28p-inhalator\/","title":{"rendered":"OMRON C28P inhal\u00e1tor"},"content":{"rendered":"","protected":false},"excerpt":{"rendered":"<h2 class=\"h1\">OMRON C28P inhal\u00e1tor \u2013 Kompresszoros inhal\u00e1tor.<\/h2>\n<p><strong>Orvostechnikai eszk\u00f6z\u00f6ket az eg\u00e9szs\u00e9g\u00fcgyi miniszt\u00e9rium orvostechnikai eszk\u00f6z\u00f6k nagy- \u00e9s kiskereskedelm\u00e9re vonatkoz\u00f3 enged\u00e9ly\u00e9ben meghat\u00e1rozott helyeken lehet kiadni, az orvostechnikai eszk\u00f6z\u00f6k \u00e9s az eg\u00e9szs\u00e9g\u00fcgy ter\u00fclet\u00e9re vonatkoz\u00f3 el\u0151\u00edr\u00e1sok alapj\u00e1n (gy\u00f3gyszert\u00e1rban \u00e9s szak\u00fczletben).<\/strong><\/p>\n<p>OMRON C28P inhal\u00e1tor - foglalhat\u00f3 a Kalitea gy\u00f3gyszert\u00e1rban a 023\/815-105 telefonsz\u00e1mon vagy a kalitea.online@gmail.com c\u00edmen.<\/p>\n<p>K\u00f6sz\u00f6net\u00a0<em>Virtu\u00e1lis szelep<\/em> technol\u00f3gia (virtu\u00e1lis szelepes technol\u00f3gia) az inhal\u00e1ci\u00f3s ter\u00e1pia alkalmazkodik a p\u00e1ciens l\u00e9gz\u00e9s\u00e9hez. Ily m\u00f3don cs\u00f6kken a gy\u00f3gyszer kil\u00e9gz\u00e9skor fell\u00e9p\u0151 vesztes\u00e9ge, \u00e9s ez\u00e9rt a gy\u00f3gyszert a bel\u00e9gz\u00e9s sor\u00e1n maxim\u00e1lisan felhaszn\u00e1lj\u00e1k.<br \/>\nAz \u00e1ltala termelt aeroszol r\u00e9szecsk\u00e9k optim\u00e1lis m\u00e9ret\u00e9nek k\u00f6sz\u00f6nhet\u0151en a gy\u00f3gyszer a l\u00e9gutak legkisebb r\u00e9szeit is el\u00e9ri, ez\u00e9rt ez az inhal\u00e1tor (porlaszt\u00f3) j\u00f3 v\u00e1laszt\u00e1s asztma, h\u00f6rghurut, allergia \u00e9s egy\u00e9b l\u00e9gz\u0151szervi megbeteged\u00e9sek kezel\u00e9s\u00e9re.<\/p>\n<ul>\n<li>Er\u0151teljes kompresszor \u2013 Hossz\u00fa kompresszor \u00e9lettartam.<\/li>\n<li>A l\u00e9gsz\u0171r\u0151 bel\u00e9gz\u00e9skor megv\u00e9di a felhaszn\u00e1l\u00f3t a leveg\u0151b\u0151l sz\u00e1rmaz\u00f3 porr\u00e9szecsk\u00e9k \u00e9s egy\u00e9b szennyez\u0151d\u00e9sek bel\u00e9legz\u00e9s\u00e9t\u0151l (5 db + 1 k\u00e9szlet).<\/li>\n<li>Gy\u00f3gyszertart\u00e1ly t\u00e9rfogata: 2-7 ml.<\/li>\n<li>Bel\u00e9gz\u00e9si sebess\u00e9g: 0,5 ml\/perc.<\/li>\n<\/ul>\n<p>&nbsp;<\/p>\n<p><strong>A k\u00e9szlet tartalma:<\/strong><\/p>\n<ul>\n<li>inhal\u00e1torh\u00e1z CompA\u00b7I\u00b7R C28P.<\/li>\n<li>PVC l\u00e9gt\u00f6ml\u0151 (200 cm hossz\u00fa).<\/li>\n<li>inhal\u00e1ci\u00f3s k\u00e9szlet (gy\u00f3gyszertart\u00e1ly).<\/li>\n<li>maszk feln\u0151tteknek + maszk gyerekeknek.<\/li>\n<li>sz\u00e1jr\u00e9sz \u00e9s orrlyuk.<\/li>\n<li>l\u00e9gsz\u0171r\u0151k (5 db + 1 szett).<\/li>\n<li>tok az inhal\u00e1tor t\u00e1rol\u00e1s\u00e1ra \u00e9s sz\u00e1ll\u00edt\u00e1s\u00e1ra, valamint haszn\u00e1lati utas\u00edt\u00e1s.<\/li>\n<\/ul>\n<p>&nbsp;<\/p>\n<p><strong>Kieg\u00e9sz\u00edt\u0151k:<br \/>\n<\/strong>Maszk bab\u00e1knak.<\/p>\n<p><strong>Jegyzet:<\/strong>\u00a0Arra t\u00f6reksz\u00fcnk, hogy minden term\u00e9k le\u00edr\u00e1s\u00e1n\u00e1l a lehet\u0151 legpontosabbak legy\u00fcnk, de nem tudjuk garant\u00e1lni, hogy minden le\u00edr\u00e1s teljes \u00e9s hibamentes. K\u00f6sz\u00f6n\u00f6m a meg\u00e9rt\u00e9st.<br \/>\nAz oldalon felt\u00fcntetett \u00f6sszes elem k\u00edn\u00e1latunk r\u00e9sz\u00e9t k\u00e9pezi, de ez nem jelenti azt, hogy mindenkor el\u00e9rhet\u0151.<\/p>\n<p>&nbsp;<\/p>","protected":false},"featured_media":2345,"template":"","meta":[],"product_brand":[],"product_cat":[102],"product_tag":[366],"class_list":{"0":"post-2344","1":"product","2":"type-product","3":"status-publish","4":"has-post-thumbnail","6":"product_cat-medicinski-aparati","7":"product_tag-kompresorski-inhalator","8":"pa_brend-prizma","10":"first","11":"instock","12":"shipping-taxable","13":"purchasable","14":"product-type-simple"},"ams_default_variation_id":0,"ams_product_points_reward":[],"ams_product_discount_percentage":0,"ams_price_to_display":12000,"ams_acf":[],"jetpack_sharing_enabled":true,"_links":{"self":[{"href":"https:\/\/apotekar-online.rs\/hu\/wp-json\/wp\/v2\/product\/2344","targetHints":{"allow":["GET"]}}],"collection":[{"href":"https:\/\/apotekar-online.rs\/hu\/wp-json\/wp\/v2\/product"}],"about":[{"href":"https:\/\/apotekar-online.rs\/hu\/wp-json\/wp\/v2\/types\/product"}],"wp:featuredmedia":[{"embeddable":true,"href":"https:\/\/apotekar-online.rs\/hu\/wp-json\/wp\/v2\/media\/2345"}],"wp:attachment":[{"href":"https:\/\/apotekar-online.rs\/hu\/wp-json\/wp\/v2\/media?parent=2344"}],"wp:term":[{"taxonomy":"product_brand","embeddable":true,"href":"https:\/\/apotekar-online.rs\/hu\/wp-json\/wp\/v2\/product_brand?post=2344"},{"taxonomy":"product_cat","embeddable":true,"href":"https:\/\/apotekar-online.rs\/hu\/wp-json\/wp\/v2\/product_cat?post=2344"},{"taxonomy":"product_tag","embeddable":true,"href":"https:\/\/apotekar-online.rs\/hu\/wp-json\/wp\/v2\/product_tag?post=2344"}],"curies":[{"name":"wp","href":"https:\/\/api.w.org\/{rel}","templated":true}]}}

OMRON C28P inhalátor

<h2 class="h1">OMRON C28P inhalátor – Kompresszoros inhalátor.</h2>
<p><strong>Orvostechnikai eszközöket az egészségügyi minisztérium orvostechnikai eszközök nagy- és kiskereskedelmére vonatkozó engedélyében meghatározott helyeken lehet kiadni, az orvostechnikai eszközök és az egészségügy területére vonatkozó előírások alapján (gyógyszertárban és szaküzletben).</strong></p>
<p>OMRON C28P inhalátor - foglalható a Kalitea gyógyszertárban a 023/815-105 telefonszámon vagy a kalitea.online@gmail.com címen.</p>
<p>Köszönet <em>Virtuális szelep</em> technológia (virtuális szelepes technológia) az inhalációs terápia alkalmazkodik a páciens légzéséhez. Ily módon csökken a gyógyszer kilégzéskor fellépő vesztesége, és ezért a gyógyszert a belégzés során maximálisan felhasználják.<br />
Az általa termelt aeroszol részecskék optimális méretének köszönhetően a gyógyszer a légutak legkisebb részeit is eléri, ezért ez az inhalátor (porlasztó) jó választás asztma, hörghurut, allergia és egyéb légzőszervi megbetegedések kezelésére.</p>
<ul>
<li>Erőteljes kompresszor – Hosszú kompresszor élettartam.</li>
<li>A légszűrő belégzéskor megvédi a felhasználót a levegőből származó porrészecskék és egyéb szennyeződések belélegzésétől (5 db + 1 készlet).</li>
<li>Gyógyszertartály térfogata: 2-7 ml.</li>
<li>Belégzési sebesség: 0,5 ml/perc.</li>
</ul>
<p>&nbsp;</p>
<p><strong>A készlet tartalma:</strong></p>
<ul>
<li>inhalátorház CompA·I·R C28P.</li>
<li>PVC légtömlő (200 cm hosszú).</li>
<li>inhalációs készlet (gyógyszertartály).</li>
<li>maszk felnőtteknek + maszk gyerekeknek.</li>
<li>szájrész és orrlyuk.</li>
<li>légszűrők (5 db + 1 szett).</li>
<li>tok az inhalátor tárolására és szállítására, valamint használati utasítás.</li>
</ul>
<p>&nbsp;</p>
<p><strong>Kiegészítők:<br />
</strong>Maszk babáknak.</p>
<p><strong>Jegyzet:</strong> Arra törekszünk, hogy minden termék leírásánál a lehető legpontosabbak legyünk, de nem tudjuk garantálni, hogy minden leírás teljes és hibamentes. Köszönöm a megértést.<br />
Az oldalon feltüntetett összes elem kínálatunk részét képezi, de ez nem jelenti azt, hogy mindenkor elérhető.</p>
<p>&nbsp;</p>
