{"id":2478,"date":"2023-04-07T18:25:14","date_gmt":"2023-04-07T20:25:14","guid":{"rendered":"https:\/\/apotekar-online.rs\/?post_type=product&#038;p=2478"},"modified":"2026-03-05T08:21:13","modified_gmt":"2026-03-05T10:21:13","slug":"intesta-60-kapszula-2","status":"publish","type":"product","link":"https:\/\/apotekar-online.rs\/hu\/p\/intesta-60-kapsula-2\/","title":{"rendered":"Intesta 60 kapszula"},"content":{"rendered":"<p>&nbsp;<\/p>\n<p>&nbsp;<\/p>","protected":false},"excerpt":{"rendered":"<p>Az Intesta egy di\u00e9t\u00e1s term\u00e9k, amelyet standard gy\u00f3gyszeres kezel\u00e9s alatt \u00e1ll\u00f3 betegek t\u00e1pl\u00e1lkoz\u00e1si sz\u00fcks\u00e9gleteinek kiel\u00e9g\u00edt\u00e9s\u00e9re vagy \u00f6n\u00e1ll\u00f3 kezel\u00e9sk\u00e9nt haszn\u00e1lnak a k\u00f6vetkez\u0151 esetekben:<\/p>\n<p>- Irrit\u00e1bilis b\u00e9l szindr\u00f3ma (irrit\u00e1bilis vastagb\u00e9l szindr\u00f3ma)<br \/>\n- A b\u00e9lny\u00e1lkah\u00e1rtya gyullad\u00e1sos betegs\u00e9gei (bele\u00e9rtve a gyullad\u00e1sos b\u00e9lbetegs\u00e9geket, k\u00fcl\u00f6nb\u00f6z\u0151 etiol\u00f3gi\u00e1j\u00fa hasmen\u00e9st)<br \/>\n- A b\u00e9lfl\u00f3ra zavara<br \/>\n- B\u00e9lfert\u0151z\u00e9sek \u00e9s hasmen\u00e9s (bele\u00e9rtve az antibiotikumok haszn\u00e1lat\u00e1b\u00f3l ered\u0151 hasmen\u00e9st is)<br \/>\n- R\u00f6vid sz\u00e9nl\u00e1nc\u00fa zs\u00edrsavak hi\u00e1nya<br \/>\n- B\u00e9lgyullad\u00e1s daganatos \u00e1llapotban sug\u00e1rkezel\u00e9s \u00e9s kemoter\u00e1pia ut\u00e1n<\/p>\n<p>A gyullad\u00e1sos b\u00e9lbetegs\u00e9gek a belek idiop\u00e1ti\u00e1s kr\u00f3nikus gyullad\u00e1sai. A gyullad\u00e1sos b\u00e9lbetegs\u00e9gek csoportj\u00e1ba tartozik a Crohn-betegs\u00e9g, a fek\u00e9lyes vastagb\u00e9lgyullad\u00e1s \u00e9s a hat\u00e1rozatlan vastagb\u00e9lgyullad\u00e1s.<\/p>\n<p>Hat\u00e1smechanizmus: A vastagb\u00e9lbakt\u00e9riumok egyik f\u0151 feladata az em\u00e9szthetetlen rostmaradv\u00e1nyok \u00e9s sz\u00e9nhidr\u00e1tok ferment\u00e1l\u00e1sa, mint p\u00e9ld\u00e1ul a kem\u00e9ny\u00edt\u0151, pektinek, cellul\u00f3z. Az erjed\u00e9s r\u00f6vid sz\u00e9nl\u00e1nc\u00fa zs\u00edrsavak (SFCA) k\u00e9pz\u0151d\u00e9s\u00e9hez vezet, amelyek k\u00f6z\u00fcl a legnagyobb mennyis\u00e9gben az acet\u00e1t, a propion\u00e1t \u00e9s a butir\u00e1t.<\/p>\n<p><strong>Adagol\u00e1s \u00e9s felhaszn\u00e1l\u00e1si m\u00f3d:<br \/>\n<\/strong><\/p>\n<p><em><strong>Feln\u0151ttek:<\/strong>\u00a0Naponta k\u00e9tszer 1 kapszula, reggel \u00e9s este \u00e9tkez\u00e9s k\u00f6zben vagy az orvos javaslata szerint. A term\u00e9k haszn\u00e1lata legal\u00e1bb 3 h\u00f3napig javasolt.<\/em><\/p>\n<p><em><strong>7 \u00e9vesn\u00e9l id\u0151sebb gyermekek:<\/strong>\u00a0Napi 1 kapszula, lehet\u0151leg este, \u00e9tkez\u00e9s k\u00f6zben A k\u00e9sz\u00edtm\u00e9ny haszn\u00e1lata javasolt legal\u00e1bb 6 h\u00e9tig. Az egy\u00e9ni ig\u00e9nyekt\u0151l f\u00fcgg\u0151en az orvos a term\u00e9k elt\u00e9r\u0151 adagol\u00e1s\u00e1t javasolhatja.<\/em><\/p>\n<p>Egy kapszula a term\u00e9kb\u0151l\u00a0<span class=\"intesta-boja\">B\u00e9l<\/span>\u00a0500 mg mikrogranul\u00e1lt n\u00e1trium-butir\u00e1tot \u00e9s n\u00f6v\u00e9nyi triglicerideket tartalmaz, ami 150 mg n\u00e1trium-butir\u00e1tnak felel meg. A mikrogranul\u00e1tum \u00f6sszet\u00e9tel lehet\u0151v\u00e9 teszi a n\u00e1trium-butir\u00e1t szab\u00e1lyozott felszabadul\u00e1s\u00e1t.<\/p>\n<p>A term\u00e9k nem alkalmas egyed\u00fcli t\u00e1pl\u00e1l\u00e9kforr\u00e1sk\u00e9nt t\u00f6rt\u00e9n\u0151 felhaszn\u00e1l\u00e1sra, a k\u00e9sz\u00edtm\u00e9nyt orvosi fel\u00fcgyelet mellett kell haszn\u00e1lni, feln\u0151tteknek \u00e9s 7 \u00e9v feletti gyermekeknek sz\u00e1nj\u00e1k. Ne szedje, ha t\u00fal\u00e9rz\u00e9kenys\u00e9g\/allergia van a k\u00e9sz\u00edtm\u00e9ny b\u00e1rmely \u00f6sszetev\u0151j\u00e9vel szemben, ne haszn\u00e1lja terhess\u00e9g \u00e9s szoptat\u00e1s alatt, a k\u00e9sz\u00edtm\u00e9nyt nem szabad haszn\u00e1lni, ha nincs olyan eg\u00e9szs\u00e9g\u00fcgyi \u00e1llapot, amelyre sz\u00e1nt\u00e1k.<\/p>\n<p>&nbsp;<\/p>\n<p><strong>Jegyzet:<\/strong>\u00a0Arra t\u00f6reksz\u00fcnk, hogy minden term\u00e9k le\u00edr\u00e1s\u00e1n\u00e1l a lehet\u0151 legpontosabbak legy\u00fcnk, de nem tudjuk garant\u00e1lni, hogy minden le\u00edr\u00e1s teljes \u00e9s hibamentes. K\u00f6sz\u00f6n\u00f6m a meg\u00e9rt\u00e9st.<br \/>\nAz oldalon felt\u00fcntetett \u00f6sszes elem k\u00edn\u00e1latunk r\u00e9sz\u00e9t k\u00e9pezi, de ez nem jelenti azt, hogy mindenkor el\u00e9rhet\u0151.<\/p>","protected":false},"featured_media":2479,"template":"","meta":[],"product_brand":[],"product_cat":[105,152],"product_tag":[377,376,264],"class_list":{"0":"post-2478","1":"product","2":"type-product","3":"status-publish","4":"has-post-thumbnail","6":"product_cat-dijareja-i-rehidratacija","7":"product_cat-preparati-za-praznjenje-creva","8":"product_tag-crevna-flora","9":"product_tag-gastrointestinalni-poremecaji","10":"product_tag-nadutost","11":"pa_brend-hemofarm","13":"first","14":"instock","15":"shipping-taxable","16":"purchasable","17":"product-type-simple"},"ams_default_variation_id":0,"ams_product_points_reward":[],"ams_product_discount_percentage":0,"ams_price_to_display":1440,"ams_acf":[],"jetpack_sharing_enabled":true,"_links":{"self":[{"href":"https:\/\/apotekar-online.rs\/hu\/wp-json\/wp\/v2\/product\/2478","targetHints":{"allow":["GET"]}}],"collection":[{"href":"https:\/\/apotekar-online.rs\/hu\/wp-json\/wp\/v2\/product"}],"about":[{"href":"https:\/\/apotekar-online.rs\/hu\/wp-json\/wp\/v2\/types\/product"}],"wp:featuredmedia":[{"embeddable":true,"href":"https:\/\/apotekar-online.rs\/hu\/wp-json\/wp\/v2\/media\/2479"}],"wp:attachment":[{"href":"https:\/\/apotekar-online.rs\/hu\/wp-json\/wp\/v2\/media?parent=2478"}],"wp:term":[{"taxonomy":"product_brand","embeddable":true,"href":"https:\/\/apotekar-online.rs\/hu\/wp-json\/wp\/v2\/product_brand?post=2478"},{"taxonomy":"product_cat","embeddable":true,"href":"https:\/\/apotekar-online.rs\/hu\/wp-json\/wp\/v2\/product_cat?post=2478"},{"taxonomy":"product_tag","embeddable":true,"href":"https:\/\/apotekar-online.rs\/hu\/wp-json\/wp\/v2\/product_tag?post=2478"}],"curies":[{"name":"wp","href":"https:\/\/api.w.org\/{rel}","templated":true}]}}

<p>Az Intesta egy diétás termék, amelyet standard gyógyszeres kezelés alatt álló betegek táplálkozási szükségleteinek kielégítésére vagy önálló kezelésként használnak a következő esetekben:</p>
<p>- Irritábilis bél szindróma (irritábilis vastagbél szindróma)<br />
- A bélnyálkahártya gyulladásos betegségei (beleértve a gyulladásos bélbetegségeket, különböző etiológiájú hasmenést)<br />
- A bélflóra zavara<br />
- Bélfertőzések és hasmenés (beleértve az antibiotikumok használatából eredő hasmenést is)<br />
- Rövid szénláncú zsírsavak hiánya<br />
- Bélgyulladás daganatos állapotban sugárkezelés és kemoterápia után</p>
<p>A gyulladásos bélbetegségek a belek idiopátiás krónikus gyulladásai. A gyulladásos bélbetegségek csoportjába tartozik a Crohn-betegség, a fekélyes vastagbélgyulladás és a határozatlan vastagbélgyulladás.</p>
<p>Hatásmechanizmus: A vastagbélbaktériumok egyik fő feladata az emészthetetlen rostmaradványok és szénhidrátok fermentálása, mint például a keményítő, pektinek, cellulóz. Az erjedés rövid szénláncú zsírsavak (SFCA) képződéséhez vezet, amelyek közül a legnagyobb mennyiségben az acetát, a propionát és a butirát.</p>
<p><strong>Adagolás és felhasználási mód:<br />
</strong></p>
<p><em><strong>Felnőttek:</strong> Naponta kétszer 1 kapszula, reggel és este étkezés közben vagy az orvos javaslata szerint. A termék használata legalább 3 hónapig javasolt.</em></p>
<p><em><strong>7 évesnél idősebb gyermekek:</strong> Napi 1 kapszula, lehetőleg este, étkezés közben A készítmény használata javasolt legalább 6 hétig. Az egyéni igényektől függően az orvos a termék eltérő adagolását javasolhatja.</em></p>
<p>Egy kapszula a termékből <span class="intesta-boja">Bél</span> 500 mg mikrogranulált nátrium-butirátot és növényi triglicerideket tartalmaz, ami 150 mg nátrium-butirátnak felel meg. A mikrogranulátum összetétel lehetővé teszi a nátrium-butirát szabályozott felszabadulását.</p>
<p>A termék nem alkalmas egyedüli táplálékforrásként történő felhasználásra, a készítményt orvosi felügyelet mellett kell használni, felnőtteknek és 7 év feletti gyermekeknek szánják. Ne szedje, ha túlérzékenység/allergia van a készítmény bármely összetevőjével szemben, ne használja terhesség és szoptatás alatt, a készítményt nem szabad használni, ha nincs olyan egészségügyi állapot, amelyre szánták.</p>
<p>&nbsp;</p>
<p><strong>Jegyzet:</strong> Arra törekszünk, hogy minden termék leírásánál a lehető legpontosabbak legyünk, de nem tudjuk garantálni, hogy minden leírás teljes és hibamentes. Köszönöm a megértést.<br />
Az oldalon feltüntetett összes elem kínálatunk részét képezi, de ez nem jelenti azt, hogy mindenkor elérhető.</p>
