{"id":2819,"date":"2023-04-23T09:40:45","date_gmt":"2023-04-23T11:40:45","guid":{"rendered":"https:\/\/apotekar-online.rs\/?post_type=product&#038;p=2819"},"modified":"2026-03-05T08:20:28","modified_gmt":"2026-03-05T10:20:28","slug":"frosh-baby-praskasti-detergent-1-215kg","status":"publish","type":"product","link":"https:\/\/apotekar-online.rs\/hu\/p\/frosh-baby-praskasti-detergent-1-215kg\/","title":{"rendered":"Frosh babapor mos\u00f3szer 1,215 kg"},"content":{"rendered":"","protected":false},"excerpt":{"rendered":"<p>Frosh babapor mos\u00f3szer 1,215 kg<br \/>\n\u2022 Velika snaga pranja \u010dak i upornih mrlja na baby ode\u0107i, na temperaturama izme\u0111u 20 \u00b0 &#8211; 95 \u00b0 C. Naro\u010dito za belo rublje, nije pogodno za vunu i svilu.<br \/>\n\u2022 A term\u00e9szetes, n\u00f6v\u00e9nyi alap\u00fa fel\u00fcletakt\u00edv anyagokat \u00e9s a B5 provitamint tartalmaz\u00f3 formula er\u0151teljes, de gyeng\u00e9d mos\u00e1si teljes\u00edtm\u00e9nyt biztos\u00edt.<br \/>\n\u2022 Kifejezetten csecsem\u0151k \u00e9s gyermekek ig\u00e9nyeire kifejlesztve, b\u0151rgy\u00f3gy\u00e1szatilag tesztelt. Alkalmas allergi\u00e1sok sz\u00e1m\u00e1ra, sz\u00ednez\u00e9k \u00e9s tart\u00f3s\u00edt\u00f3szer n\u00e9lk\u00fcl. Az illatanyagok elker\u00fcl\u00e9se cs\u00f6kkenti a b\u0151rirrit\u00e1ci\u00f3 kock\u00e1zat\u00e1t.<br \/>\n\u2022 Kartondoboz t\u00f6bb mint 80% \u00fajraz\u00e1rhat\u00f3 \u00fajrahasznos\u00edtott pap\u00edrral \u2013 \u00fajrahasznos\u00edthat\u00f3<\/p>\n<p>Pakovanje:1.215 kg.<\/p>\n<p>&nbsp;<\/p>\n<p><strong>Jegyzet:<\/strong>\u00a0Arra t\u00f6reksz\u00fcnk, hogy minden term\u00e9k le\u00edr\u00e1s\u00e1n\u00e1l a lehet\u0151 legpontosabbak legy\u00fcnk, de nem tudjuk garant\u00e1lni, hogy minden le\u00edr\u00e1s teljes \u00e9s hibamentes. K\u00f6sz\u00f6n\u00f6m a meg\u00e9rt\u00e9st.<br \/>\nAz oldalon felt\u00fcntetett \u00f6sszes elem k\u00edn\u00e1latunk r\u00e9sz\u00e9t k\u00e9pezi, de ez nem jelenti azt, hogy mindenkor el\u00e9rhet\u0151.<\/p>","protected":false},"featured_media":2820,"template":"","meta":[],"product_brand":[],"product_cat":[340,385,224],"product_tag":[410,409,411,299],"class_list":{"0":"post-2819","1":"product","2":"type-product","3":"status-publish","4":"has-post-thumbnail","6":"product_cat-deciji-program","7":"product_cat-bebi-oprema","8":"product_cat-kozmetika-za-decu","9":"product_tag-deterdzenti-i-praskovi-za-bebine-stvari","10":"product_tag-kozmetika-za-decu","11":"product_tag-nega-dece","12":"product_tag-nega-koze","13":"pa_brend-frosch","15":"first","16":"instock","17":"shipping-taxable","18":"product-type-simple"},"ams_default_variation_id":0,"ams_product_points_reward":[],"ams_product_discount_percentage":0,"ams_price_to_display":0,"ams_acf":[],"jetpack_sharing_enabled":true,"_links":{"self":[{"href":"https:\/\/apotekar-online.rs\/hu\/wp-json\/wp\/v2\/product\/2819","targetHints":{"allow":["GET"]}}],"collection":[{"href":"https:\/\/apotekar-online.rs\/hu\/wp-json\/wp\/v2\/product"}],"about":[{"href":"https:\/\/apotekar-online.rs\/hu\/wp-json\/wp\/v2\/types\/product"}],"wp:featuredmedia":[{"embeddable":true,"href":"https:\/\/apotekar-online.rs\/hu\/wp-json\/wp\/v2\/media\/2820"}],"wp:attachment":[{"href":"https:\/\/apotekar-online.rs\/hu\/wp-json\/wp\/v2\/media?parent=2819"}],"wp:term":[{"taxonomy":"product_brand","embeddable":true,"href":"https:\/\/apotekar-online.rs\/hu\/wp-json\/wp\/v2\/product_brand?post=2819"},{"taxonomy":"product_cat","embeddable":true,"href":"https:\/\/apotekar-online.rs\/hu\/wp-json\/wp\/v2\/product_cat?post=2819"},{"taxonomy":"product_tag","embeddable":true,"href":"https:\/\/apotekar-online.rs\/hu\/wp-json\/wp\/v2\/product_tag?post=2819"}],"curies":[{"name":"wp","href":"https:\/\/api.w.org\/{rel}","templated":true}]}}

Frosh babapor mosószer 1,215 kg

<p>Frosh babapor mosószer 1,215 kg<br />
• Velika snaga pranja čak i upornih mrlja na baby odeći, na temperaturama između 20 ° &#8211; 95 ° C. Naročito za belo rublje, nije pogodno za vunu i svilu.<br />
• A természetes, növényi alapú felületaktív anyagokat és a B5 provitamint tartalmazó formula erőteljes, de gyengéd mosási teljesítményt biztosít.<br />
• Kifejezetten csecsemők és gyermekek igényeire kifejlesztve, bőrgyógyászatilag tesztelt. Alkalmas allergiások számára, színezék és tartósítószer nélkül. Az illatanyagok elkerülése csökkenti a bőrirritáció kockázatát.<br />
• Kartondoboz több mint 80% újrazárható újrahasznosított papírral – újrahasznosítható</p>
<p>Pakovanje:1.215 kg.</p>
<p>&nbsp;</p>
<p><strong>Jegyzet:</strong> Arra törekszünk, hogy minden termék leírásánál a lehető legpontosabbak legyünk, de nem tudjuk garantálni, hogy minden leírás teljes és hibamentes. Köszönöm a megértést.<br />
Az oldalon feltüntetett összes elem kínálatunk részét képezi, de ez nem jelenti azt, hogy mindenkor elérhető.</p>
