{"id":2919,"date":"2023-04-24T07:59:24","date_gmt":"2023-04-24T09:59:24","guid":{"rendered":"https:\/\/apotekar-online.rs\/?post_type=product&#038;p=2919"},"modified":"2026-03-05T08:20:23","modified_gmt":"2026-03-05T10:20:23","slug":"curaprox-kids-ecset","status":"publish","type":"product","link":"https:\/\/apotekar-online.rs\/hu\/p\/curaprox-kids-cetkica\/","title":{"rendered":"Curaprox gyerek ecset"},"content":{"rendered":"","protected":false},"excerpt":{"rendered":"<p>Kis kefefej t\u00f6bb mint 5500 s\u00f6rt\u00e9kkel.<\/p>\n<p>Ha a kicsiknek megvan az \u00f6sszes tejfoga, az \u00e1ltal\u00e1ban annak a jele, hogy valamivel nagyobb, de m\u00e9g mindig el\u00e9g kicsi kef\u00e9re van sz\u00fcks\u00e9ge extra puha \u00e9s s\u0171r\u0171 s\u00f6rt\u00e9kkel.<br \/>\nA Curaprox gyerekkef\u00e9k kis fejjel rendelkeznek, amely el\u00e9ri a nehezen el\u00e9rhet\u0151 helyeket a sz\u00e1jban. T\u00f6bb mint 5000 ultrapuha Curen\u00ae sz\u00e1l van a kefefejhez r\u00f6gz\u00edtve, hogy gyeng\u00e9d \u00e9s hat\u00e9kony tiszt\u00edt\u00e1st biztos\u00edtsanak m\u00e9g a fogak \u00e9s az \u00edny hat\u00e1r\u00e1n is, ahol a leped\u00e9k okozza a legt\u00f6bb probl\u00e9m\u00e1t.<\/p>\n<p>A Curaprox gyerekkef\u00e9k 4 \u00e9s 12 \u00e9v k\u00f6z\u00f6tti gyermekek sz\u00e1m\u00e1ra k\u00e9sz\u00fcltek.<\/p>\n<p>A nyolcsz\u00f6glet\u0171 foganty\u00fa megk\u00f6nny\u00edti a fog\u00e1st, \u00e9s seg\u00edt a der\u00e9ksz\u00f6g\u0171 tiszt\u00edt\u00e1sn\u00e1l.<\/p>\n<p>A Curaprox gyerek fogkefe a k\u00f6vetkez\u0151ket tartalmazza:<\/p>\n<ul>\n<li>\u00a0 Kis fej, amely el\u00e9ri a nehezen el\u00e9rhet\u0151 helyeket<\/li>\n<li>\u00a0 5500 rendk\u00edv\u00fcl puha Curen\u00ae sz\u00e1l, 0,08 mm \u00e1tm\u00e9r\u0151j\u0171<\/li>\n<li>\u00a0 Nyolcsz\u00f6glet\u0171 foganty\u00fa a fog\u00e1shoz \u00e9s a fogmos\u00e1shoz<\/li>\n<\/ul>\n<p>Gy\u00e1rt\u00f3: Curaden International AG, Sv\u00e1jc.<\/p>\n<p><strong>Jegyzet:<\/strong>\u00a0Arra t\u00f6reksz\u00fcnk, hogy minden term\u00e9k le\u00edr\u00e1s\u00e1n\u00e1l a lehet\u0151 legpontosabbak legy\u00fcnk, de nem tudjuk garant\u00e1lni, hogy minden le\u00edr\u00e1s teljes \u00e9s hibamentes. K\u00f6sz\u00f6n\u00f6m a meg\u00e9rt\u00e9st.<br \/>\nAz oldalon felt\u00fcntetett \u00f6sszes elem k\u00edn\u00e1latunk r\u00e9sz\u00e9t k\u00e9pezi, de ez nem jelenti azt, hogy mindenkor el\u00e9rhet\u0151.<\/p>","protected":false},"featured_media":2923,"template":"","meta":[],"product_brand":[],"product_cat":[340,224],"product_tag":[462,379,409,411],"class_list":{"0":"post-2919","1":"product","2":"type-product","3":"status-publish","4":"has-post-thumbnail","6":"product_cat-deciji-program","7":"product_cat-kozmetika-za-decu","8":"product_tag-cetkice-za-zube","9":"product_tag-higijena-zuba","10":"product_tag-kozmetika-za-decu","11":"product_tag-nega-dece","12":"pa_brend-curaprox","14":"first","15":"instock","16":"shipping-taxable","17":"purchasable","18":"product-type-simple"},"ams_default_variation_id":0,"ams_product_points_reward":[],"ams_product_discount_percentage":0,"ams_price_to_display":640,"ams_acf":[],"jetpack_sharing_enabled":true,"_links":{"self":[{"href":"https:\/\/apotekar-online.rs\/hu\/wp-json\/wp\/v2\/product\/2919","targetHints":{"allow":["GET"]}}],"collection":[{"href":"https:\/\/apotekar-online.rs\/hu\/wp-json\/wp\/v2\/product"}],"about":[{"href":"https:\/\/apotekar-online.rs\/hu\/wp-json\/wp\/v2\/types\/product"}],"wp:featuredmedia":[{"embeddable":true,"href":"https:\/\/apotekar-online.rs\/hu\/wp-json\/wp\/v2\/media\/2923"}],"wp:attachment":[{"href":"https:\/\/apotekar-online.rs\/hu\/wp-json\/wp\/v2\/media?parent=2919"}],"wp:term":[{"taxonomy":"product_brand","embeddable":true,"href":"https:\/\/apotekar-online.rs\/hu\/wp-json\/wp\/v2\/product_brand?post=2919"},{"taxonomy":"product_cat","embeddable":true,"href":"https:\/\/apotekar-online.rs\/hu\/wp-json\/wp\/v2\/product_cat?post=2919"},{"taxonomy":"product_tag","embeddable":true,"href":"https:\/\/apotekar-online.rs\/hu\/wp-json\/wp\/v2\/product_tag?post=2919"}],"curies":[{"name":"wp","href":"https:\/\/api.w.org\/{rel}","templated":true}]}}

<p>Kis kefefej több mint 5500 sörtékkel.</p>
<p>Ha a kicsiknek megvan az összes tejfoga, az általában annak a jele, hogy valamivel nagyobb, de még mindig elég kicsi kefére van szüksége extra puha és sűrű sörtékkel.<br />
A Curaprox gyerekkefék kis fejjel rendelkeznek, amely eléri a nehezen elérhető helyeket a szájban. Több mint 5000 ultrapuha Curen® szál van a kefefejhez rögzítve, hogy gyengéd és hatékony tisztítást biztosítsanak még a fogak és az íny határán is, ahol a lepedék okozza a legtöbb problémát.</p>
<p>A Curaprox gyerekkefék 4 és 12 év közötti gyermekek számára készültek.</p>
<p>A nyolcszögletű fogantyú megkönnyíti a fogást, és segít a derékszögű tisztításnál.</p>
<p>A Curaprox gyerek fogkefe a következőket tartalmazza:</p>
<ul>
<li>  Kis fej, amely eléri a nehezen elérhető helyeket</li>
<li>  5500 rendkívül puha Curen® szál, 0,08 mm átmérőjű</li>
<li>  Nyolcszögletű fogantyú a fogáshoz és a fogmosáshoz</li>
</ul>
<p>Gyártó: Curaden International AG, Svájc.</p>
<p><strong>Jegyzet:</strong> Arra törekszünk, hogy minden termék leírásánál a lehető legpontosabbak legyünk, de nem tudjuk garantálni, hogy minden leírás teljes és hibamentes. Köszönöm a megértést.<br />
Az oldalon feltüntetett összes elem kínálatunk részét képezi, de ez nem jelenti azt, hogy mindenkor elérhető.</p>
