{"id":2964,"date":"2023-04-24T09:13:50","date_gmt":"2023-04-24T11:13:50","guid":{"rendered":"https:\/\/apotekar-online.rs\/?post_type=product&#038;p=2964"},"modified":"2026-03-05T08:19:40","modified_gmt":"2026-03-05T10:19:40","slug":"curaprox-baba-cumi-2-es-narancssarga","status":"publish","type":"product","link":"https:\/\/apotekar-online.rs\/hu\/p\/curaprox-baby-duda-velicina-2-narandzasta\/","title":{"rendered":"Curaprox baba cumi, 2-es m\u00e9ret, narancs"},"content":{"rendered":"","protected":false},"excerpt":{"rendered":"<p>A Curaprox babacumit 18-36 h\u00f3napos, illetve 10-14 kilogramm s\u00faly\u00fa bab\u00e1knak sz\u00e1nt\u00e1k.<\/p>\n<p>A cumi szilikonb\u00f3l k\u00e9sz\u00fclt. Nem tartalmaz biszfenol A-t (BPA), ftal\u00e1tokat \u00e9s AZO sz\u00ednez\u00e9keket.<\/p>\n<p>Mit jelent a Curaprox Baby cumi biofunkcionalit\u00e1sa?<\/p>\n<p>A cumit \u00fagy tervezt\u00e9k, hogy haszn\u00e1lata ne okozzon nemk\u00edv\u00e1natos hat\u00e1sokat, p\u00e9ld\u00e1ul az \u00e1llkapocs deform\u00e1ci\u00f3j\u00e1t \u00e9s a sz\u00e1jon kereszt\u00fcli l\u00e9gz\u00e9si neh\u00e9zs\u00e9geket.<\/p>\n<p>A sz\u00edv\u00f3r\u00e9sz lapos r\u00e9sze nem nyomja a sz\u00e1jpadl\u00e1st, \u00edgy megfelel\u0151 \u00edv j\u00f6n l\u00e9tre. A cumi megakad\u00e1lyozza a ny\u00edlt harap\u00e1st \u00e9s a szab\u00e1lytalan fogz\u00e1st, valamint el\u0151seg\u00edti a megfelel\u0151 l\u00e9gz\u00e9st \u00e9s alv\u00e1st.<\/p>\n<p>A cumi oldals\u00f3 sz\u00e1rnyai a nyom\u00e1st a szop\u00e1s sor\u00e1n az \u00e1llkapocs fel\u00e9 ir\u00e1ny\u00edtj\u00e1k, \u00e9s nem a sz\u00e1jpadl\u00e1s fel\u00e9, \u00edgy a fogak \u00edve megfelel\u0151 lekerek\u00edtett alakot kap.<\/p>\n<p>A cumi \u00e1ll\u00edthat\u00f3 szilikon pajzsa enyhe bord\u00e1zattal a szoptat\u00e1shoz hasonl\u00f3 \u00e9rz\u00e9st k\u00f6lcs\u00f6n\u00f6z a bab\u00e1nak, \u00f6szt\u00f6nzi az \u00e9rz\u00e9kszervi \u00e9s mozg\u00e1sfejl\u0151d\u00e9st, seg\u00edti a nyel\u00e9s term\u00e9szetes folyamat\u00e1nak kialakul\u00e1s\u00e1t.<\/p>\n<p>A szok\u00e1sos sz\u00e1jr\u00e9sz v\u00e1kuumot hoz l\u00e9tre a gyermek \u00fcreg\u00e9ben, \u00e9s \u00edgy nyom\u00e1st gyakorol a sz\u00e1jpadl\u00e1sra. A Curaprox Baby r\u00f6gz\u00edt\u0151 nyom\u00e1st gyakorol az \u00e1llkapocsra, ami kit\u00e1gul. \u00cdgy jelent\u0151sen cs\u00f6kken az olyan szab\u00e1lytalans\u00e1gok kialakul\u00e1s\u00e1nak lehet\u0151s\u00e9ge, mint a keresztharap\u00e1s \u00e9s a ny\u00edlt harap\u00e1s.<\/p>\n<p>A cumit \u00fagy tervezt\u00e9k, hogy ne lehessen lenyelni. Ha a baba m\u00e9g a cumit is a sz\u00e1j\u00e1ba veszi, nyugodtan \u00e9s \u00f3vatosan vegy\u00fck ki.<\/p>\n<p>Ne m\u00e1rtsa a cumit cukros \u00e9telekbe vagy gy\u00f3gyszerekbe. Az \u00e9des \u00e9telek hosszan tart\u00f3 szop\u00e1sa n\u00f6veli a fogszuvasod\u00e1s kock\u00e1zat\u00e1t.<\/p>\n<p>A cumi nem r\u00e1g\u00f3j\u00e1t\u00e9k.<\/p>\n<p>Javasoljuk, hogy a baba legk\u00e9s\u0151bb 36 h\u00f3napos kor\u00e1ig (3 \u00e9ves korig) haszn\u00e1ljon cumit.<\/p>\n<p>Gyermeke biztons\u00e1ga \u00e9rdek\u00e9ben minden haszn\u00e1lat el\u0151tt alaposan vizsg\u00e1lja meg a cumit \u2013 k\u00fcl\u00f6n\u00f6sen akkor, ha a baba fogat. H\u00fazza a cumit minden ir\u00e1nyba. A s\u00e9r\u00fcl\u00e9s vagy elhaszn\u00e1l\u00f3d\u00e1s els\u0151 jel\u00e9re azonnal dobja ki a cumit.<\/p>\n<p>Csak az EAN 12586 szerint tesztelt, dedik\u00e1lt cumitart\u00f3t haszn\u00e1ljon.<\/p>\n<p>A tiszt\u00edt\u00e1shoz haszn\u00e1ljon l\u00e1gy vizet, mivel a v\u00edzk\u0151lerak\u00f3d\u00e1sok optim\u00e1lis k\u00f6rnyezetet teremtenek a bakt\u00e9riumok szaporod\u00e1s\u00e1hoz. Ha sz\u00fcks\u00e9ges, enyhe tiszt\u00edt\u00f3szappant is haszn\u00e1lhat. Az els\u0151 haszn\u00e1lat el\u0151tt \u00e1ztassa a cumit forr\u00e1sban l\u00e9v\u0151 v\u00edzbe \u00f6t percre. Hagyja kih\u0171lni, \u00e9s higi\u00e9niai okokb\u00f3l engedje le a vizet.<\/p>\n<p>Gy\u00e1rt\u00f3: Curaden International AG, Sv\u00e1jc.<\/p>\n<p><strong>Jegyzet:<\/strong>\u00a0Arra t\u00f6reksz\u00fcnk, hogy minden term\u00e9k le\u00edr\u00e1s\u00e1n\u00e1l a lehet\u0151 legpontosabbak legy\u00fcnk, de nem tudjuk garant\u00e1lni, hogy minden le\u00edr\u00e1s teljes \u00e9s hibamentes. K\u00f6sz\u00f6n\u00f6m a meg\u00e9rt\u00e9st.<br \/>\nAz oldalon felt\u00fcntetett \u00f6sszes elem k\u00edn\u00e1latunk r\u00e9sz\u00e9t k\u00e9pezi, de ez nem jelenti azt, hogy mindenkor el\u00e9rhet\u0151.<\/p>","protected":false},"featured_media":2965,"template":"","meta":[],"product_brand":[],"product_cat":[340,385,121,224],"product_tag":[472,470,379,409,465,396],"class_list":{"0":"post-2964","1":"product","2":"type-product","3":"status-publish","4":"has-post-thumbnail","6":"product_cat-deciji-program","7":"product_cat-bebi-oprema","8":"product_cat-higijena-usta-i-zuba","9":"product_cat-kozmetika-za-decu","10":"product_tag-curaprox","11":"product_tag-duda-za-bebe","12":"product_tag-higijena-zuba","13":"product_tag-kozmetika-za-decu","14":"product_tag-nega-desni","15":"product_tag-varalice","16":"pa_brend-curaprox","18":"first","19":"instock","20":"shipping-taxable","21":"purchasable","22":"product-type-simple"},"ams_default_variation_id":0,"ams_product_points_reward":[],"ams_product_discount_percentage":0,"ams_price_to_display":1260,"ams_acf":[],"jetpack_sharing_enabled":true,"_links":{"self":[{"href":"https:\/\/apotekar-online.rs\/hu\/wp-json\/wp\/v2\/product\/2964","targetHints":{"allow":["GET"]}}],"collection":[{"href":"https:\/\/apotekar-online.rs\/hu\/wp-json\/wp\/v2\/product"}],"about":[{"href":"https:\/\/apotekar-online.rs\/hu\/wp-json\/wp\/v2\/types\/product"}],"wp:featuredmedia":[{"embeddable":true,"href":"https:\/\/apotekar-online.rs\/hu\/wp-json\/wp\/v2\/media\/2965"}],"wp:attachment":[{"href":"https:\/\/apotekar-online.rs\/hu\/wp-json\/wp\/v2\/media?parent=2964"}],"wp:term":[{"taxonomy":"product_brand","embeddable":true,"href":"https:\/\/apotekar-online.rs\/hu\/wp-json\/wp\/v2\/product_brand?post=2964"},{"taxonomy":"product_cat","embeddable":true,"href":"https:\/\/apotekar-online.rs\/hu\/wp-json\/wp\/v2\/product_cat?post=2964"},{"taxonomy":"product_tag","embeddable":true,"href":"https:\/\/apotekar-online.rs\/hu\/wp-json\/wp\/v2\/product_tag?post=2964"}],"curies":[{"name":"wp","href":"https:\/\/api.w.org\/{rel}","templated":true}]}}

Curaprox baba cumi, 2-es méret, narancs

<p>A Curaprox babacumit 18-36 hónapos, illetve 10-14 kilogramm súlyú babáknak szánták.</p>
<p>A cumi szilikonból készült. Nem tartalmaz biszfenol A-t (BPA), ftalátokat és AZO színezékeket.</p>
<p>Mit jelent a Curaprox Baby cumi biofunkcionalitása?</p>
<p>A cumit úgy tervezték, hogy használata ne okozzon nemkívánatos hatásokat, például az állkapocs deformációját és a szájon keresztüli légzési nehézségeket.</p>
<p>A szívórész lapos része nem nyomja a szájpadlást, így megfelelő ív jön létre. A cumi megakadályozza a nyílt harapást és a szabálytalan fogzást, valamint elősegíti a megfelelő légzést és alvást.</p>
<p>A cumi oldalsó szárnyai a nyomást a szopás során az állkapocs felé irányítják, és nem a szájpadlás felé, így a fogak íve megfelelő lekerekített alakot kap.</p>
<p>A cumi állítható szilikon pajzsa enyhe bordázattal a szoptatáshoz hasonló érzést kölcsönöz a babának, ösztönzi az érzékszervi és mozgásfejlődést, segíti a nyelés természetes folyamatának kialakulását.</p>
<p>A szokásos szájrész vákuumot hoz létre a gyermek üregében, és így nyomást gyakorol a szájpadlásra. A Curaprox Baby rögzítő nyomást gyakorol az állkapocsra, ami kitágul. Így jelentősen csökken az olyan szabálytalanságok kialakulásának lehetősége, mint a keresztharapás és a nyílt harapás.</p>
<p>A cumit úgy tervezték, hogy ne lehessen lenyelni. Ha a baba még a cumit is a szájába veszi, nyugodtan és óvatosan vegyük ki.</p>
<p>Ne mártsa a cumit cukros ételekbe vagy gyógyszerekbe. Az édes ételek hosszan tartó szopása növeli a fogszuvasodás kockázatát.</p>
<p>A cumi nem rágójáték.</p>
<p>Javasoljuk, hogy a baba legkésőbb 36 hónapos koráig (3 éves korig) használjon cumit.</p>
<p>Gyermeke biztonsága érdekében minden használat előtt alaposan vizsgálja meg a cumit – különösen akkor, ha a baba fogat. Húzza a cumit minden irányba. A sérülés vagy elhasználódás első jelére azonnal dobja ki a cumit.</p>
<p>Csak az EAN 12586 szerint tesztelt, dedikált cumitartót használjon.</p>
<p>A tisztításhoz használjon lágy vizet, mivel a vízkőlerakódások optimális környezetet teremtenek a baktériumok szaporodásához. Ha szükséges, enyhe tisztítószappant is használhat. Az első használat előtt áztassa a cumit forrásban lévő vízbe öt percre. Hagyja kihűlni, és higiéniai okokból engedje le a vizet.</p>
<p>Gyártó: Curaden International AG, Svájc.</p>
<p><strong>Jegyzet:</strong> Arra törekszünk, hogy minden termék leírásánál a lehető legpontosabbak legyünk, de nem tudjuk garantálni, hogy minden leírás teljes és hibamentes. Köszönöm a megértést.<br />
Az oldalon feltüntetett összes elem kínálatunk részét képezi, de ez nem jelenti azt, hogy mindenkor elérhető.</p>
