{"id":3039,"date":"2023-04-30T14:53:41","date_gmt":"2023-04-30T16:53:41","guid":{"rendered":"https:\/\/apotekar-online.rs\/?post_type=product&#038;p=3039"},"modified":"2026-03-05T08:19:38","modified_gmt":"2026-03-05T10:19:38","slug":"vitamin-b12-kinder-spray-20ml","status":"publish","type":"product","link":"https:\/\/apotekar-online.rs\/hu\/p\/vitamin-b12-kinder-spray-20ml\/","title":{"rendered":"B12-vitamin Kinder spray 20ml"},"content":{"rendered":"","protected":false},"excerpt":{"rendered":"<p>B12-vitamin (metilkobalamin) sz\u00e1jon \u00e1t alkalmazand\u00f3 spray form\u00e1j\u00e1ban.<br \/>\n3\u00b5g adag - 160 adag egy csomagban - egyszer\u0171 adagol\u00e1ssal: naponta egyszer.<br \/>\nN\u00e9gy \u00e9v feletti gyermekek sz\u00e1m\u00e1ra k\u00e9sz\u00fclt.<br \/>\nT\u00e1mogatja az idegrendszer, az immunrendszer \u00e9s a gyomor-b\u00e9lrendszer norm\u00e1l m\u0171k\u00f6d\u00e9s\u00e9t.<br \/>\nA megfelel\u0151 eritropo\u00e9zis t\u00e1mogat\u00e1sa.<br \/>\nNem tartalmaz alkoholt.<br \/>\nAlkalmas veg\u00e1nok \u00e9s veget\u00e1ri\u00e1nusok sz\u00e1m\u00e1ra.<\/p>\n<p><strong>Adagol\u00e1s \u00e9s felhaszn\u00e1l\u00e1si m\u00f3d:<br \/>\n<\/strong>4 \u00e9vesn\u00e9l id\u0151sebb gyermekek - naponta egyszer vigyen fel egy adag spray-t a gyermeknek k\u00f6zvetlen\u00fcl a sz\u00e1j\u00e1ba. Haszn\u00e1lat el\u0151tt r\u00e1zza fel az \u00fcveget a tartalm\u00e1val egy\u00fctt.<br \/>\nA B12-vitamin aj\u00e1nlott napi bevitele (PDU) feln\u0151tteknek (14 \u00e9v felett) 2,5 \u00b5g. A B12 Kinder term\u00e9kspray sz\u00e1j\u00e1ba aj\u00e1nlott napi 1 permetez\u00e9ssel 3,0 \u00b5g B12-vitamint biztos\u00edt, ami 120,0% PDU (aj\u00e1nlott napi bevitel) a B12-vitamin eset\u00e9ben.<strong><br \/>\n<\/strong><\/p>\n<p><strong>Fogalmaz\u00e1s :<br \/>\n<\/strong>Hegyi forr\u00e1sv\u00edz, szerves eredet\u0171 glicerin (s\u0171r\u00edt\u0151), xilit (\u00e9des\u00edt\u0151szer), citromsav, k\u00e1lium-szorb\u00e1t (tart\u00f3s\u00edt\u00f3szer).<\/p>\n<p><strong>Jegyzet:<\/strong>\u00a0Arra t\u00f6reksz\u00fcnk, hogy minden term\u00e9k le\u00edr\u00e1s\u00e1n\u00e1l a lehet\u0151 legpontosabbak legy\u00fcnk, de nem tudjuk garant\u00e1lni, hogy minden le\u00edr\u00e1s teljes \u00e9s hibamentes. K\u00f6sz\u00f6n\u00f6m a meg\u00e9rt\u00e9st.<br \/>\nAz oldalon felt\u00fcntetett \u00f6sszes elem k\u00edn\u00e1latunk r\u00e9sz\u00e9t k\u00e9pezi, de ez nem jelenti azt, hogy mindenkor el\u00e9rhet\u0151.<\/p>\n<p>&nbsp;<\/p>","protected":false},"featured_media":3040,"template":"","meta":[],"product_brand":[],"product_cat":[340,106,127],"product_tag":[180,194,179,270,322,494,291],"class_list":{"0":"post-3039","1":"product","2":"type-product","3":"status-publish","4":"has-post-thumbnail","6":"product_cat-deciji-program","7":"product_cat-preparati-za-apetit-i-imunitet-kod-dece","8":"product_cat-vitamini-i-minerali-za-decu","9":"product_tag-deca","10":"product_tag-glicerin","11":"product_tag-imunitet","12":"product_tag-minerali","13":"product_tag-nervni-sistem","14":"product_tag-sprej","15":"product_tag-vitamin-b12","16":"pa_brend-vemax-pharma","18":"first","19":"outofstock","20":"shipping-taxable","21":"purchasable","22":"product-type-simple"},"ams_default_variation_id":0,"ams_product_points_reward":[],"ams_product_discount_percentage":0,"ams_price_to_display":2346,"ams_acf":[],"jetpack_sharing_enabled":true,"_links":{"self":[{"href":"https:\/\/apotekar-online.rs\/hu\/wp-json\/wp\/v2\/product\/3039","targetHints":{"allow":["GET"]}}],"collection":[{"href":"https:\/\/apotekar-online.rs\/hu\/wp-json\/wp\/v2\/product"}],"about":[{"href":"https:\/\/apotekar-online.rs\/hu\/wp-json\/wp\/v2\/types\/product"}],"wp:featuredmedia":[{"embeddable":true,"href":"https:\/\/apotekar-online.rs\/hu\/wp-json\/wp\/v2\/media\/3040"}],"wp:attachment":[{"href":"https:\/\/apotekar-online.rs\/hu\/wp-json\/wp\/v2\/media?parent=3039"}],"wp:term":[{"taxonomy":"product_brand","embeddable":true,"href":"https:\/\/apotekar-online.rs\/hu\/wp-json\/wp\/v2\/product_brand?post=3039"},{"taxonomy":"product_cat","embeddable":true,"href":"https:\/\/apotekar-online.rs\/hu\/wp-json\/wp\/v2\/product_cat?post=3039"},{"taxonomy":"product_tag","embeddable":true,"href":"https:\/\/apotekar-online.rs\/hu\/wp-json\/wp\/v2\/product_tag?post=3039"}],"curies":[{"name":"wp","href":"https:\/\/api.w.org\/{rel}","templated":true}]}}

<p>B12-vitamin (metilkobalamin) szájon át alkalmazandó spray formájában.<br />
3µg adag - 160 adag egy csomagban - egyszerű adagolással: naponta egyszer.<br />
Négy év feletti gyermekek számára készült.<br />
Támogatja az idegrendszer, az immunrendszer és a gyomor-bélrendszer normál működését.<br />
A megfelelő eritropoézis támogatása.<br />
Nem tartalmaz alkoholt.<br />
Alkalmas vegánok és vegetáriánusok számára.</p>
<p><strong>Adagolás és felhasználási mód:<br />
</strong>4 évesnél idősebb gyermekek - naponta egyszer vigyen fel egy adag spray-t a gyermeknek közvetlenül a szájába. Használat előtt rázza fel az üveget a tartalmával együtt.<br />
A B12-vitamin ajánlott napi bevitele (PDU) felnőtteknek (14 év felett) 2,5 µg. A B12 Kinder termékspray szájába ajánlott napi 1 permetezéssel 3,0 µg B12-vitamint biztosít, ami 120,0% PDU (ajánlott napi bevitel) a B12-vitamin esetében.<strong><br />
</strong></p>
<p><strong>Fogalmazás :<br />
</strong>Hegyi forrásvíz, szerves eredetű glicerin (sűrítő), xilit (édesítőszer), citromsav, kálium-szorbát (tartósítószer).</p>
<p><strong>Jegyzet:</strong> Arra törekszünk, hogy minden termék leírásánál a lehető legpontosabbak legyünk, de nem tudjuk garantálni, hogy minden leírás teljes és hibamentes. Köszönöm a megértést.<br />
Az oldalon feltüntetett összes elem kínálatunk részét képezi, de ez nem jelenti azt, hogy mindenkor elérhető.</p>
<p>&nbsp;</p>
