{"id":3141,"date":"2023-05-30T10:29:24","date_gmt":"2023-05-30T12:29:24","guid":{"rendered":"https:\/\/apotekar-online.rs\/?post_type=product&#038;p=3141"},"modified":"2026-03-05T08:19:36","modified_gmt":"2026-03-05T10:19:36","slug":"sebamed-naptej-spf-50-150-ml","status":"publish","type":"product","link":"https:\/\/apotekar-online.rs\/hu\/p\/sebamed-losion-za-suncanje-spf-50-150-ml\/","title":{"rendered":"Sebamed f\u00e9nyv\u00e9d\u0151 kr\u00e9m SPF 50+ 150 ml"},"content":{"rendered":"","protected":false},"excerpt":{"rendered":"<p>A Sebamed SPF 50+ naptej megb\u00edzhat\u00f3 UVA\/UVB v\u00e9delmet biztos\u00edt, amely kiegyens\u00falyozott pH-val. A rendk\u00edv\u00fcl hat\u00e9kony UVA\/UVB sz\u0171r\u0151rendszer mikropigmentekkel kombin\u00e1lva megakad\u00e1lyozza a napsug\u00e1rz\u00e1s okozta k\u00e1rosod\u00e1st \u00e9s irrit\u00e1ci\u00f3t.<\/p>\n<p><strong>Adagol\u00e1s \u00e9s felhaszn\u00e1l\u00e1si m\u00f3d:<br \/>\n<\/strong>Napoz\u00e1s el\u0151tt 15 perccel vigye fel a b\u0151r\u00e9re. Sz\u00fcks\u00e9g szerint ism\u00e9telje meg az alkalmaz\u00e1st, k\u00fcl\u00f6n\u00f6sen v\u00edzzel val\u00f3 megnedves\u00edt\u00e9s ut\u00e1n. Nagyon k\u00f6nnyen felvihet\u0151 \u00e9s nem zs\u00edros\u00edtja a b\u0151rt. V\u00edz\u00e1ll\u00f3. Gyermekekn\u00e9l is haszn\u00e1lhat\u00f3.<\/p>\n<p><strong>Fogalmaz\u00e1s :<br \/>\n<\/strong>A Sebamed naptej SPF 50+ \u00f6reged\u00e9sg\u00e1tl\u00f3 b\u0151rv\u00e9delmet biztos\u00edt E-vitaminnal \u00e9s regener\u00e1l\u00f3 B5 provitaminnal. A term\u00e9szetes Hydro-Fructol formula puh\u00e1v\u00e1 \u00e9s rugalmass\u00e1 teszi a napf\u00e9nynek kitett b\u0151rt, \u00e9s meg\u0151rzi rugalmass\u00e1g\u00e1t.<\/p>\n<p><strong>Jegyzet:<\/strong>\u00a0Arra t\u00f6reksz\u00fcnk, hogy minden term\u00e9k le\u00edr\u00e1s\u00e1n\u00e1l a lehet\u0151 legpontosabbak legy\u00fcnk, de nem tudjuk garant\u00e1lni, hogy minden le\u00edr\u00e1s teljes \u00e9s hibamentes. K\u00f6sz\u00f6n\u00f6m a meg\u00e9rt\u00e9st.<br \/>\nAz oldalon felt\u00fcntetett \u00f6sszes elem k\u00edn\u00e1latunk r\u00e9sz\u00e9t k\u00e9pezi, de ez nem jelenti azt, hogy mindenkor el\u00e9rhet\u0151.<\/p>","protected":false},"featured_media":3142,"template":"","meta":[],"product_brand":[],"product_cat":[340,224,547,178,177],"product_tag":[564,216,411,567,550,554,436,437,566,559],"class_list":{"0":"post-3141","1":"product","2":"type-product","3":"status-publish","4":"has-post-thumbnail","6":"product_cat-deciji-program","7":"product_cat-kozmetika-za-decu","8":"product_cat-kozmetika-i-nega-za-odrasle","9":"product_cat-nega-lica","10":"product_cat-nega-tela","11":"product_tag-kozmetika-za-odrasle","12":"product_tag-losion","13":"product_tag-nega-dece","14":"product_tag-regeneracija","15":"product_tag-sebamed","16":"product_tag-spf-50","17":"product_tag-uva-zastita","18":"product_tag-uvb-zastita","19":"product_tag-vodootporan","20":"product_tag-zastita-od-sunca","21":"pa_brend-sebamed","23":"first","24":"instock","25":"shipping-taxable","26":"purchasable","27":"product-type-simple"},"ams_default_variation_id":0,"ams_product_points_reward":[],"ams_product_discount_percentage":0,"ams_price_to_display":1550,"ams_acf":[],"jetpack_sharing_enabled":true,"_links":{"self":[{"href":"https:\/\/apotekar-online.rs\/hu\/wp-json\/wp\/v2\/product\/3141","targetHints":{"allow":["GET"]}}],"collection":[{"href":"https:\/\/apotekar-online.rs\/hu\/wp-json\/wp\/v2\/product"}],"about":[{"href":"https:\/\/apotekar-online.rs\/hu\/wp-json\/wp\/v2\/types\/product"}],"wp:featuredmedia":[{"embeddable":true,"href":"https:\/\/apotekar-online.rs\/hu\/wp-json\/wp\/v2\/media\/3142"}],"wp:attachment":[{"href":"https:\/\/apotekar-online.rs\/hu\/wp-json\/wp\/v2\/media?parent=3141"}],"wp:term":[{"taxonomy":"product_brand","embeddable":true,"href":"https:\/\/apotekar-online.rs\/hu\/wp-json\/wp\/v2\/product_brand?post=3141"},{"taxonomy":"product_cat","embeddable":true,"href":"https:\/\/apotekar-online.rs\/hu\/wp-json\/wp\/v2\/product_cat?post=3141"},{"taxonomy":"product_tag","embeddable":true,"href":"https:\/\/apotekar-online.rs\/hu\/wp-json\/wp\/v2\/product_tag?post=3141"}],"curies":[{"name":"wp","href":"https:\/\/api.w.org\/{rel}","templated":true}]}}

Sebamed fényvédő krém SPF 50+ 150 ml

<p>A Sebamed SPF 50+ naptej megbízható UVA/UVB védelmet biztosít, amely kiegyensúlyozott pH-val. A rendkívül hatékony UVA/UVB szűrőrendszer mikropigmentekkel kombinálva megakadályozza a napsugárzás okozta károsodást és irritációt.</p>
<p><strong>Adagolás és felhasználási mód:<br />
</strong>Napozás előtt 15 perccel vigye fel a bőrére. Szükség szerint ismételje meg az alkalmazást, különösen vízzel való megnedvesítés után. Nagyon könnyen felvihető és nem zsírosítja a bőrt. Vízálló. Gyermekeknél is használható.</p>
<p><strong>Fogalmazás :<br />
</strong>A Sebamed naptej SPF 50+ öregedésgátló bőrvédelmet biztosít E-vitaminnal és regeneráló B5 provitaminnal. A természetes Hydro-Fructol formula puhává és rugalmassá teszi a napfénynek kitett bőrt, és megőrzi rugalmasságát.</p>
<p><strong>Jegyzet:</strong> Arra törekszünk, hogy minden termék leírásánál a lehető legpontosabbak legyünk, de nem tudjuk garantálni, hogy minden leírás teljes és hibamentes. Köszönöm a megértést.<br />
Az oldalon feltüntetett összes elem kínálatunk részét képezi, de ez nem jelenti azt, hogy mindenkor elérhető.</p>
