{"id":3963,"date":"2023-08-28T08:30:10","date_gmt":"2023-08-28T10:30:10","guid":{"rendered":"https:\/\/apotekar-online.rs\/?post_type=product&#038;p=3963"},"modified":"2026-03-05T08:14:13","modified_gmt":"2026-03-05T10:14:13","slug":"elseve-total-repair-5-extreme-maska-za-kosu-300-ml","status":"publish","type":"product","link":"https:\/\/apotekar-online.rs\/hu\/p\/elseve-total-repair-5-extreme-maska-za-kosu-300-ml\/","title":{"rendered":"Elseve Total Repair 5 Extreme Hair maszk 300 ml"},"content":{"rendered":"","protected":false},"excerpt":{"rendered":"<p>MASKA ZA INTENZIVNO OBNAVLJANJE O\u0160TE\u0106ENE KOSE.<\/p>\n<p>Oznaka &#8222;5&#8220; se odnosi na pet znakova zdrave kose &#8211; otpornost, vitalnost, meko\u0107a, sjaj i rekonstrukisana zdrava vlas. Maska je bele boje, nije previ\u0161e kremasta i masna a miris je prijatan i osve\u017eavaju\u0107i. Za razliku od nekih L&#8217;oreal-ovih maski koje se prodaju u pakovanjima od 200ml, ova se prodaje u tzv. &#8222;profesionalnom formatu&#8220; \u0161to zna\u010di da ima 300ml.<\/p>\n<p>Posle prvog kori\u0161\u0107enja kosa izgleda vidno hidrirano, zdravije i sjajno. Ova maska ne ote\u017eava kosu. Ako imate jako suvu i o\u0161te\u0107enu kosu ne o\u010dekujte da vam ova maska u potpunosti re\u0161i taj problem (ali bi svakako bila dobra dopuna nekom ja\u010dem tretmanu).<\/p>\n<p><strong>Fogalmaz\u00e1s:<\/strong> AQUA \/ WATER,\u00a0 CETEARYL ALCOHOL,\u00a0 BEHENTRIMONIUM CHLORIDE,\u00a0 CETYL ESTERS,\u00a0 LACTIC ACID,\u00a0 PHENOXYETHANOL,\u00a0 ARGININE,\u00a0 TRIDECETH-6,\u00a0 CHLORHEXIDINE DIGLUCONATE,\u00a0 LIMONENE,\u00a0 LINALOOL,\u00a0 BENZYL ALCOHOL,\u00a0 AMODIMETHICONE,\u00a0 ISOPROPYL ALCOHOL,\u00a0 2-OLEAMIDO-1,3-OCTADECANEDIOL,\u00a0 SERINE,\u00a0 POTASSIUM HYDROXIDE,\u00a0 CETRIMONIUM CHLORIDE,\u00a0 CITRONELLOL,\u00a0 HEXYL CINNAMAL,\u00a0 PARFUM \/ FRAGRANCE<\/p>\n<p><strong>A ... haszna<\/strong>:Dobro ocedite kosu i nanesite masku na du\u017eine i krajeve. Ostavite da maska deluje 2-3 minuta, a zatim je isperite. U slu\u010daju kontakta sa o\u010dima, odmah ih temeljno isperite.<\/p>\n<p><strong>Jegyzet:<\/strong>\u00a0Arra t\u00f6reksz\u00fcnk, hogy minden term\u00e9k le\u00edr\u00e1s\u00e1n\u00e1l a lehet\u0151 legpontosabbak legy\u00fcnk, de nem tudjuk garant\u00e1lni, hogy minden le\u00edr\u00e1s teljes \u00e9s hibamentes. K\u00f6sz\u00f6n\u00f6m a meg\u00e9rt\u00e9st.<br \/>\nAz oldalon felt\u00fcntetett \u00f6sszes elem k\u00edn\u00e1latunk r\u00e9sz\u00e9t k\u00e9pezi, de ez nem jelenti azt, hogy mindenkor el\u00e9rhet\u0151.<\/p>","protected":false},"featured_media":3964,"template":"","meta":[],"product_brand":[],"product_cat":[547,147],"product_tag":[824,768,823,1188,1190,767,1189],"class_list":{"0":"post-3963","1":"product","2":"type-product","3":"status-publish","4":"has-post-thumbnail","6":"product_cat-kozmetika-i-nega-za-odrasle","7":"product_cat-samponi-za-negu-kose","8":"product_tag-maska-za-kosu","9":"product_tag-mekoca","10":"product_tag-ostecena-kosa","11":"product_tag-otpornost","12":"product_tag-rekonstrukisana-vlas","13":"product_tag-sjaj","14":"product_tag-vitalnost","15":"pa_brend-loreal-paris","17":"first","18":"instock","19":"shipping-taxable","20":"purchasable","21":"product-type-simple"},"ams_default_variation_id":0,"ams_product_points_reward":[],"ams_product_discount_percentage":0,"ams_price_to_display":570,"ams_acf":[],"jetpack_sharing_enabled":true,"_links":{"self":[{"href":"https:\/\/apotekar-online.rs\/hu\/wp-json\/wp\/v2\/product\/3963","targetHints":{"allow":["GET"]}}],"collection":[{"href":"https:\/\/apotekar-online.rs\/hu\/wp-json\/wp\/v2\/product"}],"about":[{"href":"https:\/\/apotekar-online.rs\/hu\/wp-json\/wp\/v2\/types\/product"}],"wp:featuredmedia":[{"embeddable":true,"href":"https:\/\/apotekar-online.rs\/hu\/wp-json\/wp\/v2\/media\/3964"}],"wp:attachment":[{"href":"https:\/\/apotekar-online.rs\/hu\/wp-json\/wp\/v2\/media?parent=3963"}],"wp:term":[{"taxonomy":"product_brand","embeddable":true,"href":"https:\/\/apotekar-online.rs\/hu\/wp-json\/wp\/v2\/product_brand?post=3963"},{"taxonomy":"product_cat","embeddable":true,"href":"https:\/\/apotekar-online.rs\/hu\/wp-json\/wp\/v2\/product_cat?post=3963"},{"taxonomy":"product_tag","embeddable":true,"href":"https:\/\/apotekar-online.rs\/hu\/wp-json\/wp\/v2\/product_tag?post=3963"}],"curies":[{"name":"wp","href":"https:\/\/api.w.org\/{rel}","templated":true}]}}

<p>MASKA ZA INTENZIVNO OBNAVLJANJE OŠTEĆENE KOSE.</p>
<p>Oznaka &#8222;5&#8220; se odnosi na pet znakova zdrave kose &#8211; otpornost, vitalnost, mekoća, sjaj i rekonstrukisana zdrava vlas. Maska je bele boje, nije previše kremasta i masna a miris je prijatan i osvežavajući. Za razliku od nekih L&#8217;oreal-ovih maski koje se prodaju u pakovanjima od 200ml, ova se prodaje u tzv. &#8222;profesionalnom formatu&#8220; što znači da ima 300ml.</p>
<p>Posle prvog korišćenja kosa izgleda vidno hidrirano, zdravije i sjajno. Ova maska ne otežava kosu. Ako imate jako suvu i oštećenu kosu ne očekujte da vam ova maska u potpunosti reši taj problem (ali bi svakako bila dobra dopuna nekom jačem tretmanu).</p>
<p><strong>Fogalmazás:</strong> AQUA / WATER,  CETEARYL ALCOHOL,  BEHENTRIMONIUM CHLORIDE,  CETYL ESTERS,  LACTIC ACID,  PHENOXYETHANOL,  ARGININE,  TRIDECETH-6,  CHLORHEXIDINE DIGLUCONATE,  LIMONENE,  LINALOOL,  BENZYL ALCOHOL,  AMODIMETHICONE,  ISOPROPYL ALCOHOL,  2-OLEAMIDO-1,3-OCTADECANEDIOL,  SERINE,  POTASSIUM HYDROXIDE,  CETRIMONIUM CHLORIDE,  CITRONELLOL,  HEXYL CINNAMAL,  PARFUM / FRAGRANCE</p>
<p><strong>A ... haszna</strong>:Dobro ocedite kosu i nanesite masku na dužine i krajeve. Ostavite da maska deluje 2-3 minuta, a zatim je isperite. U slučaju kontakta sa očima, odmah ih temeljno isperite.</p>
<p><strong>Jegyzet:</strong> Arra törekszünk, hogy minden termék leírásánál a lehető legpontosabbak legyünk, de nem tudjuk garantálni, hogy minden leírás teljes és hibamentes. Köszönöm a megértést.<br />
Az oldalon feltüntetett összes elem kínálatunk részét képezi, de ez nem jelenti azt, hogy mindenkor elérhető.</p>
