{"id":4136,"date":"2023-09-08T09:12:46","date_gmt":"2023-09-08T11:12:46","guid":{"rendered":"https:\/\/apotekar-online.rs\/?post_type=product&#038;p=4136"},"modified":"2026-03-05T08:13:31","modified_gmt":"2026-03-05T10:13:31","slug":"anaftin-gel-8-ml-2","status":"publish","type":"product","link":"https:\/\/apotekar-online.rs\/hu\/p\/anaftin-gel-8ml\/","title":{"rendered":"Anaftin g\u00e9l 8 ml"},"content":{"rendered":"","protected":false},"excerpt":{"rendered":"<p>Az Anaftin g\u00e9l seg\u00edt a sz\u00e1jban l\u00e9v\u0151 kisebb elv\u00e1ltoz\u00e1sok gy\u00f3gy\u00edt\u00e1s\u00e1ban, mint p\u00e9ld\u00e1ul:<\/p>\n<p>- sebek<\/p>\n<p>\u2013 ny\u00e1lkah\u00e1rtya s\u00e9r\u00fcl\u00e9sei<\/p>\n<p>A g\u00e9l f\u00e1jdalomcsillap\u00edt\u00f3, gyorsan hat \u00e9s hosszan tart\u00f3 hat\u00e1s\u00fa<\/p>\n<p>Polivinilpirrolidont \u00e9s hialuronsavat tartalmaz, amelyek v\u00e9d\u0151r\u00e9teget k\u00e9peznek, amely bevonja a sz\u00e1j\u00fcreget \u00e9s r\u00f6gz\u00edti azt.<\/p>\n<p>mechanikai g\u00e1t a f\u00e1jdalmas helyeken, \u00e9s \u00edgy csillap\u00edtja a szabadd\u00e1 v\u00e1lt idegv\u00e9gz\u0151d\u00e9sek okozta f\u00e1jdalmat.<\/p>\n<p>Az Anaftin g\u00e9l seg\u00edt enyh\u00edteni a sz\u00e1jban l\u00e9v\u0151 kisebb elv\u00e1ltoz\u00e1sok, p\u00e9ld\u00e1ul az afta okozta f\u00e1jdalmat<\/p>\n<p>aft\u00e1s sz\u00e1jgyullad\u00e1s, aft\u00e1s sebek, valamint korrekci\u00f3s prot\u00e9zisek \u00e9s rosszul illeszked\u0151 m\u0171pof\u00e1k okozta kisebb elv\u00e1ltoz\u00e1sok.<\/p>\n<p>Diff\u00faz aft\u00e1s fek\u00e9lyek eset\u00e9n is javallott.<\/p>\n<p>A hialuronsav \u00e9s az Aloe vera \u00f6sszet\u00e9tel\u00e9ben seg\u00edti a s\u00e9r\u00fclt sz\u00f6vetek term\u00e9szetes gy\u00f3gyul\u00e1s\u00e1t.<\/p>\n<p>&nbsp;<\/p>\n<p><strong>A ... haszna<\/strong> : Kis mennyis\u00e9g\u0171 g\u00e9lt k\u00f6zvetlen\u00fcl fel lehet kenni az afta kezel\u00e9s\u00e9re<\/p>\n<p>Feln\u0151tteknek \u00e9s gyerekeknek is, ha megfelel\u0151en tudj\u00e1k haszn\u00e1lni ezt a term\u00e9ket<\/p>\n<p><strong>Jegyzet:<\/strong>\u00a0Arra t\u00f6reksz\u00fcnk, hogy minden term\u00e9k le\u00edr\u00e1s\u00e1n\u00e1l a lehet\u0151 legpontosabbak legy\u00fcnk, de nem tudjuk garant\u00e1lni, hogy minden le\u00edr\u00e1s teljes \u00e9s hibamentes. K\u00f6sz\u00f6n\u00f6m a meg\u00e9rt\u00e9st.<br \/>\nAz oldalon felt\u00fcntetett \u00f6sszes elem k\u00edn\u00e1latunk r\u00e9sz\u00e9t k\u00e9pezi, de ez nem jelenti azt, hogy mindenkor el\u00e9rhet\u0151.<\/p>\n<p>&nbsp;<\/p>","protected":false},"featured_media":4137,"template":"","meta":[],"product_brand":[],"product_cat":[121],"product_tag":[1120,1267,1266],"class_list":{"0":"post-4136","1":"product","2":"type-product","3":"status-publish","4":"has-post-thumbnail","6":"product_cat-higijena-usta-i-zuba","7":"product_tag-afte","8":"product_tag-povrede-sluzokoze","9":"product_tag-ranice-u-ustima","11":"first","12":"outofstock","13":"shipping-taxable","14":"product-type-simple"},"ams_default_variation_id":0,"ams_product_points_reward":[],"ams_product_discount_percentage":0,"ams_price_to_display":0,"ams_acf":[],"jetpack_sharing_enabled":true,"_links":{"self":[{"href":"https:\/\/apotekar-online.rs\/hu\/wp-json\/wp\/v2\/product\/4136","targetHints":{"allow":["GET"]}}],"collection":[{"href":"https:\/\/apotekar-online.rs\/hu\/wp-json\/wp\/v2\/product"}],"about":[{"href":"https:\/\/apotekar-online.rs\/hu\/wp-json\/wp\/v2\/types\/product"}],"wp:featuredmedia":[{"embeddable":true,"href":"https:\/\/apotekar-online.rs\/hu\/wp-json\/wp\/v2\/media\/4137"}],"wp:attachment":[{"href":"https:\/\/apotekar-online.rs\/hu\/wp-json\/wp\/v2\/media?parent=4136"}],"wp:term":[{"taxonomy":"product_brand","embeddable":true,"href":"https:\/\/apotekar-online.rs\/hu\/wp-json\/wp\/v2\/product_brand?post=4136"},{"taxonomy":"product_cat","embeddable":true,"href":"https:\/\/apotekar-online.rs\/hu\/wp-json\/wp\/v2\/product_cat?post=4136"},{"taxonomy":"product_tag","embeddable":true,"href":"https:\/\/apotekar-online.rs\/hu\/wp-json\/wp\/v2\/product_tag?post=4136"}],"curies":[{"name":"wp","href":"https:\/\/api.w.org\/{rel}","templated":true}]}}

Anaftin gél 8 ml

<p>Az Anaftin gél segít a szájban lévő kisebb elváltozások gyógyításában, mint például:</p>
<p>- sebek</p>
<p>– nyálkahártya sérülései</p>
<p>A gél fájdalomcsillapító, gyorsan hat és hosszan tartó hatású</p>
<p>Polivinilpirrolidont és hialuronsavat tartalmaz, amelyek védőréteget képeznek, amely bevonja a szájüreget és rögzíti azt.</p>
<p>mechanikai gát a fájdalmas helyeken, és így csillapítja a szabaddá vált idegvégződések okozta fájdalmat.</p>
<p>Az Anaftin gél segít enyhíteni a szájban lévő kisebb elváltozások, például az afta okozta fájdalmat</p>
<p>aftás szájgyulladás, aftás sebek, valamint korrekciós protézisek és rosszul illeszkedő műpofák okozta kisebb elváltozások.</p>
<p>Diffúz aftás fekélyek esetén is javallott.</p>
<p>A hialuronsav és az Aloe vera összetételében segíti a sérült szövetek természetes gyógyulását.</p>
<p>&nbsp;</p>
<p><strong>A ... haszna</strong> : Kis mennyiségű gélt közvetlenül fel lehet kenni az afta kezelésére</p>
<p>Felnőtteknek és gyerekeknek is, ha megfelelően tudják használni ezt a terméket</p>
<p><strong>Jegyzet:</strong> Arra törekszünk, hogy minden termék leírásánál a lehető legpontosabbak legyünk, de nem tudjuk garantálni, hogy minden leírás teljes és hibamentes. Köszönöm a megértést.<br />
Az oldalon feltüntetett összes elem kínálatunk részét képezi, de ez nem jelenti azt, hogy mindenkor elérhető.</p>
<p>&nbsp;</p>
