{"id":425,"date":"2022-07-12T09:33:04","date_gmt":"2022-07-12T09:33:04","guid":{"rendered":"https:\/\/apotekar-online.rs\/product\/supradyn-energy-30-film-tableta\/"},"modified":"2026-03-05T08:29:07","modified_gmt":"2026-03-05T10:29:07","slug":"supradyn-energy-30-film-tabletta","status":"publish","type":"product","link":"https:\/\/apotekar-online.rs\/hu\/p\/supradyn-energy-30-film-tableta\/","title":{"rendered":"Supradyn Energy 30 filmtabletta"},"content":{"rendered":"","protected":false},"excerpt":{"rendered":"<p>A Supradyn\u00ae Energy filmtabletta olyan \u00e9trend-kieg\u00e9sz\u00edt\u0151, amely tov\u00e1bbi vitamin-, \u00e1sv\u00e1nyianyag- \u00e9s Q10-koenzimforr\u00e1st jelent az \u00e9trendben, \u00e9s az energia-anyagcsere t\u00e1pl\u00e1lkoz\u00e1si t\u00e1mogat\u00e1s\u00e1t jelenti. Az els\u0151 sz\u00e1m\u00fa multivitamin Eur\u00f3p\u00e1ban. Vitaminok: B6, B12, C, tiamin, riboflavin, biotin, niacin, pantot\u00e9nsav \u00e9s \u00e1sv\u00e1nyi anyagok: kalcium, r\u00e9z, j\u00f3d, vas, mang\u00e1n \u00e9s magn\u00e9zium hozz\u00e1j\u00e1rul a norm\u00e1l energiaanyagcser\u00e9hez. Serkenti az energiatermel\u00e9st. Az els\u0151 bevitel ut\u00e1n m\u0171k\u00f6dhet. A t\u00e1pl\u00e1lts\u00e1gi \u00e1llapot hossz\u00fa t\u00e1v\u00fa bevitellel jav\u00edthat\u00f3.<\/p>\n<p><strong>Adagol\u00e1s \u00e9s felhaszn\u00e1l\u00e1si m\u00f3d<\/strong><br \/>\nFeln\u0151ttek \u00e9s 14 \u00e9v feletti gyermekek: Naponta egyszer 1 tabletta b\u0151 v\u00edzzel, \u00e9tkez\u00e9st\u0151l f\u00fcggetlen\u00fcl.<\/p>\n<p>&nbsp;<\/p>\n<p><strong>Jegyzet:<\/strong>\u00a0Arra t\u00f6reksz\u00fcnk, hogy minden term\u00e9k le\u00edr\u00e1s\u00e1n\u00e1l a lehet\u0151 legpontosabbak legy\u00fcnk, de nem tudjuk garant\u00e1lni, hogy minden le\u00edr\u00e1s teljes \u00e9s hibamentes. K\u00f6sz\u00f6n\u00f6m a meg\u00e9rt\u00e9st.<br \/>\nAz oldalon felt\u00fcntetett \u00f6sszes elem k\u00edn\u00e1latunk r\u00e9sz\u00e9t k\u00e9pezi, de ez nem jelenti azt, hogy mindenkor el\u00e9rhet\u0151.<\/p>","protected":false},"featured_media":352,"template":"","meta":[],"product_brand":[],"product_cat":[77,78],"product_tag":[179,283,278,232,245,246,209,280],"class_list":{"0":"post-425","1":"product","2":"type-product","3":"status-publish","4":"has-post-thumbnail","6":"product_cat-imunitet","7":"product_cat-vitamini-i-minerali","8":"product_tag-imunitet","9":"product_tag-q10","10":"product_tag-vitamin-a","11":"product_tag-vitamin-b6","12":"product_tag-vitamin-c","13":"product_tag-vitamin-d","14":"product_tag-vitamin-e","15":"product_tag-vitamin-k","16":"pa_brend-bayer-health-care","18":"first","19":"instock","20":"purchasable","21":"product-type-simple"},"ams_default_variation_id":0,"ams_product_points_reward":[],"ams_product_discount_percentage":0,"ams_price_to_display":1630,"ams_acf":[],"jetpack_sharing_enabled":true,"_links":{"self":[{"href":"https:\/\/apotekar-online.rs\/hu\/wp-json\/wp\/v2\/product\/425","targetHints":{"allow":["GET"]}}],"collection":[{"href":"https:\/\/apotekar-online.rs\/hu\/wp-json\/wp\/v2\/product"}],"about":[{"href":"https:\/\/apotekar-online.rs\/hu\/wp-json\/wp\/v2\/types\/product"}],"wp:featuredmedia":[{"embeddable":true,"href":"https:\/\/apotekar-online.rs\/hu\/wp-json\/wp\/v2\/media\/352"}],"wp:attachment":[{"href":"https:\/\/apotekar-online.rs\/hu\/wp-json\/wp\/v2\/media?parent=425"}],"wp:term":[{"taxonomy":"product_brand","embeddable":true,"href":"https:\/\/apotekar-online.rs\/hu\/wp-json\/wp\/v2\/product_brand?post=425"},{"taxonomy":"product_cat","embeddable":true,"href":"https:\/\/apotekar-online.rs\/hu\/wp-json\/wp\/v2\/product_cat?post=425"},{"taxonomy":"product_tag","embeddable":true,"href":"https:\/\/apotekar-online.rs\/hu\/wp-json\/wp\/v2\/product_tag?post=425"}],"curies":[{"name":"wp","href":"https:\/\/api.w.org\/{rel}","templated":true}]}}

<p>A Supradyn® Energy filmtabletta olyan étrend-kiegészítő, amely további vitamin-, ásványianyag- és Q10-koenzimforrást jelent az étrendben, és az energia-anyagcsere táplálkozási támogatását jelenti. Az első számú multivitamin Európában. Vitaminok: B6, B12, C, tiamin, riboflavin, biotin, niacin, pantoténsav és ásványi anyagok: kalcium, réz, jód, vas, mangán és magnézium hozzájárul a normál energiaanyagcseréhez. Serkenti az energiatermelést. Az első bevitel után működhet. A tápláltsági állapot hosszú távú bevitellel javítható.</p>
<p><strong>Adagolás és felhasználási mód</strong><br />
Felnőttek és 14 év feletti gyermekek: Naponta egyszer 1 tabletta bő vízzel, étkezéstől függetlenül.</p>
<p>&nbsp;</p>
<p><strong>Jegyzet:</strong> Arra törekszünk, hogy minden termék leírásánál a lehető legpontosabbak legyünk, de nem tudjuk garantálni, hogy minden leírás teljes és hibamentes. Köszönöm a megértést.<br />
Az oldalon feltüntetett összes elem kínálatunk részét képezi, de ez nem jelenti azt, hogy mindenkor elérhető.</p>
