{"id":4648,"date":"2023-10-18T07:30:54","date_gmt":"2023-10-18T09:30:54","guid":{"rendered":"https:\/\/apotekar-online.rs\/?post_type=product&#038;p=4648"},"modified":"2026-03-05T08:11:47","modified_gmt":"2026-03-05T10:11:47","slug":"isla-gyomber-pasztilla-a30","status":"publish","type":"product","link":"https:\/\/apotekar-online.rs\/hu\/p\/isla-ginger-pastile-a30\/","title":{"rendered":"Isla gy\u00f6mb\u00e9res pasztilla a30"},"content":{"rendered":"","protected":false},"excerpt":{"rendered":"<div class=\"product-headings\">\n<p>A sz\u00e1raz irrit\u00e1l\u00f3 k\u00f6h\u00f6g\u00e9s, a rekedts\u00e9g \u00e9s a sz\u00e1jsz\u00e1razs\u00e1g nem csak t\u00e9len jelent probl\u00e9m\u00e1t. Az irrit\u00e1lt torok ny\u00e1lkah\u00e1rty\u00e1j\u00e1nak ezek a t\u00fcnetei minden \u00e9vszakban jelentkeznek.<\/p>\n<\/div>\n<div class=\"product-desc\"><big>Isla\u00ae gy\u00f6mb\u00e9res pasztilla \u00f6sszetev\u0151i<strong>\u00a0<\/strong><strong>balzsamszer\u0171en vonj\u00e1k be a torok irrit\u00e1lt ny\u00e1lkah\u00e1rty\u00e1j\u00e1t \u00e9s \u00edgy v\u00e9dik azt<\/strong>\u00a0a k\u00f6rnyezet tov\u00e1bbi ingereit\u0151l, \u00e9s lehet\u0151v\u00e9 teszi annak gyorsabb fel\u00e9p\u00fcl\u00e9s\u00e9t, k\u00fcl\u00f6n\u00f6sen az al\u00e1bbi esetekben:<\/big><\/p>\n<ul>\n<li><big>irrit\u00e1l\u00f3 (sz\u00e1raz) k\u00f6h\u00f6g\u00e9s \u00e9s rekedts\u00e9g<\/big><\/li>\n<li><big>a hangsz\u00e1lak fokozott er\u0151fesz\u00edt\u00e9snek kit\u00e9ve (\u00e9nekesek, bemond\u00f3k)<\/big><\/li>\n<li><big>sz\u00e1raz leveg\u0151 bel\u00e9legz\u00e9se (meleg vagy l\u00e9gkondicion\u00e1lt)<\/big><\/li>\n<li><big>sz\u00e1raz sz\u00e1j<\/big><\/li>\n<li><big>neh\u00e9zl\u00e9gz\u00e9s az orron kereszt\u00fcl<\/big><\/li>\n<\/ul>\n<h3><big>A ny\u00e1lkah\u00e1rtya v\u00e9delme a k\u00e1ros hat\u00e1sokt\u00f3l<\/big><\/h3>\n<p><big>A leveg\u0151, amit bel\u00e9legz\u00fcnk, tele van k\u00f3rokoz\u00f3kkal, amelyek nap mint nap megt\u00e1madj\u00e1k szervezet\u00fcnket.<strong>\u00a0A fels\u0151 l\u00e9gutak ny\u00e1lkah\u00e1rty\u00e1ja a legink\u00e1bb vesz\u00e9lyeztetett.<\/strong><\/big><\/p>\n<p><big>Norm\u00e1l k\u00f6r\u00fclm\u00e9nyek k\u00f6z\u00f6tt\u00a0<strong>az eg\u00e9szs\u00e9ges ny\u00e1lkah\u00e1rtya k\u00f6nnyen v\u00e9dekezhet a betegs\u00e9get okoz\u00f3 szerek t\u00e1mad\u00e1sai ellen.\u00a0<\/strong>Ha azonban az expoz\u00edci\u00f3 irrit\u00e1lja vagy legyeng\u00edti\u00a0<strong>sz\u00e1raz leveg\u0151<\/strong>\u00a0(f\u0171thet\u0151 vagy l\u00e9gkondicion\u00e1lt) ill\u00a0<strong>szennyez\u0151 anyagokkal teli leveg\u0151<\/strong>\u00a0(szmog, doh\u00e1nyf\u00fcst, allerg\u00e9nek, bakt\u00e9riumok \u00e9s v\u00edrusok), a betegs\u00e9get okoz\u00f3 szerek k\u00f6nnyebben behatolhatnak szervezet\u00fcnkbe.<\/big><\/p>\n<p><big>Ez oda vezethet\u00a0<strong>torok \u00e9s garat irrit\u00e1ci\u00f3, irrit\u00e1l\u00f3 k\u00f6h\u00f6g\u00e9s \u00e9s rekedts\u00e9g<\/strong><\/big><\/p>\n<p>&nbsp;<\/p>\n<h3><big><strong>Kiknek sz\u00e1nj\u00e1k az isla\u00ae pasztill\u00e1kat?<\/strong><\/big><\/h3>\n<p><big><strong>ment<sup>\u00ae<\/sup><\/strong>\u00a0seg\u00edt a gyermekeknek \u00e9s a feln\u0151tteknek az irrit\u00e1l\u00f3 k\u00f6h\u00f6g\u00e9s enyh\u00edt\u00e9s\u00e9ben \u00e9s a rekedts\u00e9g megsz\u00fcntet\u00e9s\u00e9ben.<\/big><\/p>\n<p><big>4 \u00e9vesn\u00e9l id\u0151sebb gyermekek, terhes n\u0151k \u00e9s szoptat\u00f3s any\u00e1k haszn\u00e1lhatj\u00e1k.<\/big><\/p>\n<p><big><strong>ment<sup>\u00ae<\/sup><\/strong>\u00a0A menta \u00e9s a Cassis cukormentes, \u00edgy cukorbetegek sz\u00e1m\u00e1ra is alkalmas.<\/big><\/p>\n<p>&nbsp;<\/p>\n<p><strong><big>Megk\u00f6nnyebb\u00fcl\u00e9s a rekedts\u00e9gt\u0151l \u00e9s a torokkapar\u00e1st\u00f3l<\/big><\/strong><big>Az isla\u00ae gy\u00f6mb\u00e9rpasztill\u00e1ban tal\u00e1lhat\u00f3 izlandi zuzm\u00f3 mucinjai (ny\u00e1lkah\u00e1rtya-anyagai) balzsamszer\u0171en vonj\u00e1k be a torok ny\u00e1lkah\u00e1rty\u00e1j\u00e1t, \u00e9s\u00a0<strong>v\u00e9d a sz\u00e1raz \u00e9s szennyezett leveg\u0151 befoly\u00e1s\u00e1t\u00f3l.<\/strong><\/big><\/p>\n<p><big>\u00cdgy a m\u00e1r megt\u00e1madott ny\u00e1lkah\u00e1rtya gyorsabban fel\u00e9p\u00fclhet\u00a0<strong>visszaszerezni v\u00e9dekez\u0151 erej\u00e9t.<\/strong><\/big><\/p>\n<p><big>Az isla\u00ae gy\u00f6mb\u00e9rpasztilla a t\u00e1vol-\u00e9szak hideg vid\u00e9keir\u0151l sz\u00e1rmaz\u00f3 rezisztens izlandi zuzm\u00f3 speci\u00e1lis kivonat\u00e1t tartalmazza, melynek sz\u00e1raz marad\u00e9ka\u00a0<strong>t\u00f6bb mint 80% mucin.<\/strong><\/big><\/p>\n<p><big><strong>A pasztilla felold\u00e1s\u00e1val<\/strong>\u00a0a sz\u00e1jban v\u00e1lad\u00e9k szabadul fel, mely balzsamk\u00e9nt hat, j\u00f3t\u00e9kony hat\u00e1ssal van a sz\u00e1j \u00e9s a torok ny\u00e1lkah\u00e1rty\u00e1j\u00e1ra.<\/big><\/p>\n<p>&nbsp;<\/p>\n<p><strong><big>A hangszalagok v\u00e9delme \u00e9s gondoz\u00e1sa<\/big><\/strong><big>A legyeng\u00fclt hang \u00e9s a rekedts\u00e9g az am\u00fagy is \u00e9rz\u00e9keny hangsz\u00e1lak irrit\u00e1ci\u00f3j\u00e1t jelzi. Ebben az esetben az isla\u00ae gy\u00f6mb\u00e9res pasztill\u00e1k pihentet\u0151 \u00e9s nyugtat\u00f3 hat\u00e1s\u00faak. Az isla\u00ae gy\u00f6mb\u00e9rpasztill\u00e1k megel\u0151z\u00e9sre is haszn\u00e1lhat\u00f3k az \u00e9rz\u00e9keny hangsz\u00e1lak v\u00e9delm\u00e9re.<\/big><\/p>\n<p>&nbsp;<\/p>\n<p><strong><big>Sz\u00e1raz sz\u00e1j<\/big><\/strong><big>A sz\u00e1jsz\u00e1razs\u00e1gnak sz\u00e1mos oka lehet. P\u00e9ld\u00e1ul rendszeres\u00a0<strong>bizonyos gy\u00f3gyszerek haszn\u00e1lata<\/strong>\u00a0vezethet\u00a0<strong>a ny\u00e1lfoly\u00e1s cs\u00f6kken\u00e9se\u00a0<\/strong>(ny\u00e1lkiv\u00e1laszt\u00e1s).<\/big><\/p>\n<p><big>Tov\u00e1bb\u00e1 olyan betegs\u00e9gek, mint pl\u00a0<strong>cukorbetegs\u00e9g vagy reum\u00e1s betegs\u00e9gek<\/strong>\u00a0(pl. rheumatoid arthritis) sz\u00e1jsz\u00e1razs\u00e1got okozhat.<\/big><\/p>\n<p><big>Ezenk\u00edv\u00fcl a k\u00fcls\u0151 hat\u00e1sok, mint pl\u00a0<strong>sz\u00e1raz leveg\u0151, t\u00falzott k\u00e1v\u00e9-, tea- \u00e9s cigarettafogyaszt\u00e1s<\/strong>\u00a0vagy ak\u00e1r a cs\u00f6kkent r\u00e1g\u00e1si aktivit\u00e1s sz\u00e1jsz\u00e1razs\u00e1got okozhat.<\/big><\/p>\n<p><big>A ny\u00e1lelv\u00e1laszt\u00e1s cs\u00f6kken\u00e9se \u00f6sszef\u00fcgg\u00e9sbe hozhat\u00f3 az \u00e9letkorral, ez\u00e9rt k\u00fcl\u00f6n\u00f6sen az id\u0151sek panaszkodnak sz\u00e1jsz\u00e1razs\u00e1gra.<\/big><\/p>\n<p><big>Az isla\u00ae gy\u00f6mb\u00e9rpasztill\u00e1k \u00f6sszetev\u0151i bevonhatj\u00e1k \u00e9s hidrat\u00e1lhatj\u00e1k a ny\u00e1lkah\u00e1rty\u00e1t.<\/big><\/p>\n<p>&nbsp;<\/p>\n<p><strong><big>Kiv\u00e1l\u00f3 toler\u00e1lhat\u00f3s\u00e1g<\/big><\/strong><big>Az isla\u00ae gy\u00f6mb\u00e9rpasztill\u00e1k j\u00f3l toler\u00e1lhat\u00f3k, \u00e9s m\u00e1s k\u00e9sz\u00edtm\u00e9nnyel egyidej\u0171leg is haszn\u00e1lhat\u00f3k.<\/big><\/p>\n<p><big><strong>Gy\u00f6mb\u00e9r ill\u00f3olaj<\/strong>\u00a0ezeknek a m\u00e9zsz\u00edn\u0171 pasztill\u00e1knak az \u00f6sszetev\u0151je, \u00e9s kellemes f\u0171szeres \u00edzt ad nekik. Az isla\u00ae gy\u00f6mb\u00e9r homeop\u00e1ti\u00e1s gy\u00f3gyszerekkel is haszn\u00e1lhat\u00f3.<\/big><\/p>\n<p>&nbsp;<\/p>\n<p><strong><big>Ny\u00e1lkah\u00e1rtya v\u00e9delme sportol\u00e1s k\u00f6zben<\/big><\/strong><big>A l\u00e9gutak ny\u00e1lkah\u00e1rty\u00e1ja fizikai aktivit\u00e1s sor\u00e1n nagyobb ig\u00e9nybev\u00e9telnek van kit\u00e9ve, mint norm\u00e1l k\u00f6r\u00fclm\u00e9nyek k\u00f6z\u00f6tt, ami a ny\u00e1lkah\u00e1rtya kisz\u00e1rad\u00e1s\u00e1hoz \u00e9s kellemetlen irrit\u00e1l\u00f3 k\u00f6h\u00f6g\u00e9shez vezet.<\/big><\/p>\n<p><big>Ilyenkor az isla\u00ae gy\u00f6mb\u00e9rpasztill\u00e1k term\u00e9szetes m\u00f3don v\u00e9dik a ny\u00e1lkah\u00e1rty\u00e1t. Ez\u00e9rt van\u00a0<strong>az isla\u00ae gy\u00f6mb\u00e9res pasztill\u00e1k haszn\u00e1lata k\u00fcl\u00f6n\u00f6sen hasznos sportol\u00e1s k\u00f6zben<\/strong>\u00a0a sz\u00e1j \u00e9s a torok ny\u00e1lkah\u00e1rty\u00e1j\u00e1nak kisz\u00e1rad\u00e1s\u00e1nak megakad\u00e1lyoz\u00e1s\u00e1ra.<\/big><\/div>","protected":false},"featured_media":4649,"template":"","meta":[],"product_brand":[],"product_cat":[151],"product_tag":[1756,1543,181,335,1544],"class_list":{"0":"post-4648","1":"product","2":"type-product","3":"status-publish","4":"has-post-thumbnail","6":"product_cat-prehlada-i-kasalj","7":"product_tag-djumbir","8":"product_tag-grebanje-u-grlu","9":"product_tag-prehlada","10":"product_tag-promuklost","11":"product_tag-suvi-kasalj","12":"pa_brend-salveo","14":"first","15":"instock","16":"shipping-taxable","17":"purchasable","18":"product-type-simple"},"ams_default_variation_id":0,"ams_product_points_reward":[],"ams_product_discount_percentage":0,"ams_price_to_display":525,"ams_acf":[],"jetpack_sharing_enabled":true,"_links":{"self":[{"href":"https:\/\/apotekar-online.rs\/hu\/wp-json\/wp\/v2\/product\/4648","targetHints":{"allow":["GET"]}}],"collection":[{"href":"https:\/\/apotekar-online.rs\/hu\/wp-json\/wp\/v2\/product"}],"about":[{"href":"https:\/\/apotekar-online.rs\/hu\/wp-json\/wp\/v2\/types\/product"}],"wp:featuredmedia":[{"embeddable":true,"href":"https:\/\/apotekar-online.rs\/hu\/wp-json\/wp\/v2\/media\/4649"}],"wp:attachment":[{"href":"https:\/\/apotekar-online.rs\/hu\/wp-json\/wp\/v2\/media?parent=4648"}],"wp:term":[{"taxonomy":"product_brand","embeddable":true,"href":"https:\/\/apotekar-online.rs\/hu\/wp-json\/wp\/v2\/product_brand?post=4648"},{"taxonomy":"product_cat","embeddable":true,"href":"https:\/\/apotekar-online.rs\/hu\/wp-json\/wp\/v2\/product_cat?post=4648"},{"taxonomy":"product_tag","embeddable":true,"href":"https:\/\/apotekar-online.rs\/hu\/wp-json\/wp\/v2\/product_tag?post=4648"}],"curies":[{"name":"wp","href":"https:\/\/api.w.org\/{rel}","templated":true}]}}

Isla gyömbéres pasztilla a30

<div class="product-headings">
<p>A száraz irritáló köhögés, a rekedtség és a szájszárazság nem csak télen jelent problémát. Az irritált torok nyálkahártyájának ezek a tünetei minden évszakban jelentkeznek.</p>
</div>
<div class="product-desc"><big>Isla® gyömbéres pasztilla összetevői<strong> </strong><strong>balzsamszerűen vonják be a torok irritált nyálkahártyáját és így védik azt</strong> a környezet további ingereitől, és lehetővé teszi annak gyorsabb felépülését, különösen az alábbi esetekben:</big></p>
<ul>
<li><big>irritáló (száraz) köhögés és rekedtség</big></li>
<li><big>a hangszálak fokozott erőfeszítésnek kitéve (énekesek, bemondók)</big></li>
<li><big>száraz levegő belélegzése (meleg vagy légkondicionált)</big></li>
<li><big>száraz száj</big></li>
<li><big>nehézlégzés az orron keresztül</big></li>
</ul>
<h3><big>A nyálkahártya védelme a káros hatásoktól</big></h3>
<p><big>A levegő, amit belélegzünk, tele van kórokozókkal, amelyek nap mint nap megtámadják szervezetünket.<strong> A felső légutak nyálkahártyája a leginkább veszélyeztetett.</strong></big></p>
<p><big>Normál körülmények között <strong>az egészséges nyálkahártya könnyen védekezhet a betegséget okozó szerek támadásai ellen. </strong>Ha azonban az expozíció irritálja vagy legyengíti <strong>száraz levegő</strong> (fűthető vagy légkondicionált) ill <strong>szennyező anyagokkal teli levegő</strong> (szmog, dohányfüst, allergének, baktériumok és vírusok), a betegséget okozó szerek könnyebben behatolhatnak szervezetünkbe.</big></p>
<p><big>Ez oda vezethet <strong>torok és garat irritáció, irritáló köhögés és rekedtség</strong></big></p>
<p>&nbsp;</p>
<h3><big><strong>Kiknek szánják az isla® pasztillákat?</strong></big></h3>
<p><big><strong>ment<sup>®</sup></strong> segít a gyermekeknek és a felnőtteknek az irritáló köhögés enyhítésében és a rekedtség megszüntetésében.</big></p>
<p><big>4 évesnél idősebb gyermekek, terhes nők és szoptatós anyák használhatják.</big></p>
<p><big><strong>ment<sup>®</sup></strong> A menta és a Cassis cukormentes, így cukorbetegek számára is alkalmas.</big></p>
<p>&nbsp;</p>
<p><strong><big>Megkönnyebbülés a rekedtségtől és a torokkaparástól</big></strong><big>Az isla® gyömbérpasztillában található izlandi zuzmó mucinjai (nyálkahártya-anyagai) balzsamszerűen vonják be a torok nyálkahártyáját, és <strong>véd a száraz és szennyezett levegő befolyásától.</strong></big></p>
<p><big>Így a már megtámadott nyálkahártya gyorsabban felépülhet <strong>visszaszerezni védekező erejét.</strong></big></p>
<p><big>Az isla® gyömbérpasztilla a távol-észak hideg vidékeiről származó rezisztens izlandi zuzmó speciális kivonatát tartalmazza, melynek száraz maradéka <strong>több mint 80% mucin.</strong></big></p>
<p><big><strong>A pasztilla feloldásával</strong> a szájban váladék szabadul fel, mely balzsamként hat, jótékony hatással van a száj és a torok nyálkahártyájára.</big></p>
<p>&nbsp;</p>
<p><strong><big>A hangszalagok védelme és gondozása</big></strong><big>A legyengült hang és a rekedtség az amúgy is érzékeny hangszálak irritációját jelzi. Ebben az esetben az isla® gyömbéres pasztillák pihentető és nyugtató hatásúak. Az isla® gyömbérpasztillák megelőzésre is használhatók az érzékeny hangszálak védelmére.</big></p>
<p>&nbsp;</p>
<p><strong><big>Száraz száj</big></strong><big>A szájszárazságnak számos oka lehet. Például rendszeres <strong>bizonyos gyógyszerek használata</strong> vezethet <strong>a nyálfolyás csökkenése </strong>(nyálkiválasztás).</big></p>
<p><big>Továbbá olyan betegségek, mint pl <strong>cukorbetegség vagy reumás betegségek</strong> (pl. rheumatoid arthritis) szájszárazságot okozhat.</big></p>
<p><big>Ezenkívül a külső hatások, mint pl <strong>száraz levegő, túlzott kávé-, tea- és cigarettafogyasztás</strong> vagy akár a csökkent rágási aktivitás szájszárazságot okozhat.</big></p>
<p><big>A nyálelválasztás csökkenése összefüggésbe hozható az életkorral, ezért különösen az idősek panaszkodnak szájszárazságra.</big></p>
<p><big>Az isla® gyömbérpasztillák összetevői bevonhatják és hidratálhatják a nyálkahártyát.</big></p>
<p>&nbsp;</p>
<p><strong><big>Kiváló tolerálhatóság</big></strong><big>Az isla® gyömbérpasztillák jól tolerálhatók, és más készítménnyel egyidejűleg is használhatók.</big></p>
<p><big><strong>Gyömbér illóolaj</strong> ezeknek a mézszínű pasztilláknak az összetevője, és kellemes fűszeres ízt ad nekik. Az isla® gyömbér homeopátiás gyógyszerekkel is használható.</big></p>
<p>&nbsp;</p>
<p><strong><big>Nyálkahártya védelme sportolás közben</big></strong><big>A légutak nyálkahártyája fizikai aktivitás során nagyobb igénybevételnek van kitéve, mint normál körülmények között, ami a nyálkahártya kiszáradásához és kellemetlen irritáló köhögéshez vezet.</big></p>
<p><big>Ilyenkor az isla® gyömbérpasztillák természetes módon védik a nyálkahártyát. Ezért van <strong>az isla® gyömbéres pasztillák használata különösen hasznos sportolás közben</strong> a száj és a torok nyálkahártyájának kiszáradásának megakadályozására.</big></div>
