{"id":485,"date":"2022-07-12T09:34:19","date_gmt":"2022-07-12T11:34:19","guid":{"rendered":"https:\/\/apotekar-online.rs\/product\/terranova-mikroflora-kompleks-sa-prebioticima-50-kapsula\/"},"modified":"2026-03-05T08:31:07","modified_gmt":"2026-03-05T10:31:07","slug":"terranova-mikroflora-komplex-prebiotikumokkal-50-kapszula","status":"publish","type":"product","link":"https:\/\/apotekar-online.rs\/hu\/p\/terranova-mikroflora-kompleks-sa-prebioticima-50-kapsula\/","title":{"rendered":"Terranova mikrofl\u00f3ra komplex prebiotikumokkal 50 kapszula"},"content":{"rendered":"","protected":false},"excerpt":{"rendered":"<p>A Terranova \u00e1ltal haszn\u00e1lt probiotikumok a leghat\u00e9konyabb t\u00f6rzsek, amelyek gyorsan hatnak, stabilak a teljes em\u00e9szt\u0151rendszerben, aktivit\u00e1sukat a prebiotikumok-fruktooligoszacharidok \u00e9s a Magnifood komplex jelenl\u00e9te fokozza. Megoldj\u00e1k az em\u00e9szt\u00e9si probl\u00e9m\u00e1kat: puffad\u00e1s, sz\u00e9kreked\u00e9s, \u00e9telintolerancia. Utaz\u00e1s k\u00f6zbeni em\u00e9szt\u00e9si zavarok eset\u00e9n j\u00f3 megold\u00e1st jelentenek, j\u00f3t\u00e9kony hat\u00e1ssal vannak az immunrendszerre, cs\u00f6kkentik a koleszterinszintet \u00e9s az antibiotikumok szed\u00e9se sor\u00e1n a norm\u00e1l b\u00e9lfl\u00f3r\u00e1t is megalapozz\u00e1k.<\/p>\n<p><strong>Adagol\u00e1s \u00e9s felhaszn\u00e1l\u00e1si m\u00f3d<\/strong><br \/>\nGyermekek 12 \u00e9ves kort\u00f3l \u00e9s feln\u0151ttek: 1-2 kapszula naponta, \u00e9tkez\u00e9s k\u00f6zben.<\/p>\n<p>&nbsp;<\/p>\n<p><strong>Jegyzet:<\/strong>\u00a0Arra t\u00f6reksz\u00fcnk, hogy minden term\u00e9k le\u00edr\u00e1s\u00e1n\u00e1l a lehet\u0151 legpontosabbak legy\u00fcnk, de nem tudjuk garant\u00e1lni, hogy minden le\u00edr\u00e1s teljes \u00e9s hibamentes. K\u00f6sz\u00f6n\u00f6m a meg\u00e9rt\u00e9st.<br \/>\nAz oldalon felt\u00fcntetett \u00f6sszes elem k\u00edn\u00e1latunk r\u00e9sz\u00e9t k\u00e9pezi, de ez nem jelenti azt, hogy mindenkor el\u00e9rhet\u0151.<\/p>","protected":false},"featured_media":486,"template":"","meta":[],"product_brand":[],"product_cat":[77,81],"product_tag":[],"class_list":{"0":"post-485","1":"product","2":"type-product","3":"status-publish","4":"has-post-thumbnail","6":"product_cat-imunitet","7":"product_cat-probiotici-i-enzimi","8":"pa_brend-novahealth","10":"first","11":"instock","12":"product-type-simple"},"ams_default_variation_id":0,"ams_product_points_reward":[],"ams_product_discount_percentage":0,"ams_price_to_display":0,"ams_acf":[],"jetpack_sharing_enabled":true,"_links":{"self":[{"href":"https:\/\/apotekar-online.rs\/hu\/wp-json\/wp\/v2\/product\/485","targetHints":{"allow":["GET"]}}],"collection":[{"href":"https:\/\/apotekar-online.rs\/hu\/wp-json\/wp\/v2\/product"}],"about":[{"href":"https:\/\/apotekar-online.rs\/hu\/wp-json\/wp\/v2\/types\/product"}],"wp:featuredmedia":[{"embeddable":true,"href":"https:\/\/apotekar-online.rs\/hu\/wp-json\/wp\/v2\/media\/486"}],"wp:attachment":[{"href":"https:\/\/apotekar-online.rs\/hu\/wp-json\/wp\/v2\/media?parent=485"}],"wp:term":[{"taxonomy":"product_brand","embeddable":true,"href":"https:\/\/apotekar-online.rs\/hu\/wp-json\/wp\/v2\/product_brand?post=485"},{"taxonomy":"product_cat","embeddable":true,"href":"https:\/\/apotekar-online.rs\/hu\/wp-json\/wp\/v2\/product_cat?post=485"},{"taxonomy":"product_tag","embeddable":true,"href":"https:\/\/apotekar-online.rs\/hu\/wp-json\/wp\/v2\/product_tag?post=485"}],"curies":[{"name":"wp","href":"https:\/\/api.w.org\/{rel}","templated":true}]}}

Terranova mikroflóra komplex prebiotikumokkal 50 kapszula

<p>A Terranova által használt probiotikumok a leghatékonyabb törzsek, amelyek gyorsan hatnak, stabilak a teljes emésztőrendszerben, aktivitásukat a prebiotikumok-fruktooligoszacharidok és a Magnifood komplex jelenléte fokozza. Megoldják az emésztési problémákat: puffadás, székrekedés, ételintolerancia. Utazás közbeni emésztési zavarok esetén jó megoldást jelentenek, jótékony hatással vannak az immunrendszerre, csökkentik a koleszterinszintet és az antibiotikumok szedése során a normál bélflórát is megalapozzák.</p>
<p><strong>Adagolás és felhasználási mód</strong><br />
Gyermekek 12 éves kortól és felnőttek: 1-2 kapszula naponta, étkezés közben.</p>
<p>&nbsp;</p>
<p><strong>Jegyzet:</strong> Arra törekszünk, hogy minden termék leírásánál a lehető legpontosabbak legyünk, de nem tudjuk garantálni, hogy minden leírás teljes és hibamentes. Köszönöm a megértést.<br />
Az oldalon feltüntetett összes elem kínálatunk részét képezi, de ez nem jelenti azt, hogy mindenkor elérhető.</p>
