{"id":487,"date":"2022-07-12T09:34:19","date_gmt":"2022-07-12T09:34:19","guid":{"rendered":"https:\/\/apotekar-online.rs\/product\/terranova-probavni-enzimi-kompleks\/"},"modified":"2026-03-05T08:31:07","modified_gmt":"2026-03-05T10:31:07","slug":"terranova-emeszto-enzim-komplex","status":"publish","type":"product","link":"https:\/\/apotekar-online.rs\/hu\/p\/terranova-probavni-enzimi-kompleks\/","title":{"rendered":"Terranova Em\u00e9szt\u0151enzim komplex"},"content":{"rendered":"","protected":false},"excerpt":{"rendered":"<p>A Terranova Az em\u00e9szt\u0151enzimek kulcsfontoss\u00e1g\u00faak a j\u00f3 em\u00e9szt\u00e9sben, az anyagcser\u00e9ben, \u00e9s el\u0151felt\u00e9telei a t\u00e1panyagok sikeres felsz\u00edv\u00f3d\u00e1s\u00e1nak. Haszn\u00e1lj\u00e1k puffad\u00e1s, g\u00e1zk\u00e9pz\u0151d\u00e9s, gyomorg\u00f6rcs, valamint \u00e9telintolerancia eset\u00e9n. Ily m\u00f3don megmentik a hasny\u00e1lmirigy \u00e9s az epe exokrin funkci\u00f3it.<\/p>\n<p><strong>Adagol\u00e1s \u00e9s felhaszn\u00e1l\u00e1si m\u00f3d<\/strong><br \/>\n1 kapszula kisebb \u00e9tkez\u00e9s k\u00f6zben vagy elej\u00e9n, vagy 1 vagy 2 kapszula nagyobb \u00e9tkez\u00e9s k\u00f6zben.<\/p>\n<p><strong>Jegyzet:<\/strong>\u00a0Arra t\u00f6reksz\u00fcnk, hogy minden term\u00e9k le\u00edr\u00e1s\u00e1n\u00e1l a lehet\u0151 legpontosabbak legy\u00fcnk, de nem tudjuk garant\u00e1lni, hogy minden le\u00edr\u00e1s teljes \u00e9s hibamentes. K\u00f6sz\u00f6n\u00f6m a meg\u00e9rt\u00e9st.<br \/>\nAz oldalon felt\u00fcntetett \u00f6sszes elem k\u00edn\u00e1latunk r\u00e9sz\u00e9t k\u00e9pezi, de ez nem jelenti azt, hogy mindenkor el\u00e9rhet\u0151.<\/p>\n<p>&nbsp;<\/p>\n<p><strong>Jegyzet:<\/strong>\u00a0Arra t\u00f6reksz\u00fcnk, hogy minden term\u00e9k le\u00edr\u00e1s\u00e1n\u00e1l a lehet\u0151 legpontosabbak legy\u00fcnk, de nem tudjuk garant\u00e1lni, hogy minden le\u00edr\u00e1s teljes \u00e9s hibamentes. K\u00f6sz\u00f6n\u00f6m a meg\u00e9rt\u00e9st.<br \/>\nAz oldalon felt\u00fcntetett \u00f6sszes elem k\u00edn\u00e1latunk r\u00e9sz\u00e9t k\u00e9pezi, de ez nem jelenti azt, hogy mindenkor el\u00e9rhet\u0151.<\/p>","protected":false},"featured_media":488,"template":"","meta":[],"product_brand":[],"product_cat":[77,81],"product_tag":[],"class_list":{"0":"post-487","1":"product","2":"type-product","3":"status-publish","4":"has-post-thumbnail","6":"product_cat-imunitet","7":"product_cat-probiotici-i-enzimi","8":"pa_brend-novahealth","10":"first","11":"instock","12":"product-type-simple"},"ams_default_variation_id":0,"ams_product_points_reward":[],"ams_product_discount_percentage":0,"ams_price_to_display":0,"ams_acf":[],"jetpack_sharing_enabled":true,"_links":{"self":[{"href":"https:\/\/apotekar-online.rs\/hu\/wp-json\/wp\/v2\/product\/487","targetHints":{"allow":["GET"]}}],"collection":[{"href":"https:\/\/apotekar-online.rs\/hu\/wp-json\/wp\/v2\/product"}],"about":[{"href":"https:\/\/apotekar-online.rs\/hu\/wp-json\/wp\/v2\/types\/product"}],"wp:featuredmedia":[{"embeddable":true,"href":"https:\/\/apotekar-online.rs\/hu\/wp-json\/wp\/v2\/media\/488"}],"wp:attachment":[{"href":"https:\/\/apotekar-online.rs\/hu\/wp-json\/wp\/v2\/media?parent=487"}],"wp:term":[{"taxonomy":"product_brand","embeddable":true,"href":"https:\/\/apotekar-online.rs\/hu\/wp-json\/wp\/v2\/product_brand?post=487"},{"taxonomy":"product_cat","embeddable":true,"href":"https:\/\/apotekar-online.rs\/hu\/wp-json\/wp\/v2\/product_cat?post=487"},{"taxonomy":"product_tag","embeddable":true,"href":"https:\/\/apotekar-online.rs\/hu\/wp-json\/wp\/v2\/product_tag?post=487"}],"curies":[{"name":"wp","href":"https:\/\/api.w.org\/{rel}","templated":true}]}}

Terranova Emésztőenzim komplex

<p>A Terranova Az emésztőenzimek kulcsfontosságúak a jó emésztésben, az anyagcserében, és előfeltételei a tápanyagok sikeres felszívódásának. Használják puffadás, gázképződés, gyomorgörcs, valamint ételintolerancia esetén. Ily módon megmentik a hasnyálmirigy és az epe exokrin funkcióit.</p>
<p><strong>Adagolás és felhasználási mód</strong><br />
1 kapszula kisebb étkezés közben vagy elején, vagy 1 vagy 2 kapszula nagyobb étkezés közben.</p>
<p><strong>Jegyzet:</strong> Arra törekszünk, hogy minden termék leírásánál a lehető legpontosabbak legyünk, de nem tudjuk garantálni, hogy minden leírás teljes és hibamentes. Köszönöm a megértést.<br />
Az oldalon feltüntetett összes elem kínálatunk részét képezi, de ez nem jelenti azt, hogy mindenkor elérhető.</p>
<p>&nbsp;</p>
<p><strong>Jegyzet:</strong> Arra törekszünk, hogy minden termék leírásánál a lehető legpontosabbak legyünk, de nem tudjuk garantálni, hogy minden leírás teljes és hibamentes. Köszönöm a megértést.<br />
Az oldalon feltüntetett összes elem kínálatunk részét képezi, de ez nem jelenti azt, hogy mindenkor elérhető.</p>
