{"id":5098,"date":"2023-11-23T10:40:47","date_gmt":"2023-11-23T12:40:47","guid":{"rendered":"https:\/\/apotekar-online.rs\/?post_type=product&#038;p=5098"},"modified":"2026-03-05T08:10:56","modified_gmt":"2026-03-05T10:10:56","slug":"b17-plusz-30-kapszula","status":"publish","type":"product","link":"https:\/\/apotekar-online.rs\/hu\/p\/b17-plus-30-kapsula\/","title":{"rendered":"B17 Plus 30 kapszula"},"content":{"rendered":"","protected":false},"excerpt":{"rendered":"<p>Az amigdalin a kajszibarackmagban tal\u00e1lhat\u00f3 anyag. Birtokolja<br \/>\nr\u00e1kellenes tulajdons\u00e1gok \u2013 a r\u00e1kos sejtek pusztul\u00e1s\u00e1t (apopt\u00f3zist) id\u00e9zi el\u0151.<\/p>\n<p>A B17-vitamin m\u0171k\u00f6d\u00e9si elve egy tr\u00f3jai fal\u00f3-sejtekre hasonl\u00edt<br \/>\na r\u00e1knak hatalmas mennyis\u00e9g\u0171 energi\u00e1ra, azaz gl\u00fck\u00f3zra van sz\u00fcks\u00e9ge a n\u00f6veked\u00e9shez.<br \/>\nAmikor B17-vitamint fogyaszt, a r\u00e1kos sejtek felsz\u00edvj\u00e1k a gl\u00fck\u00f3zmolekul\u00e1kat<br \/>\nB17-vitaminb\u00f3l, \u00e9s a benaldehid \u00e9s a cianid &quot;felold\u00e1s\u00e1t&quot; okozza,<br \/>\nsaj\u00e1t hal\u00e1l\u00e1t okozva.<\/p>\n<p class=\"\\&quot;MsoNormal\\&quot;\"><span lang=\"\\&quot;sr-Latn-RS\\&quot;\">Az enzim magas koncentr\u00e1ci\u00f3j\u00e1nak k\u00f6sz\u00f6nhet\u0151en a b\u00e9ta-gl\u00fckozid\u00e1z B17-vitamin rendk\u00edv\u00fcl hal\u00e1los a r\u00e1kos sejtekre, m\u00edg m\u00e1s \u00e9l\u0151 sejtekre nem m\u00e9rgez\u0151.<\/span><\/p>\n<p>&nbsp;<\/p>\n<div class=\"clear\"><\/div>\n<p>&nbsp;<\/p>\n<p class=\"\\&quot;MsoNormal\\&quot;\"><strong><span lang=\"\\&quot;sr-Latn-RS\\&quot;\">A B17 Plus a k\u00f6vetkez\u0151ket is tartalmazza:<\/span><\/strong><\/p>\n<p class=\"\\&quot;MsoNormal\\&quot;\"><span lang=\"\\&quot;sr-Latn-RS\\&quot;\">C-vitamin \u2013 jav\u00edtja a B17-vitamin felsz\u00edv\u00f3d\u00e1s\u00e1t, er\u0151s\u00edti az immunit\u00e1st<\/span><\/p>\n<p class=\"\\&quot;MsoNormal\\&quot;\"><span lang=\"\\&quot;sr-Latn-RS\\&quot;\">Piperine - jav\u00edtja a B17-vitamin felsz\u00edv\u00f3d\u00e1s\u00e1t, v\u00e9d\u0151 hat\u00e1ssal van a szervezetre<\/span><\/p>\n<p class=\"\\&quot;MsoNormal\\&quot;\"><span lang=\"\\&quot;sr-Latn-RS\\&quot;\">MSM - metil-szulfonil-met\u00e1n - &quot;a fiatals\u00e1g forr\u00e1sa&quot;, lass\u00edtja a daganatok n\u00f6veked\u00e9s\u00e9t<\/span><\/p>\n<p class=\"\\&quot;MsoNormal\\&quot;\"><span lang=\"\\&quot;sr-Latn-RS\\&quot;\">Szel\u00e9n \u2013 antioxid\u00e1ns, lass\u00edtja az \u00f6reged\u00e9st, harcol a szabad gy\u00f6k\u00f6k ellen, er\u0151s\u00edti az immunit\u00e1st<\/span><\/p>\n<p class=\"\\&quot;MsoNormal\\&quot;\"><span lang=\"\\&quot;sr-Latn-RS\\&quot;\">Sz\u0151l\u0151mag kivonat - antioxid\u00e1ns, n\u00f6veli a C-vitamin hat\u00e9konys\u00e1g\u00e1t<\/span><\/p>\n<p><span lang=\"\\&quot;sr-Latn-RS\\&quot;\">Haszn\u00e1lata: napi 1 kapszula<\/span><\/p>","protected":false},"featured_media":5099,"template":"","meta":[],"product_brand":[],"product_cat":[78],"product_tag":[1980,1983,1065,1982,235,1981,245],"class_list":{"0":"post-5098","1":"product","2":"type-product","3":"status-publish","4":"has-post-thumbnail","6":"product_cat-vitamini-i-minerali","7":"product_tag-amigdalin","8":"product_tag-ekstrakt-semena-grozdja","9":"product_tag-msm","10":"product_tag-piperin","11":"product_tag-selen","12":"product_tag-vitamin-b17","13":"product_tag-vitamin-c","14":"pa_brend-inpharm","16":"first","17":"outofstock","18":"shipping-taxable","19":"purchasable","20":"product-type-simple"},"ams_default_variation_id":0,"ams_product_points_reward":[],"ams_product_discount_percentage":0,"ams_price_to_display":1400,"ams_acf":[],"jetpack_sharing_enabled":true,"_links":{"self":[{"href":"https:\/\/apotekar-online.rs\/hu\/wp-json\/wp\/v2\/product\/5098","targetHints":{"allow":["GET"]}}],"collection":[{"href":"https:\/\/apotekar-online.rs\/hu\/wp-json\/wp\/v2\/product"}],"about":[{"href":"https:\/\/apotekar-online.rs\/hu\/wp-json\/wp\/v2\/types\/product"}],"wp:featuredmedia":[{"embeddable":true,"href":"https:\/\/apotekar-online.rs\/hu\/wp-json\/wp\/v2\/media\/5099"}],"wp:attachment":[{"href":"https:\/\/apotekar-online.rs\/hu\/wp-json\/wp\/v2\/media?parent=5098"}],"wp:term":[{"taxonomy":"product_brand","embeddable":true,"href":"https:\/\/apotekar-online.rs\/hu\/wp-json\/wp\/v2\/product_brand?post=5098"},{"taxonomy":"product_cat","embeddable":true,"href":"https:\/\/apotekar-online.rs\/hu\/wp-json\/wp\/v2\/product_cat?post=5098"},{"taxonomy":"product_tag","embeddable":true,"href":"https:\/\/apotekar-online.rs\/hu\/wp-json\/wp\/v2\/product_tag?post=5098"}],"curies":[{"name":"wp","href":"https:\/\/api.w.org\/{rel}","templated":true}]}}

<p>Az amigdalin a kajszibarackmagban található anyag. Birtokolja<br />
rákellenes tulajdonságok – a rákos sejtek pusztulását (apoptózist) idézi elő.</p>
<p>A B17-vitamin működési elve egy trójai faló-sejtekre hasonlít<br />
a ráknak hatalmas mennyiségű energiára, azaz glükózra van szüksége a növekedéshez.<br />
Amikor B17-vitamint fogyaszt, a rákos sejtek felszívják a glükózmolekulákat<br />
B17-vitaminból, és a benaldehid és a cianid &quot;feloldását&quot; okozza,<br />
saját halálát okozva.</p>
<p class="\&quot;MsoNormal\&quot;"><span lang="\&quot;sr-Latn-RS\&quot;">Az enzim magas koncentrációjának köszönhetően a béta-glükozidáz B17-vitamin rendkívül halálos a rákos sejtekre, míg más élő sejtekre nem mérgező.</span></p>
<p>&nbsp;</p>
<div class="clear"></div>
<p>&nbsp;</p>
<p class="\&quot;MsoNormal\&quot;"><strong><span lang="\&quot;sr-Latn-RS\&quot;">A B17 Plus a következőket is tartalmazza:</span></strong></p>
<p class="\&quot;MsoNormal\&quot;"><span lang="\&quot;sr-Latn-RS\&quot;">C-vitamin – javítja a B17-vitamin felszívódását, erősíti az immunitást</span></p>
<p class="\&quot;MsoNormal\&quot;"><span lang="\&quot;sr-Latn-RS\&quot;">Piperine - javítja a B17-vitamin felszívódását, védő hatással van a szervezetre</span></p>
<p class="\&quot;MsoNormal\&quot;"><span lang="\&quot;sr-Latn-RS\&quot;">MSM - metil-szulfonil-metán - &quot;a fiatalság forrása&quot;, lassítja a daganatok növekedését</span></p>
<p class="\&quot;MsoNormal\&quot;"><span lang="\&quot;sr-Latn-RS\&quot;">Szelén – antioxidáns, lassítja az öregedést, harcol a szabad gyökök ellen, erősíti az immunitást</span></p>
<p class="\&quot;MsoNormal\&quot;"><span lang="\&quot;sr-Latn-RS\&quot;">Szőlőmag kivonat - antioxidáns, növeli a C-vitamin hatékonyságát</span></p>
<p><span lang="\&quot;sr-Latn-RS\&quot;">Használata: napi 1 kapszula</span></p>
