{"id":713,"date":"2022-07-12T09:40:05","date_gmt":"2022-07-12T09:40:05","guid":{"rendered":"https:\/\/apotekar-online.rs\/product\/pharmas-helicobalans-20-kapsula\/"},"modified":"2026-03-05T08:30:07","modified_gmt":"2026-03-05T10:30:07","slug":"pharmas-helicobalans-20-kapszula","status":"publish","type":"product","link":"https:\/\/apotekar-online.rs\/hu\/p\/pharmas-helicobalans-20-kapsula\/","title":{"rendered":"PharmaS HelicoBalance 20 kapszula"},"content":{"rendered":"","protected":false},"excerpt":{"rendered":"<p><strong>PharmaS Helicobalans<\/strong> egy egyed\u00fcl\u00e1ll\u00f3 2 az 1-ben koncepci\u00f3, amely seg\u00edti a Helicobacter pylori felsz\u00e1mol\u00e1s\u00e1t \u00e9s a b\u00e9lrendszer egyens\u00falyhi\u00e1nyos \u00e1llapot\u00e1nak helyre\u00e1ll\u00edt\u00e1s\u00e1t. Cs\u00f6kkenti az antibiotikumok okozta mell\u00e9khat\u00e1sok gyakoris\u00e1g\u00e1t a gyomor-b\u00e9l traktusban \u00e9s az antibiotikumok okozta hasmen\u00e9st, cs\u00f6kkenti a fert\u0151z\u0151 hasmen\u00e9s gyakoris\u00e1g\u00e1t \u00e9s id\u0151tartam\u00e1t, bele\u00e9rtve a rotav\u00edrus okozta hasmen\u00e9st, \u00e9s seg\u00edt a (patog\u00e9n) bakt\u00e9riumok felsz\u00e1mol\u00e1s\u00e1ban a gyomor-b\u00e9lrendszerben, bele\u00e9rtve a Helicobacter pylori-t is. .<\/p>\n<p><strong>Adagol\u00e1s \u00e9s alkalmaz\u00e1s m\u00f3dja<\/strong><br \/>\nNapi k\u00e9t kapszula (lehet\u0151leg reggel \u00e9s este).<br \/>\nAntibiotikum alkalmaz\u00e1sa eset\u00e9n az antibiotikum bev\u00e9tele ut\u00e1n 3 \u00f3r\u00e1val vegye be.<\/p>\n<p>&nbsp;<\/p>\n<p><strong>Jegyzet:<\/strong>\u00a0Arra t\u00f6reksz\u00fcnk, hogy minden term\u00e9k le\u00edr\u00e1s\u00e1n\u00e1l a lehet\u0151 legpontosabbak legy\u00fcnk, de nem tudjuk garant\u00e1lni, hogy minden le\u00edr\u00e1s teljes \u00e9s hibamentes. K\u00f6sz\u00f6n\u00f6m a meg\u00e9rt\u00e9st.<br \/>\nAz oldalon felt\u00fcntetett \u00f6sszes elem k\u00edn\u00e1latunk r\u00e9sz\u00e9t k\u00e9pezi, de ez nem jelenti azt, hogy mindenkor el\u00e9rhet\u0151.<\/p>","protected":false},"featured_media":714,"template":"","meta":[],"product_brand":[],"product_cat":[126,81],"product_tag":[],"class_list":{"0":"post-713","1":"product","2":"type-product","3":"status-publish","4":"has-post-thumbnail","6":"product_cat-preparati-za-gorusicu-i-otezano-varenje","7":"product_cat-probiotici-i-enzimi","8":"pa_brend-pharmas","10":"first","11":"instock","12":"purchasable","13":"product-type-simple"},"ams_default_variation_id":0,"ams_product_points_reward":[],"ams_product_discount_percentage":0,"ams_price_to_display":720,"ams_acf":[],"jetpack_sharing_enabled":true,"_links":{"self":[{"href":"https:\/\/apotekar-online.rs\/hu\/wp-json\/wp\/v2\/product\/713","targetHints":{"allow":["GET"]}}],"collection":[{"href":"https:\/\/apotekar-online.rs\/hu\/wp-json\/wp\/v2\/product"}],"about":[{"href":"https:\/\/apotekar-online.rs\/hu\/wp-json\/wp\/v2\/types\/product"}],"wp:featuredmedia":[{"embeddable":true,"href":"https:\/\/apotekar-online.rs\/hu\/wp-json\/wp\/v2\/media\/714"}],"wp:attachment":[{"href":"https:\/\/apotekar-online.rs\/hu\/wp-json\/wp\/v2\/media?parent=713"}],"wp:term":[{"taxonomy":"product_brand","embeddable":true,"href":"https:\/\/apotekar-online.rs\/hu\/wp-json\/wp\/v2\/product_brand?post=713"},{"taxonomy":"product_cat","embeddable":true,"href":"https:\/\/apotekar-online.rs\/hu\/wp-json\/wp\/v2\/product_cat?post=713"},{"taxonomy":"product_tag","embeddable":true,"href":"https:\/\/apotekar-online.rs\/hu\/wp-json\/wp\/v2\/product_tag?post=713"}],"curies":[{"name":"wp","href":"https:\/\/api.w.org\/{rel}","templated":true}]}}

<p><strong>PharmaS Helicobalans</strong> egy egyedülálló 2 az 1-ben koncepció, amely segíti a Helicobacter pylori felszámolását és a bélrendszer egyensúlyhiányos állapotának helyreállítását. Csökkenti az antibiotikumok okozta mellékhatások gyakoriságát a gyomor-bél traktusban és az antibiotikumok okozta hasmenést, csökkenti a fertőző hasmenés gyakoriságát és időtartamát, beleértve a rotavírus okozta hasmenést, és segít a (patogén) baktériumok felszámolásában a gyomor-bélrendszerben, beleértve a Helicobacter pylori-t is. .</p>
<p><strong>Adagolás és alkalmazás módja</strong><br />
Napi két kapszula (lehetőleg reggel és este).<br />
Antibiotikum alkalmazása esetén az antibiotikum bevétele után 3 órával vegye be.</p>
<p>&nbsp;</p>
<p><strong>Jegyzet:</strong> Arra törekszünk, hogy minden termék leírásánál a lehető legpontosabbak legyünk, de nem tudjuk garantálni, hogy minden leírás teljes és hibamentes. Köszönöm a megértést.<br />
Az oldalon feltüntetett összes elem kínálatunk részét képezi, de ez nem jelenti azt, hogy mindenkor elérhető.</p>
