{"id":715,"date":"2022-07-12T09:40:05","date_gmt":"2022-07-12T09:40:05","guid":{"rendered":"https:\/\/apotekar-online.rs\/product\/pharmas-probalans-lady-14-vaginaleta\/"},"modified":"2026-03-05T08:30:08","modified_gmt":"2026-03-05T10:30:08","slug":"pharmas-probalans-lady-14-vaginalette","status":"publish","type":"product","link":"https:\/\/apotekar-online.rs\/hu\/p\/pharmas-probalans-lady-14-vaginaleta\/","title":{"rendered":"PharmaS PROBalance Lady 14 h\u00fcvely"},"content":{"rendered":"","protected":false},"excerpt":{"rendered":"<p>A PROBalance Lady \u00f6sszetev\u0151i a pH-\u00e9rt\u00e9k 4-4,5-re t\u00f6rt\u00e9n\u0151 cs\u00f6kkent\u00e9s\u00e9vel seg\u00edtik a h\u00fcvelyi k\u00f6rnyezet savas\u00edt\u00e1s\u00e1t, valamint k\u00fczdenek a k\u00f3rokoz\u00f3 mikroorganizmusok t\u00e1mad\u00e1sa \u00e9s fejl\u0151d\u00e9se ellen, ez\u00e1ltal jav\u00edtj\u00e1k a h\u00fcvelyfalak eg\u00e9szs\u00e9g\u00e9t \u00e9s rugalmass\u00e1g\u00e1t.<\/p>\n<p><strong>Adagol\u00e1s \u00e9s alkalmaz\u00e1s m\u00f3dja<\/strong><br \/>\nEgy tabletta este lefekv\u00e9s el\u0151tt 14 napig. Kezdje el a kezel\u00e9st egy h\u00e9ttel a v\u00e1rhat\u00f3 menstru\u00e1ci\u00f3s ciklus el\u0151tt vagy k\u00f6zvetlen\u00fcl ut\u00e1na.<br \/>\nNe alkalmazza a PharmaS PROBalance Lady-t 20 napn\u00e1l tov\u00e1bb an\u00e9lk\u00fcl, hogy n\u0151gy\u00f3gy\u00e1szhoz fordult volna.<\/p>\n<p>&nbsp;<\/p>\n<p><strong>Jegyzet:<\/strong>\u00a0Arra t\u00f6reksz\u00fcnk, hogy minden term\u00e9k le\u00edr\u00e1s\u00e1n\u00e1l a lehet\u0151 legpontosabbak legy\u00fcnk, de nem tudjuk garant\u00e1lni, hogy minden le\u00edr\u00e1s teljes \u00e9s hibamentes. K\u00f6sz\u00f6n\u00f6m a meg\u00e9rt\u00e9st.<br \/>\nAz oldalon felt\u00fcntetett \u00f6sszes elem k\u00edn\u00e1latunk r\u00e9sz\u00e9t k\u00e9pezi, de ez nem jelenti azt, hogy mindenkor el\u00e9rhet\u0151.<\/p>","protected":false},"featured_media":716,"template":"","meta":[],"product_brand":[],"product_cat":[88,81],"product_tag":[],"class_list":{"0":"post-715","1":"product","2":"type-product","3":"status-publish","4":"has-post-thumbnail","6":"product_cat-intimna-nega","7":"product_cat-probiotici-i-enzimi","8":"pa_brend-pharmas","10":"first","11":"instock","12":"product-type-simple"},"ams_default_variation_id":0,"ams_product_points_reward":[],"ams_product_discount_percentage":0,"ams_price_to_display":0,"ams_acf":[],"jetpack_sharing_enabled":true,"_links":{"self":[{"href":"https:\/\/apotekar-online.rs\/hu\/wp-json\/wp\/v2\/product\/715","targetHints":{"allow":["GET"]}}],"collection":[{"href":"https:\/\/apotekar-online.rs\/hu\/wp-json\/wp\/v2\/product"}],"about":[{"href":"https:\/\/apotekar-online.rs\/hu\/wp-json\/wp\/v2\/types\/product"}],"wp:featuredmedia":[{"embeddable":true,"href":"https:\/\/apotekar-online.rs\/hu\/wp-json\/wp\/v2\/media\/716"}],"wp:attachment":[{"href":"https:\/\/apotekar-online.rs\/hu\/wp-json\/wp\/v2\/media?parent=715"}],"wp:term":[{"taxonomy":"product_brand","embeddable":true,"href":"https:\/\/apotekar-online.rs\/hu\/wp-json\/wp\/v2\/product_brand?post=715"},{"taxonomy":"product_cat","embeddable":true,"href":"https:\/\/apotekar-online.rs\/hu\/wp-json\/wp\/v2\/product_cat?post=715"},{"taxonomy":"product_tag","embeddable":true,"href":"https:\/\/apotekar-online.rs\/hu\/wp-json\/wp\/v2\/product_tag?post=715"}],"curies":[{"name":"wp","href":"https:\/\/api.w.org\/{rel}","templated":true}]}}

PharmaS PROBalance Lady 14 hüvely

<p>A PROBalance Lady összetevői a pH-érték 4-4,5-re történő csökkentésével segítik a hüvelyi környezet savasítását, valamint küzdenek a kórokozó mikroorganizmusok támadása és fejlődése ellen, ezáltal javítják a hüvelyfalak egészségét és rugalmasságát.</p>
<p><strong>Adagolás és alkalmazás módja</strong><br />
Egy tabletta este lefekvés előtt 14 napig. Kezdje el a kezelést egy héttel a várható menstruációs ciklus előtt vagy közvetlenül utána.<br />
Ne alkalmazza a PharmaS PROBalance Lady-t 20 napnál tovább anélkül, hogy nőgyógyászhoz fordult volna.</p>
<p>&nbsp;</p>
<p><strong>Jegyzet:</strong> Arra törekszünk, hogy minden termék leírásánál a lehető legpontosabbak legyünk, de nem tudjuk garantálni, hogy minden leírás teljes és hibamentes. Köszönöm a megértést.<br />
Az oldalon feltüntetett összes elem kínálatunk részét képezi, de ez nem jelenti azt, hogy mindenkor elérhető.</p>
