{"id":2819,"date":"2023-04-23T09:40:45","date_gmt":"2023-04-23T11:40:45","guid":{"rendered":"https:\/\/apotekar-online.rs\/?post_type=product&#038;p=2819"},"modified":"2026-03-05T08:20:28","modified_gmt":"2026-03-05T10:20:28","slug":"frosh-baby-praskasti-detergent-1-215kg","status":"publish","type":"product","link":"https:\/\/apotekar-online.rs\/ro\/p\/frosh-baby-praskasti-detergent-1-215kg\/","title":{"rendered":"Detergent praf pentru copii Frosh 1.215 kg"},"content":{"rendered":"","protected":false},"excerpt":{"rendered":"<p>Detergent praf pentru copii Frosh 1.215 kg<br \/>\n\u2022 Velika snaga pranja \u010dak i upornih mrlja na baby ode\u0107i, na temperaturama izme\u0111u 20 \u00b0 &#8211; 95 \u00b0 C. Naro\u010dito za belo rublje, nije pogodno za vunu i svilu.<br \/>\n\u2022 Formula cu surfactan\u021bi naturali, pe baz\u0103 de plante \u0219i provitamina B5 ofer\u0103 o performan\u021b\u0103 de sp\u0103lare puternic\u0103, dar bl\u00e2nd\u0103.<br \/>\n\u2022 Special dezvoltat pentru nevoile bebelusilor si copiilor, testat dermatologic. Potrivit pentru persoanele alergice, f\u0103r\u0103 coloran\u021bi \u0219i conservan\u021bi. Evitarea parfumurilor reduce riscul de iritare a pielii.<br \/>\n\u2022 Cutie de carton cu mai mult de 80% h\u00e2rtie reciclat\u0103 resigilabil\u0103 - reciclabil\u0103<\/p>\n<p>Pakovanje:1.215 kg.<\/p>\n<p>&nbsp;<\/p>\n<p><strong>Not\u0103:<\/strong>\u00a0Ne str\u0103duim s\u0103 fim c\u00e2t mai precisi \u00een descrierea tuturor produselor, dar nu putem garanta c\u0103 toate descrierile sunt complete \u0219i f\u0103r\u0103 erori. Multumesc pentru intelegere.<br \/>\nToate articolele afi\u0219ate pe site fac parte din oferta noastr\u0103, dar nu \u00eenseamn\u0103 c\u0103 sunt disponibile \u00een orice moment.<\/p>","protected":false},"featured_media":2820,"template":"","meta":[],"product_brand":[],"product_cat":[340,385,224],"product_tag":[410,409,411,299],"class_list":{"0":"post-2819","1":"product","2":"type-product","3":"status-publish","4":"has-post-thumbnail","6":"product_cat-deciji-program","7":"product_cat-bebi-oprema","8":"product_cat-kozmetika-za-decu","9":"product_tag-deterdzenti-i-praskovi-za-bebine-stvari","10":"product_tag-kozmetika-za-decu","11":"product_tag-nega-dece","12":"product_tag-nega-koze","13":"pa_brend-frosch","15":"first","16":"instock","17":"shipping-taxable","18":"product-type-simple"},"ams_default_variation_id":0,"ams_product_points_reward":[],"ams_product_discount_percentage":0,"ams_price_to_display":0,"ams_acf":[],"jetpack_sharing_enabled":true,"_links":{"self":[{"href":"https:\/\/apotekar-online.rs\/ro\/wp-json\/wp\/v2\/product\/2819","targetHints":{"allow":["GET"]}}],"collection":[{"href":"https:\/\/apotekar-online.rs\/ro\/wp-json\/wp\/v2\/product"}],"about":[{"href":"https:\/\/apotekar-online.rs\/ro\/wp-json\/wp\/v2\/types\/product"}],"wp:featuredmedia":[{"embeddable":true,"href":"https:\/\/apotekar-online.rs\/ro\/wp-json\/wp\/v2\/media\/2820"}],"wp:attachment":[{"href":"https:\/\/apotekar-online.rs\/ro\/wp-json\/wp\/v2\/media?parent=2819"}],"wp:term":[{"taxonomy":"product_brand","embeddable":true,"href":"https:\/\/apotekar-online.rs\/ro\/wp-json\/wp\/v2\/product_brand?post=2819"},{"taxonomy":"product_cat","embeddable":true,"href":"https:\/\/apotekar-online.rs\/ro\/wp-json\/wp\/v2\/product_cat?post=2819"},{"taxonomy":"product_tag","embeddable":true,"href":"https:\/\/apotekar-online.rs\/ro\/wp-json\/wp\/v2\/product_tag?post=2819"}],"curies":[{"name":"wp","href":"https:\/\/api.w.org\/{rel}","templated":true}]}}

<p>Detergent praf pentru copii Frosh 1.215 kg<br />
• Velika snaga pranja čak i upornih mrlja na baby odeći, na temperaturama između 20 ° &#8211; 95 ° C. Naročito za belo rublje, nije pogodno za vunu i svilu.<br />
• Formula cu surfactanți naturali, pe bază de plante și provitamina B5 oferă o performanță de spălare puternică, dar blândă.<br />
• Special dezvoltat pentru nevoile bebelusilor si copiilor, testat dermatologic. Potrivit pentru persoanele alergice, fără coloranți și conservanți. Evitarea parfumurilor reduce riscul de iritare a pielii.<br />
• Cutie de carton cu mai mult de 80% hârtie reciclată resigilabilă - reciclabilă</p>
<p>Pakovanje:1.215 kg.</p>
<p>&nbsp;</p>
<p><strong>Notă:</strong> Ne străduim să fim cât mai precisi în descrierea tuturor produselor, dar nu putem garanta că toate descrierile sunt complete și fără erori. Multumesc pentru intelegere.<br />
Toate articolele afișate pe site fac parte din oferta noastră, dar nu înseamnă că sunt disponibile în orice moment.</p>
