{"id":2880,"date":"2023-04-23T11:27:16","date_gmt":"2023-04-23T13:27:16","guid":{"rendered":"https:\/\/apotekar-online.rs\/?post_type=product&#038;p=2880"},"modified":"2026-03-05T08:20:24","modified_gmt":"2026-03-05T10:20:24","slug":"chicco-bm-normal-baie-si-sampon-750ml","status":"publish","type":"product","link":"https:\/\/apotekar-online.rs\/ro\/p\/chicco-bm-normal-kupka-i-sampon-750ml\/","title":{"rendered":"Chicco BM baie normala si sampon 750ml"},"content":{"rendered":"","protected":false},"excerpt":{"rendered":"<p>Chicco BM baie normala si sampon 750ml<br \/>\nCur\u0103\u021b\u0103 p\u0103rul \u0219i pielea delicat\u0103 a bebelu\u0219ului \u00eentr-un singur pas. Formula fara lacrimi, cu ingrediente 92% derivate natural, contine extract de calendula cunoscut pentru proprietatile sale de catifelare. Las\u0103 pielea \u0219i p\u0103rul moale \u0219i u\u0219or parfumate.<br \/>\nTara de origine: Italia.<br \/>\nVarsta: 0+<br \/>\nAmbalare: 750 ml.<\/p>\n<p><strong>Compozitie:<\/strong><br \/>\nAp\u0103, cocamidopropil betain\u0103, laureth sulfosuccinat disodic, glicerin\u0103, palmat de gliceril hidrogenat peg-200, fenoxietanol, parfum, decil glucozid\u0103, 1,2-hexandiol, cocoat de gliceril peg-7, acid benzoic, laureth-2, extract de gliceril gliceric de sodiu, flux de calendul de sodiu , polyquaternium-7, acid lactic.<\/p>\n<p>&nbsp;<\/p>\n<p><strong>Not\u0103:<\/strong>\u00a0Ne str\u0103duim s\u0103 fim c\u00e2t mai precisi \u00een descrierea tuturor produselor, dar nu putem garanta c\u0103 toate descrierile sunt complete \u0219i f\u0103r\u0103 erori. Multumesc pentru intelegere.<br \/>\nToate articolele afi\u0219ate pe site fac parte din oferta noastr\u0103, dar nu \u00eenseamn\u0103 c\u0103 sunt disponibile \u00een orice moment.<\/p>","protected":false},"featured_media":2881,"template":"","meta":[],"product_brand":[],"product_cat":[340,385,224],"product_tag":[409,444,411,299,450],"class_list":{"0":"post-2880","1":"product","2":"type-product","3":"status-publish","4":"has-post-thumbnail","6":"product_cat-deciji-program","7":"product_cat-bebi-oprema","8":"product_cat-kozmetika-za-decu","9":"product_tag-kozmetika-za-decu","10":"product_tag-kupke-i-samponi","11":"product_tag-nega-dece","12":"product_tag-nega-koze","13":"product_tag-omeksavajuca-svojstva","14":"pa_brend-chicco","16":"first","17":"instock","18":"shipping-taxable","19":"purchasable","20":"product-type-simple"},"ams_default_variation_id":0,"ams_product_points_reward":[],"ams_product_discount_percentage":0,"ams_price_to_display":850,"ams_acf":[],"jetpack_sharing_enabled":true,"_links":{"self":[{"href":"https:\/\/apotekar-online.rs\/ro\/wp-json\/wp\/v2\/product\/2880","targetHints":{"allow":["GET"]}}],"collection":[{"href":"https:\/\/apotekar-online.rs\/ro\/wp-json\/wp\/v2\/product"}],"about":[{"href":"https:\/\/apotekar-online.rs\/ro\/wp-json\/wp\/v2\/types\/product"}],"wp:featuredmedia":[{"embeddable":true,"href":"https:\/\/apotekar-online.rs\/ro\/wp-json\/wp\/v2\/media\/2881"}],"wp:attachment":[{"href":"https:\/\/apotekar-online.rs\/ro\/wp-json\/wp\/v2\/media?parent=2880"}],"wp:term":[{"taxonomy":"product_brand","embeddable":true,"href":"https:\/\/apotekar-online.rs\/ro\/wp-json\/wp\/v2\/product_brand?post=2880"},{"taxonomy":"product_cat","embeddable":true,"href":"https:\/\/apotekar-online.rs\/ro\/wp-json\/wp\/v2\/product_cat?post=2880"},{"taxonomy":"product_tag","embeddable":true,"href":"https:\/\/apotekar-online.rs\/ro\/wp-json\/wp\/v2\/product_tag?post=2880"}],"curies":[{"name":"wp","href":"https:\/\/api.w.org\/{rel}","templated":true}]}}

<p>Chicco BM baie normala si sampon 750ml<br />
Curăță părul și pielea delicată a bebelușului într-un singur pas. Formula fara lacrimi, cu ingrediente 92% derivate natural, contine extract de calendula cunoscut pentru proprietatile sale de catifelare. Lasă pielea și părul moale și ușor parfumate.<br />
Tara de origine: Italia.<br />
Varsta: 0+<br />
Ambalare: 750 ml.</p>
<p><strong>Compozitie:</strong><br />
Apă, cocamidopropil betaină, laureth sulfosuccinat disodic, glicerină, palmat de gliceril hidrogenat peg-200, fenoxietanol, parfum, decil glucozidă, 1,2-hexandiol, cocoat de gliceril peg-7, acid benzoic, laureth-2, extract de gliceril gliceric de sodiu, flux de calendul de sodiu , polyquaternium-7, acid lactic.</p>
<p>&nbsp;</p>
<p><strong>Notă:</strong> Ne străduim să fim cât mai precisi în descrierea tuturor produselor, dar nu putem garanta că toate descrierile sunt complete și fără erori. Multumesc pentru intelegere.<br />
Toate articolele afișate pe site fac parte din oferta noastră, dar nu înseamnă că sunt disponibile în orice moment.</p>
