{"id":2919,"date":"2023-04-24T07:59:24","date_gmt":"2023-04-24T09:59:24","guid":{"rendered":"https:\/\/apotekar-online.rs\/?post_type=product&#038;p=2919"},"modified":"2026-03-05T08:20:23","modified_gmt":"2026-03-05T10:20:23","slug":"curaprox-kids-brush","status":"publish","type":"product","link":"https:\/\/apotekar-online.rs\/ro\/p\/curaprox-kids-cetkica\/","title":{"rendered":"Perie pentru copii Curaprox"},"content":{"rendered":"","protected":false},"excerpt":{"rendered":"<p>Cap mic de perie cu peste 5.500 de peri.<\/p>\n<p>C\u00e2nd cei mici au to\u021bi din\u021bii de lapte, este de obicei un semn c\u0103 au nevoie de o perie pu\u021bin mai mare, dar suficient de mic\u0103, cu peri foarte moi \u0219i den\u0219i.<br \/>\nPeriile Curaprox pentru copii au un cap mic care ajunge \u00een locurile greu accesibile din gur\u0103. Peste 5.000 de fibre Curen\u00ae ultra-moale sunt ata\u0219ate de capul periajului pentru a oferi o cur\u0103\u021bare bl\u00e2nd\u0103 \u0219i eficient\u0103, chiar \u0219i la grani\u021ba dintre din\u021bi \u0219i gingii, acolo unde placa cauzeaz\u0103 cele mai multe probleme.<\/p>\n<p>Periile Curaprox kids sunt destinate copiilor cu varsta cuprinsa intre 4 si 12 ani.<\/p>\n<p>M\u00e2nerul octogonal \u00eel face mai u\u0219or de \u021binut \u0219i ajut\u0103 la cur\u0103\u021barea \u00een unghi drept.<\/p>\n<p>Periuta de dinti Curaprox pentru copii are:<\/p>\n<ul>\n<li>\u00a0 Un cap mic care ajunge \u00een locuri greu accesibile<\/li>\n<li>\u00a0 5.500 de fibre Curen\u00ae extrem de moi cu un diametru de 0,08 mm<\/li>\n<li>\u00a0 M\u00e2ner octogonal pentru \u021binere \u0219i periere<\/li>\n<\/ul>\n<p>Producator: Curaden International AG, Elvetia.<\/p>\n<p><strong>Not\u0103:<\/strong>\u00a0Ne str\u0103duim s\u0103 fim c\u00e2t mai precisi \u00een descrierea tuturor produselor, dar nu putem garanta c\u0103 toate descrierile sunt complete \u0219i f\u0103r\u0103 erori. Multumesc pentru intelegere.<br \/>\nToate articolele afi\u0219ate pe site fac parte din oferta noastr\u0103, dar nu \u00eenseamn\u0103 c\u0103 sunt disponibile \u00een orice moment.<\/p>","protected":false},"featured_media":2923,"template":"","meta":[],"product_brand":[],"product_cat":[340,224],"product_tag":[462,379,409,411],"class_list":{"0":"post-2919","1":"product","2":"type-product","3":"status-publish","4":"has-post-thumbnail","6":"product_cat-deciji-program","7":"product_cat-kozmetika-za-decu","8":"product_tag-cetkice-za-zube","9":"product_tag-higijena-zuba","10":"product_tag-kozmetika-za-decu","11":"product_tag-nega-dece","12":"pa_brend-curaprox","14":"first","15":"instock","16":"shipping-taxable","17":"purchasable","18":"product-type-simple"},"ams_default_variation_id":0,"ams_product_points_reward":[],"ams_product_discount_percentage":0,"ams_price_to_display":640,"ams_acf":[],"jetpack_sharing_enabled":true,"_links":{"self":[{"href":"https:\/\/apotekar-online.rs\/ro\/wp-json\/wp\/v2\/product\/2919","targetHints":{"allow":["GET"]}}],"collection":[{"href":"https:\/\/apotekar-online.rs\/ro\/wp-json\/wp\/v2\/product"}],"about":[{"href":"https:\/\/apotekar-online.rs\/ro\/wp-json\/wp\/v2\/types\/product"}],"wp:featuredmedia":[{"embeddable":true,"href":"https:\/\/apotekar-online.rs\/ro\/wp-json\/wp\/v2\/media\/2923"}],"wp:attachment":[{"href":"https:\/\/apotekar-online.rs\/ro\/wp-json\/wp\/v2\/media?parent=2919"}],"wp:term":[{"taxonomy":"product_brand","embeddable":true,"href":"https:\/\/apotekar-online.rs\/ro\/wp-json\/wp\/v2\/product_brand?post=2919"},{"taxonomy":"product_cat","embeddable":true,"href":"https:\/\/apotekar-online.rs\/ro\/wp-json\/wp\/v2\/product_cat?post=2919"},{"taxonomy":"product_tag","embeddable":true,"href":"https:\/\/apotekar-online.rs\/ro\/wp-json\/wp\/v2\/product_tag?post=2919"}],"curies":[{"name":"wp","href":"https:\/\/api.w.org\/{rel}","templated":true}]}}

<p>Cap mic de perie cu peste 5.500 de peri.</p>
<p>Când cei mici au toți dinții de lapte, este de obicei un semn că au nevoie de o perie puțin mai mare, dar suficient de mică, cu peri foarte moi și denși.<br />
Periile Curaprox pentru copii au un cap mic care ajunge în locurile greu accesibile din gură. Peste 5.000 de fibre Curen® ultra-moale sunt atașate de capul periajului pentru a oferi o curățare blândă și eficientă, chiar și la granița dintre dinți și gingii, acolo unde placa cauzează cele mai multe probleme.</p>
<p>Periile Curaprox kids sunt destinate copiilor cu varsta cuprinsa intre 4 si 12 ani.</p>
<p>Mânerul octogonal îl face mai ușor de ținut și ajută la curățarea în unghi drept.</p>
<p>Periuta de dinti Curaprox pentru copii are:</p>
<ul>
<li>  Un cap mic care ajunge în locuri greu accesibile</li>
<li>  5.500 de fibre Curen® extrem de moi cu un diametru de 0,08 mm</li>
<li>  Mâner octogonal pentru ținere și periere</li>
</ul>
<p>Producator: Curaden International AG, Elvetia.</p>
<p><strong>Notă:</strong> Ne străduim să fim cât mai precisi în descrierea tuturor produselor, dar nu putem garanta că toate descrierile sunt complete și fără erori. Multumesc pentru intelegere.<br />
Toate articolele afișate pe site fac parte din oferta noastră, dar nu înseamnă că sunt disponibile în orice moment.</p>
