{"id":2938,"date":"2023-04-24T08:40:28","date_gmt":"2023-04-24T10:40:28","guid":{"rendered":"https:\/\/apotekar-online.rs\/?post_type=product&#038;p=2938"},"modified":"2026-03-05T08:20:22","modified_gmt":"2026-03-05T10:20:22","slug":"curaprox-baby-grinder-verde","status":"publish","type":"product","link":"https:\/\/apotekar-online.rs\/ro\/p\/curaprox-baby-glodalica-zelena\/","title":{"rendered":"Curaprox\u200b r\u00e2\u0219ni\u021b\u0103 pentru copii, verde"},"content":{"rendered":"","protected":false},"excerpt":{"rendered":"<p><strong>Freza Curaprox CBR\u00a0<\/strong>cu periu\u021b\u0103 de din\u021bi de masaj \u0219i z\u0103ng\u0103nitor\u00a0<strong>amelioreaz\u0103 disconfortul \u0219i durerea \u00een timpul denti\u021biei<\/strong>\u00a0\u0219i f\u0103r\u0103 utilizarea de analgezice. Stimul\u0103rile tactile, optice \u0219i acustice \u00eencurajeaz\u0103 \u0219i dezvoltarea curiozit\u0103\u021bii naturale a copilului \u00eenc\u0103 din luna a doua. Grinderul Curaprox este o periu\u021b\u0103 de din\u021bi de masaj \u0219i \u00een acela\u0219i timp prima periu\u021b\u0103 de din\u021bi care preg\u0103te\u0219te bebelu\u0219ii pentru periu\u021ba de din\u021bi Curaprox adecvat\u0103.<\/p>\n<p>Rasnita este realizata din material biocompatibil rezistent la saliva. Nu poate fi rupt sau mestecat \u0219i nu con\u021bine agen\u021bi de \u00eenmuiere sau coloran\u021bi nocivi.<\/p>\n<p>Freza Curaprox Baby:<br \/>\n- un zdr\u0103n\u0103tor cu bile multicolore pentru a men\u021bine aten\u021bia \u0219i a dezvolta o coordonare adecvat\u0103<br \/>\n- apucare, sim\u021bire, vedere \u0219i ascultare - suprafe\u021be diferite \u0219i duritate diferit\u0103<br \/>\n\u2013 cu limba \u0219i palatul, bebelu\u0219ul descoper\u0103 texturi \u0219i suprafe\u021be interesante<br \/>\n- realizate din materiale biocompatibile, rezistente la saliva, indestructibil, potrivite pentru ameliorarea disconfortului si durerilor din perioada dentitiei.<\/p>\n<p><strong>Nu contine bisfenol A (BPA)!<\/strong><\/p>\n<p>Producator: Curaden International AG, Elvetia.<\/p>\n<p><strong>Not\u0103:<\/strong>\u00a0Ne str\u0103duim s\u0103 fim c\u00e2t mai precisi \u00een descrierea tuturor produselor, dar nu putem garanta c\u0103 toate descrierile sunt complete \u0219i f\u0103r\u0103 erori. Multumesc pentru intelegere.<br \/>\nToate articolele afi\u0219ate pe site fac parte din oferta noastr\u0103, dar nu \u00eenseamn\u0103 c\u0103 sunt disponibile \u00een orice moment.<\/p>","protected":false},"featured_media":2939,"template":"","meta":[],"product_brand":[],"product_cat":[340,385,121,224],"product_tag":[469,466,379,409,411,465,467,468],"class_list":{"0":"post-2938","1":"product","2":"type-product","3":"status-publish","4":"has-post-thumbnail","6":"product_cat-deciji-program","7":"product_cat-bebi-oprema","8":"product_cat-higijena-usta-i-zuba","9":"product_cat-kozmetika-za-decu","10":"product_tag-biokompatibilni-materijal","11":"product_tag-glodalica","12":"product_tag-higijena-zuba","13":"product_tag-kozmetika-za-decu","14":"product_tag-nega-dece","15":"product_tag-nega-desni","16":"product_tag-prva-cetkica","17":"product_tag-zvecka","18":"pa_brend-curaprox","20":"first","21":"instock","22":"shipping-taxable","23":"purchasable","24":"product-type-simple"},"ams_default_variation_id":0,"ams_product_points_reward":[],"ams_product_discount_percentage":0,"ams_price_to_display":2020,"ams_acf":[],"jetpack_sharing_enabled":true,"_links":{"self":[{"href":"https:\/\/apotekar-online.rs\/ro\/wp-json\/wp\/v2\/product\/2938","targetHints":{"allow":["GET"]}}],"collection":[{"href":"https:\/\/apotekar-online.rs\/ro\/wp-json\/wp\/v2\/product"}],"about":[{"href":"https:\/\/apotekar-online.rs\/ro\/wp-json\/wp\/v2\/types\/product"}],"wp:featuredmedia":[{"embeddable":true,"href":"https:\/\/apotekar-online.rs\/ro\/wp-json\/wp\/v2\/media\/2939"}],"wp:attachment":[{"href":"https:\/\/apotekar-online.rs\/ro\/wp-json\/wp\/v2\/media?parent=2938"}],"wp:term":[{"taxonomy":"product_brand","embeddable":true,"href":"https:\/\/apotekar-online.rs\/ro\/wp-json\/wp\/v2\/product_brand?post=2938"},{"taxonomy":"product_cat","embeddable":true,"href":"https:\/\/apotekar-online.rs\/ro\/wp-json\/wp\/v2\/product_cat?post=2938"},{"taxonomy":"product_tag","embeddable":true,"href":"https:\/\/apotekar-online.rs\/ro\/wp-json\/wp\/v2\/product_tag?post=2938"}],"curies":[{"name":"wp","href":"https:\/\/api.w.org\/{rel}","templated":true}]}}

Curaprox​ râșniță pentru copii, verde

<p><strong>Freza Curaprox CBR </strong>cu periuță de dinți de masaj și zăngănitor <strong>ameliorează disconfortul și durerea în timpul dentiției</strong> și fără utilizarea de analgezice. Stimulările tactile, optice și acustice încurajează și dezvoltarea curiozității naturale a copilului încă din luna a doua. Grinderul Curaprox este o periuță de dinți de masaj și în același timp prima periuță de dinți care pregătește bebelușii pentru periuța de dinți Curaprox adecvată.</p>
<p>Rasnita este realizata din material biocompatibil rezistent la saliva. Nu poate fi rupt sau mestecat și nu conține agenți de înmuiere sau coloranți nocivi.</p>
<p>Freza Curaprox Baby:<br />
- un zdrănător cu bile multicolore pentru a menține atenția și a dezvolta o coordonare adecvată<br />
- apucare, simțire, vedere și ascultare - suprafețe diferite și duritate diferită<br />
– cu limba și palatul, bebelușul descoperă texturi și suprafețe interesante<br />
- realizate din materiale biocompatibile, rezistente la saliva, indestructibil, potrivite pentru ameliorarea disconfortului si durerilor din perioada dentitiei.</p>
<p><strong>Nu contine bisfenol A (BPA)!</strong></p>
<p>Producator: Curaden International AG, Elvetia.</p>
<p><strong>Notă:</strong> Ne străduim să fim cât mai precisi în descrierea tuturor produselor, dar nu putem garanta că toate descrierile sunt complete și fără erori. Multumesc pentru intelegere.<br />
Toate articolele afișate pe site fac parte din oferta noastră, dar nu înseamnă că sunt disponibile în orice moment.</p>
