{"id":2942,"date":"2023-04-24T08:45:05","date_gmt":"2023-04-24T10:45:05","guid":{"rendered":"https:\/\/apotekar-online.rs\/?post_type=product&#038;p=2942"},"modified":"2026-03-05T08:19:41","modified_gmt":"2026-03-05T10:19:41","slug":"curaprox-suzeta-bebe-marimea-0-orange","status":"publish","type":"product","link":"https:\/\/apotekar-online.rs\/ro\/p\/curaprox-baby-duda-velicina-0-narandzasta\/","title":{"rendered":"Suzeta Curaprox\u200b Baby, marimea 0, portocalie"},"content":{"rendered":"","protected":false},"excerpt":{"rendered":"<p><strong>Suzeta pentru bebelusi Curaprox Baby<\/strong>\u00a0este potrivit pentru bebelu\u0219ii cu v\u00e2rsta cuprins\u0103 \u00eentre 0 \u0219i 7 luni sau cu o greutate de 3 p\u00e2n\u0103 la 7 kilograme.<\/p>\n<p><strong>Suzeta este din silicon. Nu con\u021bine bisfenol A (BPA), ftala\u021bi \u0219i coloran\u021bi AZO.<\/strong><\/p>\n<p>Ce \u00eenseamn\u0103 biofunc\u021bionalitatea suzetei Curaprox Baby?<\/p>\n<p>Suzeta este conceput\u0103 astfel \u00eenc\u00e2t utilizarea sa s\u0103 nu provoace efecte nedorite precum deformarea maxilarului \u0219i dificult\u0103\u021bi de respira\u021bie pe gur\u0103.<\/p>\n<ol>\n<li>Partea plat\u0103 a p\u0103r\u021bii de aspira\u021bie nu apas\u0103 pe palat, astfel \u00eenc\u00e2t se creeaz\u0103 o arcuire adecvat\u0103. Suzeta previne mu\u0219c\u0103tura deschis\u0103 \u0219i denti\u021bia neregulat\u0103 \u0219i \u00eencurajeaz\u0103 respira\u021bia \u0219i somnul adecvat.<\/li>\n<li>Aripile laterale ale suzetei direc\u021bioneaz\u0103 presiunea \u00een timpul sug\u0103rii c\u0103tre maxilar \u0219i nu c\u0103tre palat, astfel \u00eenc\u00e2t arcada din\u021bilor s\u0103 aib\u0103 o form\u0103 rotunjit\u0103 corespunz\u0103toare.<\/li>\n<li>Scutul reglabil din silicon al suzetei cu creste usoare ii ofera bebelusului o senzatie asemanatoare cu alaptarea, incurajeaza dezvoltarea senzoriala si motrica si ajuta la dezvoltarea procesului natural de deglutitie.<\/li>\n<\/ol>\n<p>Un mu\u0219tiuc standard creeaz\u0103 un vid \u00een cavitatea copilului \u0219i astfel exercit\u0103 presiune asupra gurii. Dispozitivul de re\u021binere Curaprox Baby exercit\u0103 presiune asupra maxilarului, f\u0103c\u00e2ndu-l s\u0103 se extind\u0103. Astfel, posibilitatea de a dezvolta nereguli precum muscatura incrucisata si muscatura deschisa este redusa semnificativ.<\/p>\n<p>Producator: Curaden International AG, Elvetia.<\/p>\n<p><strong>Not\u0103:<\/strong>\u00a0Ne str\u0103duim s\u0103 fim c\u00e2t mai precisi \u00een descrierea tuturor produselor, dar nu putem garanta c\u0103 toate descrierile sunt complete \u0219i f\u0103r\u0103 erori. Multumesc pentru intelegere.<br \/>\nToate articolele afi\u0219ate pe site fac parte din oferta noastr\u0103, dar nu \u00eenseamn\u0103 c\u0103 sunt disponibile \u00een orice moment.<\/p>","protected":false},"featured_media":2943,"template":"","meta":[],"product_brand":[],"product_cat":[340,385,121,224],"product_tag":[470,409,411,465,332,471],"class_list":{"0":"post-2942","1":"product","2":"type-product","3":"status-publish","4":"has-post-thumbnail","6":"product_cat-deciji-program","7":"product_cat-bebi-oprema","8":"product_cat-higijena-usta-i-zuba","9":"product_cat-kozmetika-za-decu","10":"product_tag-duda-za-bebe","11":"product_tag-kozmetika-za-decu","12":"product_tag-nega-dece","13":"product_tag-nega-desni","14":"product_tag-rast-i-razvoj","15":"product_tag-velicina-0","16":"pa_brend-curaprox","18":"first","19":"instock","20":"shipping-taxable","21":"purchasable","22":"product-type-simple"},"ams_default_variation_id":0,"ams_product_points_reward":[],"ams_product_discount_percentage":0,"ams_price_to_display":1260,"ams_acf":[],"jetpack_sharing_enabled":true,"_links":{"self":[{"href":"https:\/\/apotekar-online.rs\/ro\/wp-json\/wp\/v2\/product\/2942","targetHints":{"allow":["GET"]}}],"collection":[{"href":"https:\/\/apotekar-online.rs\/ro\/wp-json\/wp\/v2\/product"}],"about":[{"href":"https:\/\/apotekar-online.rs\/ro\/wp-json\/wp\/v2\/types\/product"}],"wp:featuredmedia":[{"embeddable":true,"href":"https:\/\/apotekar-online.rs\/ro\/wp-json\/wp\/v2\/media\/2943"}],"wp:attachment":[{"href":"https:\/\/apotekar-online.rs\/ro\/wp-json\/wp\/v2\/media?parent=2942"}],"wp:term":[{"taxonomy":"product_brand","embeddable":true,"href":"https:\/\/apotekar-online.rs\/ro\/wp-json\/wp\/v2\/product_brand?post=2942"},{"taxonomy":"product_cat","embeddable":true,"href":"https:\/\/apotekar-online.rs\/ro\/wp-json\/wp\/v2\/product_cat?post=2942"},{"taxonomy":"product_tag","embeddable":true,"href":"https:\/\/apotekar-online.rs\/ro\/wp-json\/wp\/v2\/product_tag?post=2942"}],"curies":[{"name":"wp","href":"https:\/\/api.w.org\/{rel}","templated":true}]}}

<p><strong>Suzeta pentru bebelusi Curaprox Baby</strong> este potrivit pentru bebelușii cu vârsta cuprinsă între 0 și 7 luni sau cu o greutate de 3 până la 7 kilograme.</p>
<p><strong>Suzeta este din silicon. Nu conține bisfenol A (BPA), ftalați și coloranți AZO.</strong></p>
<p>Ce înseamnă biofuncționalitatea suzetei Curaprox Baby?</p>
<p>Suzeta este concepută astfel încât utilizarea sa să nu provoace efecte nedorite precum deformarea maxilarului și dificultăți de respirație pe gură.</p>
<ol>
<li>Partea plată a părții de aspirație nu apasă pe palat, astfel încât se creează o arcuire adecvată. Suzeta previne mușcătura deschisă și dentiția neregulată și încurajează respirația și somnul adecvat.</li>
<li>Aripile laterale ale suzetei direcționează presiunea în timpul sugării către maxilar și nu către palat, astfel încât arcada dinților să aibă o formă rotunjită corespunzătoare.</li>
<li>Scutul reglabil din silicon al suzetei cu creste usoare ii ofera bebelusului o senzatie asemanatoare cu alaptarea, incurajeaza dezvoltarea senzoriala si motrica si ajuta la dezvoltarea procesului natural de deglutitie.</li>
</ol>
<p>Un muștiuc standard creează un vid în cavitatea copilului și astfel exercită presiune asupra gurii. Dispozitivul de reținere Curaprox Baby exercită presiune asupra maxilarului, făcându-l să se extindă. Astfel, posibilitatea de a dezvolta nereguli precum muscatura incrucisata si muscatura deschisa este redusa semnificativ.</p>
<p>Producator: Curaden International AG, Elvetia.</p>
<p><strong>Notă:</strong> Ne străduim să fim cât mai precisi în descrierea tuturor produselor, dar nu putem garanta că toate descrierile sunt complete și fără erori. Multumesc pentru intelegere.<br />
Toate articolele afișate pe site fac parte din oferta noastră, dar nu înseamnă că sunt disponibile în orice moment.</p>
