{"id":2952,"date":"2023-04-24T08:59:37","date_gmt":"2023-04-24T10:59:37","guid":{"rendered":"https:\/\/apotekar-online.rs\/?post_type=product&#038;p=2952"},"modified":"2026-03-05T08:19:40","modified_gmt":"2026-03-05T10:19:40","slug":"curaprox-baby-drzac-za-dude-plava","status":"publish","type":"product","link":"https:\/\/apotekar-online.rs\/ro\/p\/curaprox-baby-drzac-za-dude-plava\/","title":{"rendered":"Suzeta Curaprox Baby, albastru"},"content":{"rendered":"","protected":false},"excerpt":{"rendered":"<p style=\"font-weight: 400;\">Preveni\u021bi c\u0103derea \u0219i pierderea suzetei - pur \u0219i simplu ata\u0219a\u021bi suzeta la hainele bebelu\u0219ului\u00a0<b><strong>Suzeta pentru bebelusi Curaprox!<\/strong><\/b><\/p>\n<p style=\"font-weight: 400;\">Suportul este ata\u0219at de haine cu o clem\u0103 \u0219i velcro de suzet\u0103.<\/p>\n<p style=\"font-weight: 400;\"><b><strong>Produsul este conform cu standardul european EN 12586.<br \/>\n<\/strong><\/b><\/p>\n<p style=\"font-weight: 400;\">Materialele nu con\u021bin bisfenol A (BPA), nitrozamin\u0103, ftala\u021bi \u0219i coloran\u021bi AZO.<\/p>\n<p style=\"font-weight: 400;\">Producator: Curaden International AG, Elvetia.<\/p>\n<p><strong>Not\u0103:<\/strong>\u00a0Ne str\u0103duim s\u0103 fim c\u00e2t mai precisi \u00een descrierea tuturor produselor, dar nu putem garanta c\u0103 toate descrierile sunt complete \u0219i f\u0103r\u0103 erori. Multumesc pentru intelegere.<br \/>\nToate articolele afi\u0219ate pe site fac parte din oferta noastr\u0103, dar nu \u00eenseamn\u0103 c\u0103 sunt disponibile \u00een orice moment.<\/p>","protected":false},"featured_media":2953,"template":"","meta":[],"product_brand":[],"product_cat":[340,385,121,224],"product_tag":[472,473,470,409,411],"class_list":{"0":"post-2952","1":"product","2":"type-product","3":"status-publish","4":"has-post-thumbnail","6":"product_cat-deciji-program","7":"product_cat-bebi-oprema","8":"product_cat-higijena-usta-i-zuba","9":"product_cat-kozmetika-za-decu","10":"product_tag-curaprox","11":"product_tag-drzac-za-dude","12":"product_tag-duda-za-bebe","13":"product_tag-kozmetika-za-decu","14":"product_tag-nega-dece","15":"pa_brend-curaprox","17":"first","18":"instock","19":"shipping-taxable","20":"product-type-simple"},"ams_default_variation_id":0,"ams_product_points_reward":[],"ams_product_discount_percentage":0,"ams_price_to_display":0,"ams_acf":[],"jetpack_sharing_enabled":true,"_links":{"self":[{"href":"https:\/\/apotekar-online.rs\/ro\/wp-json\/wp\/v2\/product\/2952","targetHints":{"allow":["GET"]}}],"collection":[{"href":"https:\/\/apotekar-online.rs\/ro\/wp-json\/wp\/v2\/product"}],"about":[{"href":"https:\/\/apotekar-online.rs\/ro\/wp-json\/wp\/v2\/types\/product"}],"wp:featuredmedia":[{"embeddable":true,"href":"https:\/\/apotekar-online.rs\/ro\/wp-json\/wp\/v2\/media\/2953"}],"wp:attachment":[{"href":"https:\/\/apotekar-online.rs\/ro\/wp-json\/wp\/v2\/media?parent=2952"}],"wp:term":[{"taxonomy":"product_brand","embeddable":true,"href":"https:\/\/apotekar-online.rs\/ro\/wp-json\/wp\/v2\/product_brand?post=2952"},{"taxonomy":"product_cat","embeddable":true,"href":"https:\/\/apotekar-online.rs\/ro\/wp-json\/wp\/v2\/product_cat?post=2952"},{"taxonomy":"product_tag","embeddable":true,"href":"https:\/\/apotekar-online.rs\/ro\/wp-json\/wp\/v2\/product_tag?post=2952"}],"curies":[{"name":"wp","href":"https:\/\/api.w.org\/{rel}","templated":true}]}}

<p style="font-weight: 400;">Preveniți căderea și pierderea suzetei - pur și simplu atașați suzeta la hainele bebelușului <b><strong>Suzeta pentru bebelusi Curaprox!</strong></b></p>
<p style="font-weight: 400;">Suportul este atașat de haine cu o clemă și velcro de suzetă.</p>
<p style="font-weight: 400;"><b><strong>Produsul este conform cu standardul european EN 12586.<br />
</strong></b></p>
<p style="font-weight: 400;">Materialele nu conțin bisfenol A (BPA), nitrozamină, ftalați și coloranți AZO.</p>
<p style="font-weight: 400;">Producator: Curaden International AG, Elvetia.</p>
<p><strong>Notă:</strong> Ne străduim să fim cât mai precisi în descrierea tuturor produselor, dar nu putem garanta că toate descrierile sunt complete și fără erori. Multumesc pentru intelegere.<br />
Toate articolele afișate pe site fac parte din oferta noastră, dar nu înseamnă că sunt disponibile în orice moment.</p>
