{"id":2993,"date":"2023-04-25T14:32:02","date_gmt":"2023-04-25T16:32:02","guid":{"rendered":"https:\/\/apotekar-online.rs\/?post_type=product&#038;p=2993"},"modified":"2026-03-05T08:19:39","modified_gmt":"2026-03-05T10:19:39","slug":"frosch-baby-prask-pentru-spalare-1215kg","status":"publish","type":"product","link":"https:\/\/apotekar-online.rs\/ro\/p\/frosch-baby-prasak-za-pranje-1215kg\/","title":{"rendered":"Frosch pudr\u0103 de sp\u0103lat praf 1.215 kg"},"content":{"rendered":"","protected":false},"excerpt":{"rendered":"<p>Detergent praf pentru copii Frosh 1.215 kg<br \/>\n\u2022 Putere mare de spalare chiar si pentru petele incapatanate de pe hainele bebelusului, la temperaturi cuprinse intre 20\u00b0 -95\u00b0C. In special pentru rufele albe, nu este potrivit pentru lana si matase.<br \/>\n\u2022 Formula cu surfactan\u021bi naturali, pe baz\u0103 de plante \u0219i provitamina B5 ofer\u0103 o performan\u021b\u0103 de sp\u0103lare puternic\u0103, dar bl\u00e2nd\u0103.<br \/>\n\u2022 Special dezvoltat pentru nevoile bebelusilor si copiilor, testat dermatologic. Potrivit pentru persoanele alergice, f\u0103r\u0103 coloran\u021bi \u0219i conservan\u021bi. Evitarea parfumurilor reduce riscul de iritare a pielii.<br \/>\n\u2022 Cutie de carton cu mai mult de 80% h\u00e2rtie reciclat\u0103 resigilabil\u0103 - reciclabil\u0103<\/p>\n<p>Ambalare: 1.215 kg<\/p>\n<p><strong>Not\u0103:<\/strong>\u00a0Ne str\u0103duim s\u0103 fim c\u00e2t mai precisi \u00een descrierea tuturor produselor, dar nu putem garanta c\u0103 toate descrierile sunt complete \u0219i f\u0103r\u0103 erori. Multumesc pentru intelegere.<br \/>\nToate articolele afi\u0219ate pe site fac parte din oferta noastr\u0103, dar nu \u00eenseamn\u0103 c\u0103 sunt disponibile \u00een orice moment.<\/p>\n<p>&nbsp;<\/p>","protected":false},"featured_media":2994,"template":"","meta":[],"product_brand":[],"product_cat":[340,385,224],"product_tag":[],"class_list":{"0":"post-2993","1":"product","2":"type-product","3":"status-publish","4":"has-post-thumbnail","6":"product_cat-deciji-program","7":"product_cat-bebi-oprema","8":"product_cat-kozmetika-za-decu","10":"first","11":"instock","12":"shipping-taxable","13":"purchasable","14":"product-type-simple"},"ams_default_variation_id":0,"ams_product_points_reward":[],"ams_product_discount_percentage":0,"ams_price_to_display":820,"ams_acf":[],"jetpack_sharing_enabled":true,"_links":{"self":[{"href":"https:\/\/apotekar-online.rs\/ro\/wp-json\/wp\/v2\/product\/2993","targetHints":{"allow":["GET"]}}],"collection":[{"href":"https:\/\/apotekar-online.rs\/ro\/wp-json\/wp\/v2\/product"}],"about":[{"href":"https:\/\/apotekar-online.rs\/ro\/wp-json\/wp\/v2\/types\/product"}],"wp:featuredmedia":[{"embeddable":true,"href":"https:\/\/apotekar-online.rs\/ro\/wp-json\/wp\/v2\/media\/2994"}],"wp:attachment":[{"href":"https:\/\/apotekar-online.rs\/ro\/wp-json\/wp\/v2\/media?parent=2993"}],"wp:term":[{"taxonomy":"product_brand","embeddable":true,"href":"https:\/\/apotekar-online.rs\/ro\/wp-json\/wp\/v2\/product_brand?post=2993"},{"taxonomy":"product_cat","embeddable":true,"href":"https:\/\/apotekar-online.rs\/ro\/wp-json\/wp\/v2\/product_cat?post=2993"},{"taxonomy":"product_tag","embeddable":true,"href":"https:\/\/apotekar-online.rs\/ro\/wp-json\/wp\/v2\/product_tag?post=2993"}],"curies":[{"name":"wp","href":"https:\/\/api.w.org\/{rel}","templated":true}]}}

Frosch pudră de spălat praf 1.215 kg

<p>Detergent praf pentru copii Frosh 1.215 kg<br />
• Putere mare de spalare chiar si pentru petele incapatanate de pe hainele bebelusului, la temperaturi cuprinse intre 20° -95°C. In special pentru rufele albe, nu este potrivit pentru lana si matase.<br />
• Formula cu surfactanți naturali, pe bază de plante și provitamina B5 oferă o performanță de spălare puternică, dar blândă.<br />
• Special dezvoltat pentru nevoile bebelusilor si copiilor, testat dermatologic. Potrivit pentru persoanele alergice, fără coloranți și conservanți. Evitarea parfumurilor reduce riscul de iritare a pielii.<br />
• Cutie de carton cu mai mult de 80% hârtie reciclată resigilabilă - reciclabilă</p>
<p>Ambalare: 1.215 kg</p>
<p><strong>Notă:</strong> Ne străduim să fim cât mai precisi în descrierea tuturor produselor, dar nu putem garanta că toate descrierile sunt complete și fără erori. Multumesc pentru intelegere.<br />
Toate articolele afișate pe site fac parte din oferta noastră, dar nu înseamnă că sunt disponibile în orice moment.</p>
<p>&nbsp;</p>
